000
CXUS54 KFWD 200730
CF6GLE
PRELIMINARY LOCAL CLIMATOLOGICAL DATA (WS FORM: F-6)

                                          STATION:   GAINESVILLE
                                          MONTH:     OCTOBER
                                          YEAR:      2014
                                          LATITUDE:   33 39 N
                                          LONGITUDE:  97 12 W

  TEMPERATURE IN F:       :PCPN:    SNOW:  WIND      :SUNSHINE: SKY     :PK WND
================================================================================
1   2   3   4   5  6A  6B    7    8   9   10  11  12  13   14  15   16   17  18
                                     12Z  AVG MX 2MIN
DY MAX MIN AVG DEP HDD CDD  WTR  SNW DPTH SPD SPD DIR MIN PSBL S-S WX    SPD DR
================================================================================

 1  90  70  80  10   0  15 0.00  0.0    0 10.3 17 140   M    M   1        23 130
 2  89  60  75   5   0  10 0.18  0.0    0 12.9 21 160   M    M   3 3      30 180
 3  77  49  63  -7   2   0 0.00  0.0    0  9.2 18 320   M    M   0        24 320
 4  77  40  59 -10   6   0 0.00  0.0    0  4.7 13 160   M    M   1         M  M
 5  83  54  69   0   0   4 0.00  0.0    0  7.0 14 160   M    M   0        16 130
 6  84  62  73   5   0   8 0.03  0.0    0  7.4 13 130   M    M   1        20 140
 7  94  64  79  11   0  14 0.00  0.0    0  8.5 15 120   M    M   0        22 140
 8  87  69  78  10   0  13 0.00  0.0    0   M   M   M   M    M   1         M  M
 9  90  71  81  13   0  16 0.00  0.0    0   M   M   M   M    M   4         M  M
10  90  60  75   8   0  10 0.33  0.0    0   M   M   M   M    M   5 3       M  M
11  59  53  56 -11   9   0 0.00  0.0    0   M   M   M   M    M  10 1       M  M
12  74  51  63  -3   2   0 0.03  0.0    0   M   M   M   M    M   5 1       M  M
13  70  55  63  -3   2   0 1.39  0.0    0   M   M   M   M    M   8 18      M  M
14  73  50  62  -4   3   0 0.00  0.0    0   M   M   M   M    M   0         M  M
15  78  46  62  -4   3   0 0.00  0.0    0   M   M   M   M    M   0 8       M  M
16  87  52  70   5   0   5 0.00  0.0    0   M   M   M   M    M   0         M  M
17  80  53  67   2   0   2 0.00  0.0    0   M   M   M   M    M   0 8       M  M
18  75  56  66   2   0   1 0.00  0.0    0   M   M   M   M    M   0         M  M
19  72  51  62  -2   3   0 0.00  0.0    0   M   M   M   M    M   4 8       M  M
================================================================================
SM 1529 1066        30  98  1.96     0.0  60.0          M       43
================================================================================
AV 80.5 56.1                               8.6 FASTST   M    M   2    MAX(MPH)
                                 MISC ---->    21   M                 30    M
================================================================================
NOTES:
# LAST OF SEVERAL OCCURRENCES

COLUMN 17 PEAK WIND IN M.P.H.

PRELIMINARY LOCAL CLIMATOLOGICAL DATA (WS FORM: F-6) , PAGE 2

                                          STATION:  GAINESVILLE
                                          MONTH:    OCTOBER
                                          YEAR:     2014
                                          LATITUDE:   33 39 N
                                          LONGITUDE:  97 12 W

[TEMPERATURE DATA]      [PRECIPITATION DATA]       SYMBOLS USED IN COLUMN 16

AVERAGE MONTHLY: 68.3   TOTAL FOR MONTH:   1.96    1 = FOG OR MIST
DPTR FM NORMAL:   1.1   DPTR FM NORMAL:   -0.70    2 = FOG REDUCING VISIBILITY
HIGHEST:    94 ON  7    GRTST 24HR  1.39 ON 13-13      TO 1/4 MILE OR LESS
LOWEST:     40 ON  4                               3 = THUNDER
                        SNOW, ICE PELLETS, HAIL    4 = ICE PELLETS
                        TOTAL MONTH:   0.0 INCH    5 = HAIL
                        GRTST 24HR     0.0         6 = FREEZING RAIN OR DRIZZLE
                        GRTST DEPTH:   0           7 = DUSTSTORM OR SANDSTORM:
                                                       VSBY 1/2 MILE OR LESS
                                                   8 = SMOKE OR HAZE
[NO. OF DAYS WITH]      [WEATHER - DAYS WITH]      9 = BLOWING SNOW
                                                   X = TORNADO
MAX 32 OR BELOW:   0    0.01 INCH OR MORE:   5
MAX 90 OR ABOVE:   4    0.10 INCH OR MORE:   3
MIN 32 OR BELOW:   0    0.50 INCH OR MORE:   1
MIN  0 OR BELOW:   0    1.00 INCH OR MORE:   1

[HDD (BASE 65) ]
TOTAL THIS MO.    30    CLEAR  (SCALE 0-3)  13
DPTR FM NORMAL   -10    PTCLDY (SCALE 4-7)   5
TOTAL FM JUL 1    37    CLOUDY (SCALE 8-10)  1
DPTR FM NORMAL   -14

[CDD (BASE 65) ]
TOTAL THIS MO.    98
DPTR FM NORMAL    17    [PRESSURE DATA]
TOTAL FM JAN 1  1999    HIGHEST SLP M ON M
DPTR FM NORMAL  -177    LOWEST  SLP M ON M

[REMARKS]
