033
CXUS54 KJAN 261414
CF6GLH
PRELIMINARY LOCAL CLIMATOLOGICAL DATA (WS FORM: F-6)

                                          STATION:   GREENVILLE
                                          MONTH:     FEBRUARY
                                          YEAR:      2017
                                          LATITUDE:   33 29 N
                                          LONGITUDE:  90 59 W

  TEMPERATURE IN F:       :PCPN:    SNOW:  WIND      :SUNSHINE: SKY     :PK WND
================================================================================
1   2   3   4   5  6A  6B    7    8   9   10  11  12  13   14  15   16   17  18
                                     12Z  AVG MX 2MIN
DY MAX MIN AVG DEP HDD CDD  WTR  SNW DPTH SPD SPD DIR MIN PSBL S-S WX    SPD DR
================================================================================

 1  74  49  62  19   3   0 0.00  0.0    0 10.5 24 210   M    M   3        31 210
 2  55  38  47   4  18   0 0.23  0.0    0 14.2 23  30   M    M  10 1      31  30
 3  47  33  40  -4  25   0 0.00  0.0    0 12.6 21 360   M    M   5        24 360
 4  52  29  41  -3  24   0 0.01  0.0    0  6.8 17 320   M    M   5        21 310
 5  53  43  48   4  17   0 1.76  0.0    0  6.4 14 170   M    M  10 13     16 170
 6  71  52  62  18   3   0    T  0.0    0 13.5 24 200   M    M   8 18     28 200
 7  79  58  69  25   0   4    T  0.0    0 12.0 24 180   M    M   5        29 180
 8  77  42  60  15   5   0 0.00  0.0    0 13.5 29  10   M    M   2 128    36  10
 9  48  32  40  -5  25   0 0.00  0.0    0  8.9 22  10   M    M   0        27 360
10  70  34  52   7  13   0 0.00  0.0    0 11.5 23 200   M    M   1        29 180
11  81  61  71  26   0   6 0.00  0.0    0 15.4 30 210   M    M   6        39 210
12  74  50  62  16   3   0    T  0.0    0 13.0 23  20   M    M   7 18     29  10
13  61  43  52   6  13   0 0.00  0.0    0 10.0 22  50   M    M   2        27  50
14  59  44  52   6  13   0 0.07  0.0    0 10.3 25 280   M    M  10 13     31 280
15  57  36  47   0  18   0    T  0.0    0 10.0 20 320   M    M   4 18     24 310
16  62  32  47   0  18   0 0.00  0.0    0  5.9 14 230   M    M   0        17 210
17  66  37  52   5  13   0    T  0.0    0  9.2 17 190   M    M   2        21 190
18  64  49  57  10   8   0 0.00  0.0    0  5.3 12 180   M    M   8        14 160
19  77  47  62  14   3   0 0.00  0.0    0  6.0 13 140   M    M   1 1      18 160
20  79  55  67  19   0   2 0.05  0.0    0  8.8 18 250   M    M   2 18     23 240
21  67  50  59  11   6   0 0.07  0.0    0  6.8 15 220   M    M   8 12     19 270
22  67  49  58   9   7   0 0.00  0.0    0  4.3 10 320   M    M   7 12     12 320
23  76  50  63  14   2   0 0.00  0.0    0  9.7 18 190   M    M   1 12     23 190
24  75  53  64  15   1   0 0.00  0.0    0 14.2 26 210   M    M   4 18     34 200
25  53  34  44  -6  21   0 0.00  0.0    0  9.4 24 320   M    M   0        32 310
================================================================================
SM 1644 1100       259  12  2.19     0.0 248.2          M      111
================================================================================
AV 65.8 44.0                               9.9 FASTST   M    M   4    MAX(MPH)
                                 MISC ---->  # 30 210               # 39  210
================================================================================
NOTES:
# LAST OF SEVERAL OCCURRENCES

COLUMN 17 PEAK WIND IN M.P.H.

PRELIMINARY LOCAL CLIMATOLOGICAL DATA (WS FORM: F-6) , PAGE 2

                                          STATION:  GREENVILLE
                                          MONTH:    FEBRUARY
                                          YEAR:     2017
                                          LATITUDE:   33 29 N
                                          LONGITUDE:  90 59 W

[TEMPERATURE DATA]      [PRECIPITATION DATA]       SYMBOLS USED IN COLUMN 16

AVERAGE MONTHLY: 54.9   TOTAL FOR MONTH:   2.19    1 = FOG OR MIST
DPTR FM NORMAL:   8.8   DPTR FM NORMAL:   -2.41    2 = FOG REDUCING VISIBILITY
HIGHEST:    81 ON 11    GRTST 24HR  1.77 ON  4- 5      TO 1/4 MILE OR LESS
LOWEST:     29 ON  4                               3 = THUNDER
                        SNOW, ICE PELLETS, HAIL    4 = ICE PELLETS
                        TOTAL MONTH:   0.0 INCH    5 = HAIL
                        GRTST 24HR     0.0         6 = FREEZING RAIN OR DRIZZLE
                        GRTST DEPTH:   0           7 = DUSTSTORM OR SANDSTORM:
                                                       VSBY 1/2 MILE OR LESS
                                                   8 = SMOKE OR HAZE
[NO. OF DAYS WITH]      [WEATHER - DAYS WITH]      9 = BLOWING SNOW
                                                   X = TORNADO
MAX 32 OR BELOW:   0    0.01 INCH OR MORE:   6
MAX 90 OR ABOVE:   0    0.10 INCH OR MORE:   2
MIN 32 OR BELOW:   3    0.50 INCH OR MORE:   1
MIN  0 OR BELOW:   0    1.00 INCH OR MORE:   1

[HDD (BASE 65) ]
TOTAL THIS MO.   259    CLEAR  (SCALE 0-3)  11
DPTR FM NORMAL  -217    PTCLDY (SCALE 4-7)  11
TOTAL FM JUL 1  1508    CLOUDY (SCALE 8-10)  3
DPTR FM NORMAL  -757

[CDD (BASE 65) ]
TOTAL THIS MO.    12
DPTR FM NORMAL    12    [PRESSURE DATA]
TOTAL FM JAN 1    23    HIGHEST SLP M ON M
DPTR FM NORMAL    22    LOWEST  SLP 29.64 ON  7

[REMARKS]
