000
CXUS54 KJAN 011200
CF6GLH
PRELIMINARY LOCAL CLIMATOLOGICAL DATA (WS FORM: F-6)

                                          STATION:   GREENVILLE
                                          MONTH:     AUGUST
                                          YEAR:      2015
                                          LATITUDE:   33 29 N
                                          LONGITUDE:  90 59 W

  TEMPERATURE IN F:       :PCPN:    SNOW:  WIND      :SUNSHINE: SKY     :PK WND
================================================================================
1   2   3   4   5  6A  6B    7    8   9   10  11  12  13   14  15   16   17  18
                                     12Z  AVG MX 2MIN
DY MAX MIN AVG DEP HDD CDD  WTR  SNW DPTH SPD SPD DIR MIN PSBL S-S WX    SPD DR
================================================================================

 1  95  66  81  -1   0  16 0.00  0.0    0  4.5 14  40   M    M   0        16  60
 2  96  68  82   0   0  17 0.00  0.0    0  3.0 10 350   M    M   0        13 360
 3  97  70  84   2   0  19 0.00  0.0    0  2.7 10  40   M    M   0        13  40
 4  99  71  85   3   0  20 0.00  0.0    0  1.4  9 230   M    M   0        12 220
 5  98  77  88   6   0  23 0.00  0.0    0  7.4 16 210   M    M   1        21 210
 6  97  79  88   6   0  23    T  0.0    0 10.3 18 210   M    M   1 3      24 220
 7  98  77  88   6   0  23 0.00  0.0    0  6.9 15 240   M    M   2        20 240
 8  98  75  87   5   0  22 0.00  0.0    0  9.0 17 270   M    M   2 3      22 250
 9  99  73  86   4   0  21 0.00  0.0    0  3.5  9  80   M    M   0 18     12  70
10  99  75  87   5   0  22 0.00  0.0    0  3.7 13  10   M    M   0 18     17  10
11  97  76  87   5   0  22 0.00  0.0    0  5.0 24 360   M    M   3 1      30 350
12  93  71  82   0   0  17 0.00  0.0    0  7.4 14 350   M    M   1 8      18 360
13  90  66  78  -4   0  13 0.00  0.0    0  6.6 13  50   M    M   0 18     16 360
14  91  63  77  -5   0  12 0.00  0.0    0  6.3 14 360   M    M   0 18     19  30
15  95  70  83   1   0  18 0.00  0.0    0  6.7 28  70   M    M   2 8      35  60
16  93  68  81  -1   0  16 1.11  0.0    0  6.0 21 110   M    M   2 138    27 120
17  90  73  82   0   0  17 0.00  0.0    0  4.6 16 160   M    M   2 1      21 160
18  94  72  83   1   0  18    T  0.0    0  8.9 25 170   M    M   2 18     30 170
19  88  73  81  -1   0  16 0.32  0.0    0  9.9 26 320   M    M   3 13     36 320
20  77  69  73  -8   0   8    T  0.0    0  6.7 13 360   M    M   9 1      16 360
21  86  71  79  -2   0  14 0.01  0.0    0   M   M   M   M    M   8 1       M  M
22  90  74  82   1   0  17 0.24  0.0    0   M   M   M   M    M   4 3       M  M
23  92  72  82   1   0  17 0.00  0.0    0   M   M   M   M    M   5         M  M
24  88  67  78  -3   0  13 0.08  0.0    0   M   M   M   M    M   0 3       M  M
25  86  63  75  -6   0  10 0.00  0.0    0   M   M   M   M    M   0         M  M
26  87  60  74  -7   0   9 0.00  0.0    0   M  14  30   M    M   0         M  M
27  86  56  71 -10   0   6 0.00  0.0    0  6.6 16  10   M    M   0 18     21  30
28  91  57  74  -6   0   9 0.00  0.0    0   M   M   M   M    M   0 18      M  M
29  95  63  79  -1   0  14 0.00  0.0    0  2.1  9  10   M    M   1 18     12 350
30  95  69  82   2   0  17 0.00  0.0    0  5.0 12 170   M    M   1 18     13 160
31  96  69  83   3   0  18    T  0.0    0  4.0 13 140   M    M   1 18     17 140
================================================================================
SM 2876 2153         0 507  1.76     0.0 138.2          M       50
================================================================================
AV 92.8 69.5                               5.8 FASTST   M    M   2    MAX(MPH)
                                 MISC ---->  # 28  70               # 36  320
================================================================================
NOTES:
# LAST OF SEVERAL OCCURRENCES

COLUMN 17 PEAK WIND IN M.P.H.

PRELIMINARY LOCAL CLIMATOLOGICAL DATA (WS FORM: F-6) , PAGE 2

                                          STATION:  GREENVILLE
                                          MONTH:    AUGUST
                                          YEAR:     2015
                                          LATITUDE:   33 29 N
                                          LONGITUDE:  90 59 W

[TEMPERATURE DATA]      [PRECIPITATION DATA]       SYMBOLS USED IN COLUMN 16

AVERAGE MONTHLY: 81.1   TOTAL FOR MONTH:   1.76    1 = FOG OR MIST
DPTR FM NORMAL:  -0.4   DPTR FM NORMAL:   -0.70    2 = FOG REDUCING VISIBILITY
HIGHEST:    99 ON 10, 9 GRTST 24HR  1.11 ON 16-16      TO 1/4 MILE OR LESS
LOWEST:     56 ON 27                               3 = THUNDER
                        SNOW, ICE PELLETS, HAIL    4 = ICE PELLETS
                        TOTAL MONTH:   0.0 INCH    5 = HAIL
                        GRTST 24HR     0.0         6 = FREEZING RAIN OR DRIZZLE
                        GRTST DEPTH:   0           7 = DUSTSTORM OR SANDSTORM:
                                                       VSBY 1/2 MILE OR LESS
                                                   8 = SMOKE OR HAZE
[NO. OF DAYS WITH]      [WEATHER - DAYS WITH]      9 = BLOWING SNOW
                                                   X = TORNADO
MAX 32 OR BELOW:   0    0.01 INCH OR MORE:   5
MAX 90 OR ABOVE:  24    0.10 INCH OR MORE:   3
MIN 32 OR BELOW:   0    0.50 INCH OR MORE:   1
MIN  0 OR BELOW:   0    1.00 INCH OR MORE:   1

[HDD (BASE 65) ]
TOTAL THIS MO.     0    CLEAR  (SCALE 0-3)  27
DPTR FM NORMAL     0    PTCLDY (SCALE 4-7)   3
TOTAL FM JUL 1     0    CLOUDY (SCALE 8-10)  1
DPTR FM NORMAL     0

[CDD (BASE 65) ]
TOTAL THIS MO.   507
DPTR FM NORMAL    -3    [PRESSURE DATA]
TOTAL FM JAN 1  1964    HIGHEST SLP 30.12 ON 27
DPTR FM NORMAL   185    LOWEST  SLP 29.80 ON  7

[REMARKS]
