000
CXUS53 KGRB 190654
CF6GRB
PRELIMINARY LOCAL CLIMATOLOGICAL DATA (WS FORM: F-6)

                                          STATION:   GREEN BAY WI
                                          MONTH:     NOVEMBER
                                          YEAR:      2017
                                          LATITUDE:   44 28 N
                                          LONGITUDE:  88  8 W

  TEMPERATURE IN F:       :PCPN:    SNOW:  WIND      :SUNSHINE: SKY     :PK WND
================================================================================
1   2   3   4   5  6A  6B    7    8   9   10  11  12  13   14  15   16   17  18
                                     12Z  AVG MX 2MIN
DY MAX MIN AVG DEP HDD CDD  WTR  SNW DPTH SPD SPD DIR MIN PSBL S-S WX    SPD DR
================================================================================

 1  43  25  34  -7  31   0 0.23  0.0    0  6.9 17 170   M    M   6 1      21 170
 2  47  38  43   2  22   0 0.03  0.0    0  6.4 16 300   M    M   9 1      21 310
 3  45  32  39  -1  26   0 0.00  0.0    0  8.0 17  60   M    M   6        22 300
 4  44  38  41   1  24   0 0.05  0.0    0  8.7 17 100   M    M  10 1      24  90
 5  49  34  42   2  23   0 0.00  0.0    0  8.5 17 320   M    M  10 1      24 310
 6  40  28  34  -5  31   0 0.00  0.0    0  7.6 14 270   M    M   5        18 300
 7  41  27  34  -5  31   0 0.00  0.0    0  5.7 14 290   M    M   2        17 280
 8  38  23  31  -7  34   0 0.00  0.0    0  6.9 16 250   M    M   2        20 240
 9  37  15  26 -12  39   0 0.01    T    0 14.8 29 300   M    M   5        36 300
10  28  11  20 -17  45   0    T    T    0  7.3 13  10   M    M   4        15 330
11  32  27  30  -7  35   0 0.09  0.6    0  6.9 21 190   M    M  10 16     28 190
12  43  20  32  -4  33   0 0.00  0.0    T  2.2  7 260   M    M   4 1       9 300
13  42  26  34  -2  31   0 0.00  0.0    0  5.6 10 270   M    M   2        13 290
14  44  33  39   4  26   0    T  0.0    0  8.5 15 180   M    M  10 1      21 210
15  47  35  41   6  24   0 0.26  0.0    0 13.4 28 280   M    M  10 1      34 280
16  39  32  36   2  29   0 0.00  0.0    0 10.2 22 330   M    M   9        28 320
17  41  32  37   3  28   0 0.40  0.0    0  8.1 23 170   M    M  10 1      29 170
18  39  32  36   3  29   0    T    T    0 11.9 22 340   M    M  10 1      29 320
================================================================================
SM  739  508       541   0  1.07     0.6 147.6          M      124
================================================================================
AV 41.1 28.2                               8.2 FASTST   M    M   7    MAX(MPH)
                                 MISC ---->  # 29 300               # 36  300
================================================================================
NOTES:
# LAST OF SEVERAL OCCURRENCES

COLUMN 17 PEAK WIND IN M.P.H.

PRELIMINARY LOCAL CLIMATOLOGICAL DATA (WS FORM: F-6) , PAGE 2

                                          STATION:  GREEN BAY WI
                                          MONTH:    NOVEMBER
                                          YEAR:     2017
                                          LATITUDE:   44 28 N
                                          LONGITUDE:  88  8 W

[TEMPERATURE DATA]      [PRECIPITATION DATA]       SYMBOLS USED IN COLUMN 16

AVERAGE MONTHLY: 34.6   TOTAL FOR MONTH:   1.07    1 = FOG OR MIST
DPTR FM NORMAL:  -2.8   DPTR FM NORMAL:   -0.23    2 = FOG REDUCING VISIBILITY
HIGHEST:    49 ON  5    GRTST 24HR  0.40 ON 17-17      TO 1/4 MILE OR LESS
LOWEST:     11 ON 10                               3 = THUNDER
                        SNOW, ICE PELLETS, HAIL    4 = ICE PELLETS
                        TOTAL MONTH:   0.6 INCH    5 = HAIL
                        GRTST 24HR   0.6 ON 11-11  6 = FREEZING RAIN OR DRIZZLE
                        GRTST DEPTH:   T           7 = DUSTSTORM OR SANDSTORM:
                                                       VSBY 1/2 MILE OR LESS
                                                   8 = SMOKE OR HAZE
[NO. OF DAYS WITH]      [WEATHER - DAYS WITH]      9 = BLOWING SNOW
                                                   X = TORNADO
MAX 32 OR BELOW:   2    0.01 INCH OR MORE:   7
MAX 90 OR ABOVE:   0    0.10 INCH OR MORE:   3
MIN 32 OR BELOW:  13    0.50 INCH OR MORE:   0
MIN  0 OR BELOW:   0    1.00 INCH OR MORE:   0

[HDD (BASE 65) ]
TOTAL THIS MO.   541    CLEAR  (SCALE 0-3)   3
DPTR FM NORMAL    44    PTCLDY (SCALE 4-7)   6
TOTAL FM JUL 1  1078    CLOUDY (SCALE 8-10)  9
DPTR FM NORMAL  -245

[CDD (BASE 65) ]
TOTAL THIS MO.     0
DPTR FM NORMAL     0    [PRESSURE DATA]
TOTAL FM JAN 1   477    HIGHEST SLP M ON M
DPTR FM NORMAL    79    LOWEST  SLP 29.56 ON 18

[REMARKS]
