000
CXUS53 KGID 220730
CF6GRI
PRELIMINARY LOCAL CLIMATOLOGICAL DATA (WS FORM: F-6)

                                          STATION:   GRAND ISLAND NE
                                          MONTH:     SEPTEMBER
                                          YEAR:      2017
                                          LATITUDE:   40 58 N
                                          LONGITUDE:  98 19 W

  TEMPERATURE IN F:       :PCPN:    SNOW:  WIND      :SUNSHINE: SKY     :PK WND
================================================================================
1   2   3   4   5  6A  6B    7    8   9   10  11  12  13   14  15   16   17  18
                                     12Z  AVG MX 2MIN
DY MAX MIN AVG DEP HDD CDD  WTR  SNW DPTH SPD SPD DIR MIN PSBL S-S WX    SPD DR
================================================================================

 1  73  63  68  -3   0   3    T  0.0    0 10.2 16 140   M    M   3        21 140
 2  87  61  74   3   0   9 0.00  0.0    0  6.9 16 360   M    M   0 1      20 340
 3  92  58  75   5   0  10 0.00  0.0    0 10.4 20 200   M    M   0 1      29 220
 4  79  56  68  -2   0   3 0.00  0.0    0  9.8 17 360   M    M   1 18     25 350
 5  72  46  59 -11   6   0 0.00  0.0    0 10.7 25 350   M    M   0        41 320
 6  73  42  58 -11   7   0 0.00  0.0    0  7.0 18 350   M    M   0        28 340
 7  82  47  65  -4   0   0 0.00  0.0    0  6.2 14 170   M    M   0        18 180
 8  85  55  70   2   0   5 0.00  0.0    0  7.6 14 130   M    M   0        19 120
 9  79  60  70   2   0   5 0.02  0.0    0 12.3 22 120   M    M   2 13     30 170
10  85  61  73   5   0   8 0.11  0.0    0 16.1 28 190   M    M   2 13     38 210
11  85  59  72   5   0   7 0.00  0.0    0  9.3 17 190   M    M   0        22 190
12  86  56  71   4   0   6 0.00  0.0    0  6.8 13 140   M    M   0        24 160
13  89  56  73   7   0   8 0.00  0.0    0  9.0 17 210   M    M   1        21 210
14  93  62  78  12   0  13 0.00  0.0    0 12.8 21 210   M    M   0        27 210
15  94  64  79  13   0  14 0.16  0.0    0 12.6 31 190   M    M   1 13     39 190
16  70  48  59  -6   6   0 0.00  0.0    0 11.6 28 350   M    M   6 1      34 350
17  68  44  56  -9   9   0    T  0.0    0  7.4 14 110   M    M   4        18  90
18  78  59  69   5   0   4 0.52  0.0    0  5.6 14 150   M    M   6 123    17 150
19  88  63  76  12   0  11 0.00  0.0    0 15.3 26 160   M    M   0 1      36 140
20  78  51  65   2   0   0 0.00  0.0    0  7.7 20 330   M    M   0        24 310
21  92  51  72   9   0   7 0.00  0.0    0 12.8 25 170   M    M   0        35 150
================================================================================
SM 1728 1162        28 113  0.81     0.0 208.1          M       26
================================================================================
AV 82.3 55.3                               9.9 FASTST   M    M   1    MAX(MPH)
                                 MISC ---->  # 31 190               # 41  320
================================================================================
NOTES:
# LAST OF SEVERAL OCCURRENCES

COLUMN 17 PEAK WIND IN M.P.H.

PRELIMINARY LOCAL CLIMATOLOGICAL DATA (WS FORM: F-6) , PAGE 2

                                          STATION:  GRAND ISLAND NE
                                          MONTH:    SEPTEMBER
                                          YEAR:     2017
                                          LATITUDE:   40 58 N
                                          LONGITUDE:  98 19 W

[TEMPERATURE DATA]      [PRECIPITATION DATA]       SYMBOLS USED IN COLUMN 16

AVERAGE MONTHLY: 68.8   TOTAL FOR MONTH:   0.81    1 = FOG OR MIST
DPTR FM NORMAL:   1.7   DPTR FM NORMAL:   -0.79    2 = FOG REDUCING VISIBILITY
HIGHEST:    94 ON 15    GRTST 24HR  0.52 ON 18-18      TO 1/4 MILE OR LESS
LOWEST:     42 ON  6                               3 = THUNDER
                        SNOW, ICE PELLETS, HAIL    4 = ICE PELLETS
                        TOTAL MONTH:   0.0 INCH    5 = HAIL
                        GRTST 24HR     0.0         6 = FREEZING RAIN OR DRIZZLE
                        GRTST DEPTH:   0           7 = DUSTSTORM OR SANDSTORM:
                                                       VSBY 1/2 MILE OR LESS
                                                   8 = SMOKE OR HAZE
[NO. OF DAYS WITH]      [WEATHER - DAYS WITH]      9 = BLOWING SNOW
                                                   X = TORNADO
MAX 32 OR BELOW:   0    0.01 INCH OR MORE:   4
MAX 90 OR ABOVE:   4    0.10 INCH OR MORE:   3
MIN 32 OR BELOW:   0    0.50 INCH OR MORE:   1
MIN  0 OR BELOW:   0    1.00 INCH OR MORE:   0

[HDD (BASE 65) ]
TOTAL THIS MO.    28    CLEAR  (SCALE 0-3)  17
DPTR FM NORMAL   -23    PTCLDY (SCALE 4-7)   4
TOTAL FM JUL 1    32    CLOUDY (SCALE 8-10)  0
DPTR FM NORMAL   -29

[CDD (BASE 65) ]
TOTAL THIS MO.   113
DPTR FM NORMAL    19    [PRESSURE DATA]
TOTAL FM JAN 1  1024    HIGHEST SLP M ON M
DPTR FM NORMAL    16    LOWEST  SLP 29.43 ON 19

[REMARKS]
