000
CXUS53 KIWX 290800
CF6GSH
PRELIMINARY LOCAL CLIMATOLOGICAL DATA (WS FORM: F-6)

                                          STATION:   GOSHEN
                                          MONTH:     AUGUST
                                          YEAR:      2016
                                          LATITUDE:   41 31 N
                                          LONGITUDE:  85 47 W

  TEMPERATURE IN F:       :PCPN:    SNOW:  WIND      :SUNSHINE: SKY     :PK WND
================================================================================
1   2   3   4   5  6A  6B    7    8   9   10  11  12  13   14  15   16   17  18
                                     12Z  AVG MX 2MIN
DY MAX MIN AVG DEP HDD CDD  WTR  SNW DPTH SPD SPD DIR MIN PSBL S-S WX    SPD DR
================================================================================

 1  88  62  75   4   0  10 0.00  0.0    0  3.1  9  30   M    M   2 128    15  60
 2  90  61  76   5   0  11 0.00  0.0    0  2.0  9 340   M    M   1        12 340
 3  92  62  77   6   0  12 0.00  0.0    0  3.4  9 130   M    M   0 18     13 190
 4  93  63  78   7   0  13 0.00  0.0    0  3.9 10 220   M    M   0        13 180
 5  86  66  76   5   0  11    T  0.0    0  7.6 16 270   M    M   4 18     21 260
 6  86  60  73   2   0   8 0.00  0.0    0  4.8 17 350   M    M   4        22 360
 7  87  56  72   1   0   7 0.00  0.0    0  5.5 14  40   M    M   1        17  60
 8  88  63  76   5   0  11 0.00  0.0    0  7.5 16  90   M    M   0        20 130
 9  90  60  75   4   0  10 0.00  0.0    0  2.4 10 270   M    M   1        17 260
10  94  64  79   8   0  14 0.00  0.0    0  3.1 10 160   M    M   2        13 200
11  94  75  85  15   0  20    T  0.0    0  9.8 20 240   M    M   4        26 220
12  92  76  84  14   0  19    T  0.0    0  9.4 20 190   M    M   4 138    25 190
13  89  68  79   9   0  14 0.04  0.0    0  9.5 22 300   M    M   6 1      28 300
14  84  67  76   6   0  11 0.00  0.0    0  4.1 14 270   M    M   3 18     16 210
15  76  64  70   0   0   5 1.26  0.0    0  6.9 21 190   M    M   7 18     29 180
16  83  70  77   7   0  12 0.81  0.0    0  9.6 24 190   M    M   6 1      31 190
17  87  68  78   8   0  13    T  0.0    0  5.5 17 260   M    M   4 123    23  40
18  82  68  75   5   0  10 0.26  0.0    0  4.2 20 250   M    M   4 1238   23 250
19  83  68  76   6   0  11    T  0.0    0  5.5 23 340   M    M   1 3      30 340
20  81  65  73   3   0   8 0.63  0.0    0 10.0 23 170   M    M   5 13     30 200
21  73  57  65  -5   0   0 0.00  0.0    0 10.5 22 280   M    M   1        25 260
22  77  54  66  -4   0   1 0.00  0.0    0  2.6 12 230   M    M   2 1      14 240
23  80  56  68  -2   0   3 0.00  0.0    0  6.3 16 180   M    M   2        20 180
24  80  65  73   4   0   8 0.06  0.0    0 10.6 22 210   M    M   5 1      28 210
25  82  69  76   7   0  11 0.01  0.0    0  7.1 20 270   M    M   3 1      23 280
26  84  63  74   5   0   9    T  0.0    0  1.9  7  30   M    M   3 128     9  20
27  83  69  76   7   0  11 1.08  0.0    0  5.7 22 280   M    M   3 13     30 170
28  86  67  77   8   0  12 0.08  0.0    0  2.9 14 340   M    M   3 13     19 350
================================================================================
SM 2390 1806         0 285  4.23     0.0 165.4          M       81
================================================================================
AV 85.4 64.5                               5.9 FASTST   M    M   3    MAX(MPH)
                                 MISC ---->  # 24 190               # 31  190
================================================================================
NOTES:
# LAST OF SEVERAL OCCURRENCES

COLUMN 17 PEAK WIND IN M.P.H.

PRELIMINARY LOCAL CLIMATOLOGICAL DATA (WS FORM: F-6) , PAGE 2

                                          STATION:  GOSHEN
                                          MONTH:    AUGUST
                                          YEAR:     2016
                                          LATITUDE:   41 31 N
                                          LONGITUDE:  85 47 W

[TEMPERATURE DATA]      [PRECIPITATION DATA]       SYMBOLS USED IN COLUMN 16

AVERAGE MONTHLY: 74.9   TOTAL FOR MONTH:   4.23    1 = FOG OR MIST
DPTR FM NORMAL:   4.8   DPTR FM NORMAL:   -0.03    2 = FOG REDUCING VISIBILITY
HIGHEST:    94 ON 11,10 GRTST 24HR  2.07 ON 15-16      TO 1/4 MILE OR LESS
LOWEST:     54 ON 22                               3 = THUNDER
                        SNOW, ICE PELLETS, HAIL    4 = ICE PELLETS
                        TOTAL MONTH:   0.0 INCH    5 = HAIL
                        GRTST 24HR     0.0         6 = FREEZING RAIN OR DRIZZLE
                        GRTST DEPTH:   0           7 = DUSTSTORM OR SANDSTORM:
                                                       VSBY 1/2 MILE OR LESS
                                                   8 = SMOKE OR HAZE
[NO. OF DAYS WITH]      [WEATHER - DAYS WITH]      9 = BLOWING SNOW
                                                   X = TORNADO
MAX 32 OR BELOW:   0    0.01 INCH OR MORE:   9
MAX 90 OR ABOVE:   7    0.10 INCH OR MORE:   5
MIN 32 OR BELOW:   0    0.50 INCH OR MORE:   4
MIN  0 OR BELOW:   0    1.00 INCH OR MORE:   2

[HDD (BASE 65) ]
TOTAL THIS MO.     0    CLEAR  (SCALE 0-3)  17
DPTR FM NORMAL    -4    PTCLDY (SCALE 4-7)  11
TOTAL FM JUL 1     6    CLOUDY (SCALE 8-10)  0
DPTR FM NORMAL    -4

[CDD (BASE 65) ]
TOTAL THIS MO.   285
DPTR FM NORMAL   128    [PRESSURE DATA]
TOTAL FM JAN 1   834    HIGHEST SLP M ON M
DPTR FM NORMAL   255    LOWEST  SLP 29.58 ON 20

[REMARKS]
