000
CXUS54 KAMA 261015
CF6GUY
PRELIMINARY LOCAL CLIMATOLOGICAL DATA (WS FORM: F-6)

                                          STATION:   GUYMON
                                          MONTH:     APRIL
                                          YEAR:      2017
                                          LATITUDE:   36 41 N
                                          LONGITUDE: 101 30 W

  TEMPERATURE IN F:       :PCPN:    SNOW:  WIND      :SUNSHINE: SKY     :PK WND
================================================================================
1   2   3   4   5  6A  6B    7    8   9   10  11  12  13   14  15   16   17  18
                                     12Z  AVG MX 2MIN
DY MAX MIN AVG DEP HDD CDD  WTR  SNW DPTH SPD SPD DIR MIN PSBL S-S WX    SPD DR
================================================================================

 1  44  39  42  -9  23   0 0.63  0.0    0 13.5 23  10   M    M   9 13     28  30
 2  60  40  50  -1  15   0 0.00  0.0    0  5.0 13 340   M    M   5        15 130
 3  70  40  55   3  10   0 0.03    M    0 10.0 25 340   M    M   4        31 350
 4  51  33  42 -10  23   0 0.92  2.0    0 15.4 26  30   M    M   8 1      33  30
 5  59  36  48  -4  17   0 0.00  0.0    0 13.8 24 320   M    M   1        35 320
 6  69  31  50  -2  15   0 0.00  0.0    0  6.4 13 120   M    M   0        17 120
 7  83  41  62   9   3   0 0.00  0.0    0 15.9 29 200   M    M   0        37 190
 8  89  49  69  16   0   4 0.00  0.0    0 11.6 23 240   M    M   0        29 240
 9  84  47  66  13   0   1 0.00  0.0    0 15.3 32 220   M    M   0        49 220
10  68  38  53  -1  12   0 0.00  0.0    0  8.3 25 360   M    M   0        29 360
11  75  37  56   2   9   0 0.00  0.0    0 11.7 22 180   M    M   0        28 180
12  75  51  63   9   2   0 0.00  0.0    0 14.9 26 200   M    M   0        33 200
13  74  56  65  11   0   0    T  0.0    0 12.2 22 130   M    M   6        30 130
14  84  59  72  17   0   7 0.00  0.0    0 22.2 35 210   M    M   4        43 180
15  86  55  71  16   0   6 0.00  0.0    0 13.8 40 210   M    M   0        52 210
16  67  45  56   1   9   0 0.00  0.0    0 12.4 25  20   M    M   7 1      30  30
17  78  54  66  10   0   1    T  0.0    0 10.9 35 200   M    M   7 12     43 190
18  89  56  73  17   0   8 0.00  0.0    0 14.6 26 190   M    M   0        35 190
19  91  59  75  19   0  10    T  0.0    0 16.8 35  30   M    M   0        44  30
20  73  54  64   7   1   0 0.00  0.0    0 15.5 30  40   M    M   4        39  30
21  56  43  50  -7  15   0 0.24    M    0 16.2 31  70   M    M   8 13     40  80
22  60  36  48  -9  17   0 0.00  0.0    0 10.9 22  10   M    M   5 1      27  20
23  72  31  52  -6  13   0 0.00  0.0    0 13.7 25 180   M    M   0        34 180
24  88  51  70  12   0   5 0.00  0.0    0 13.3 25 240   M    M   0        30 220
25  63  48  56  -2   9   0 0.10  0.0    0 12.7 26 350   M    M   5 1      34 350
================================================================================
SM 1808 1129       193  42  1.92     2.0 327.0          M       73
================================================================================
AV 72.3 45.2                              13.1 FASTST   M    M   3    MAX(MPH)
                                 MISC ---->  # 40 210               # 52  210
================================================================================
NOTES:
# LAST OF SEVERAL OCCURRENCES

COLUMN 17 PEAK WIND IN M.P.H.

PRELIMINARY LOCAL CLIMATOLOGICAL DATA (WS FORM: F-6) , PAGE 2

                                          STATION:  GUYMON
                                          MONTH:    APRIL
                                          YEAR:     2017
                                          LATITUDE:   36 41 N
                                          LONGITUDE: 101 30 W

[TEMPERATURE DATA]      [PRECIPITATION DATA]       SYMBOLS USED IN COLUMN 16

AVERAGE MONTHLY: 58.7   TOTAL FOR MONTH:   1.92    1 = FOG OR MIST
DPTR FM NORMAL:   4.2   DPTR FM NORMAL:    0.67    2 = FOG REDUCING VISIBILITY
HIGHEST:    91 ON 19    GRTST 24HR  0.92 ON  4- 4      TO 1/4 MILE OR LESS
LOWEST:     31 ON 23, 6                            3 = THUNDER
                        SNOW, ICE PELLETS, HAIL    4 = ICE PELLETS
                        TOTAL MONTH:   2.0 INCHES  5 = HAIL
                        GRTST 24HR   2.0 ON  4- 4  6 = FREEZING RAIN OR DRIZZLE
                        GRTST DEPTH:   0           7 = DUSTSTORM OR SANDSTORM:
                                                       VSBY 1/2 MILE OR LESS
                                                   8 = SMOKE OR HAZE
[NO. OF DAYS WITH]      [WEATHER - DAYS WITH]      9 = BLOWING SNOW
                                                   X = TORNADO
MAX 32 OR BELOW:   0    0.01 INCH OR MORE:   5
MAX 90 OR ABOVE:   1    0.10 INCH OR MORE:   4
MIN 32 OR BELOW:   2    0.50 INCH OR MORE:   2
MIN  0 OR BELOW:   0    1.00 INCH OR MORE:   0

[HDD (BASE 65) ]
TOTAL THIS MO.   193    CLEAR  (SCALE 0-3)  13
DPTR FM NORMAL   -80    PTCLDY (SCALE 4-7)  10
TOTAL FM JUL 1  3510    CLOUDY (SCALE 8-10)  2
DPTR FM NORMAL  -811

[CDD (BASE 65) ]
TOTAL THIS MO.    42
DPTR FM NORMAL    37    [PRESSURE DATA]
TOTAL FM JAN 1    65    HIGHEST SLP M ON M
DPTR FM NORMAL    58    LOWEST  SLP 29.25 ON 25

[REMARKS]
