000
CXUS52 KFFC 011110
CF6GVL
PRELIMINARY LOCAL CLIMATOLOGICAL DATA (WS FORM: F-6)

                                          STATION:   GAINESVILLE
                                          MONTH:     JUNE
                                          YEAR:      2015
                                          LATITUDE:   34 16 N
                                          LONGITUDE:  83 50 W

  TEMPERATURE IN F:       :PCPN:    SNOW:  WIND      :SUNSHINE: SKY     :PK WND
================================================================================
1   2   3   4   5  6A  6B    7    8   9   10  11  12  13   14  15   16   17  18
                                     12Z  AVG MX 2MIN
DY MAX MIN AVG DEP HDD CDD  WTR  SNW DPTH SPD SPD DIR MIN PSBL S-S WX    SPD DR
================================================================================

 1  79  65  72   0   0   7 0.57  0.0    0  4.9 18 240   M    M   8 13     23 240
 2  81  63  72  -1   0   7 0.58    M    M  5.6 22 260   M    M   4 13     29 260
 3  77  62  70  -3   0   5 0.07  0.0    0  7.1 14  90   M    M   5        19 150
 4  76  61  69  -4   0   4    T  0.0    M  6.7 15  70   M    M   5        22  70
 5  83  62  73   0   0   8 0.00    M    M  4.1 13 260   M    M   3        16 260
 6  86  65  76   2   0  11    T    M    M  3.5 12 300   M    M   3 1      14 310
 7  87  68  78   4   0  13 0.00    M    M  5.7 13  90   M    M   1        17  80
 8  87  68  78   4   0  13 0.00    M    M  6.3 18 240   M    M   3        23 250
 9  86  68  77   3   0  12 0.05    M    M  6.3 18 190   M    M   3 13     26 200
10  85  65  75   0   0  10 0.00    M    M  4.3 10 140   M    M   3 12     15 140
11  85  69  77   2   0  12 1.14  0.0    M  4.1 14  20   M    M   5 13     16  10
12  83  68  76   1   0  11 0.05  0.0    M  5.1 12 260   M    M   7 1      16 240
13  88  69  79   4   0  14 0.00    M    M  6.5 14 320   M    M   1        19 260
14  90  70  80   4   0  15 0.00    M    M  5.0 12 270   M    M   0        16 240
15  93  71  82   6   0  17 0.00    M    M  4.9 12 260   M    M   0        17 240
16  93  73  83   7   0  18 0.00    M    M  5.6 14 260   0    0   0        21 260
17  94  74  84   8   0  19 0.00    M    M  5.0 13 260   M    M   0 3      18 200
18  93  72  83   7   0  18 0.02    M    M  5.2 15 260   M    M   1 38     30 210
19  91  71  81   4   0  16    T    M    M  6.2 13 240   M    M   2 3      18 260
20  89  74  82   5   0  17    T    M    M 10.2 23 260   M    M   2 3      33 250
21  93  72  83   6   0  18 0.00    M    M  7.5 15 300   M    M   1 1      22 310
22  95  73  84   7   0  19 0.00    M    M  5.8 14 300   M    M   1        17 330
23  93  73  83   6   0  18 0.00    M    M  7.6 17 320   M    M   1        23 260
24  95  72  84   7   0  19 0.21    M    M  5.6 20 330   M    M   1 3      27 330
25  93  70  82   4   0  17 0.00    M    M  6.5 14 300   M    M   1        24 150
26  93  71  82   4   0  17 0.02    M    M  6.0 15 290   M    M   2 38     22 290
27  84  70  77  -1   0  12 0.49  0.0    M  8.5 17 250   M    M   4 13     24 260
28  83  64  74  -4   0   9 0.00  0.0    M  8.1 15 330   M    M   0        20 310
29  84  60  72  -6   0   7 0.00  0.0    M  6.4 17 240   M    M   2        21 250
30  84  72  78   0   0  13 0.27  0.0    M  8.1 17 330   M    M   4 138    22 330
================================================================================
SM 2623 2055         0 396  3.47     0.0 182.4            0     73
================================================================================
AV 87.4 68.5                               6.1 FASTST    0   0   2    MAX(MPH)
                                 MISC ---->  # 23 260               # 33  250
================================================================================
NOTES:
# LAST OF SEVERAL OCCURRENCES

COLUMN 17 PEAK WIND IN M.P.H.

PRELIMINARY LOCAL CLIMATOLOGICAL DATA (WS FORM: F-6) , PAGE 2

                                          STATION:  GAINESVILLE
                                          MONTH:    JUNE
                                          YEAR:     2015
                                          LATITUDE:   34 16 N
                                          LONGITUDE:  83 50 W

[TEMPERATURE DATA]      [PRECIPITATION DATA]       SYMBOLS USED IN COLUMN 16

AVERAGE MONTHLY: 78.0   TOTAL FOR MONTH:   3.47    1 = FOG OR MIST
DPTR FM NORMAL:   2.3   DPTR FM NORMAL:   -0.92    2 = FOG REDUCING VISIBILITY
HIGHEST:    95 ON 24,22 GRTST 24HR  1.17 ON 11-12      TO 1/4 MILE OR LESS
LOWEST:     60 ON 29                               3 = THUNDER
                        SNOW, ICE PELLETS, HAIL    4 = ICE PELLETS
                        TOTAL MONTH:   0.0 INCH    5 = HAIL
                        GRTST 24HR     0.0         6 = FREEZING RAIN OR DRIZZLE
                        GRTST DEPTH:   0           7 = DUSTSTORM OR SANDSTORM:
                                                       VSBY 1/2 MILE OR LESS
                                                   8 = SMOKE OR HAZE
[NO. OF DAYS WITH]      [WEATHER - DAYS WITH]      9 = BLOWING SNOW
                                                   X = TORNADO
MAX 32 OR BELOW:   0    0.01 INCH OR MORE:  11
MAX 90 OR ABOVE:  12    0.10 INCH OR MORE:   6
MIN 32 OR BELOW:   0    0.50 INCH OR MORE:   3
MIN  0 OR BELOW:   0    1.00 INCH OR MORE:   1

[HDD (BASE 65) ]
TOTAL THIS MO.     0    CLEAR  (SCALE 0-3)  21
DPTR FM NORMAL    -3    PTCLDY (SCALE 4-7)   9
TOTAL FM JUL 1  3034    CLOUDY (SCALE 8-10)  0
DPTR FM NORMAL   -32

[CDD (BASE 65) ]
TOTAL THIS MO.   396
DPTR FM NORMAL    75    [PRESSURE DATA]
TOTAL FM JAN 1   649    HIGHEST SLP 30.18 ON 13
DPTR FM NORMAL   153    LOWEST  SLP 29.81 ON  9

[REMARKS]
#FINAL-06-15#
