000
CXUS54 KJAN 231200
CF6GWO
PRELIMINARY LOCAL CLIMATOLOGICAL DATA (WS FORM: F-6)

                                          STATION:   GREENWOOD
                                          MONTH:     JUNE
                                          YEAR:      2017
                                          LATITUDE:   33 30 N
                                          LONGITUDE:  90  5 W

  TEMPERATURE IN F:       :PCPN:    SNOW:  WIND      :SUNSHINE: SKY     :PK WND
================================================================================
1   2   3   4   5  6A  6B    7    8   9   10  11  12  13   14  15   16   17  18
                                     12Z  AVG MX 2MIN
DY MAX MIN AVG DEP HDD CDD  WTR  SNW DPTH SPD SPD DIR MIN PSBL S-S WX    SPD DR
================================================================================

 1  77  66  72  -4   0   7 0.12  0.0    0  3.9 10  90   M    M   3 18     12 220
 2  83  70  77   1   0  12 0.29  0.0    0  4.4 14  80   M    M   7 1      15  80
 3  88  70  79   3   0  14 0.00  0.0    0  6.4 21 110   M    M   4 8      25 100
 4  86  72  79   2   0  14 0.14  0.0    0  8.0 24 220   M    M   6 13     31 210
 5  85  70  78   1   0  13 0.24  0.0    0  3.7 15  80   M    M   6 13     18  90
 6  82  70  76  -1   0  11 1.18  0.0    0  5.6 28  60   M    M   6 13     32  60
 7  83  61  72  -5   0   7 0.00  0.0    0  8.3 22  30   M    M   1        27  20
 8  81  57  69  -9   0   4 0.00  0.0    0  3.5 14  30   M    M   1        17 350
 9  83  57  70  -8   0   5 0.00  0.0    0  2.2  7 340   M    M   2 1      10 240
10  88  60  74  -4   0   9 0.00  0.0    0  4.3 14 210   M    M   1        19 170
11  91  66  79   1   0  14 0.02  0.0    0  5.1 14 190   M    M   1 3      19 190
12  88  72  80   2   0  15 0.00  0.0    0  5.9 21 160   M    M   3 3      27 140
13  90  71  81   2   0  16 0.02  0.0    0  3.5 18 190   M    M   1        23 200
14  90  73  82   3   0  17 0.05  0.0    0  4.7 14  50   M    M   1 13     18  60
15  88  71  80   1   0  15 1.00  0.0    0   M   M   M   M    M   M 138     M  M
16  91  68  80   1   0  15 1.50  0.0    0  5.4  M   M   M    M   3 13     52 160
17  89  68  79   0   0  14 0.00  0.0    0  5.3 13 220   M    M   4 3      16 210
18  89  75  82   3   0  17 0.14  0.0    0  6.9 16 160   M    M   4 138    19 160
19  87  72  80   0   0  15 0.06  0.0    0  4.3 14  20   M    M   6 13     17  20
20  89  70  80   0   0  15 0.00  0.0    0  6.3 15  70   M    M   2        18  60
21  80  72  76  -4   0  11 0.18  0.0    0 10.7 22  80   M    M   5 1      26  80
22  90  75  83   3   0  18 0.40  0.0    0 12.3 22 170   M    M   3 1      28 190
================================================================================
SM 1898 1506         0 278  5.34     0.0 120.7          M       70
================================================================================
AV 86.3 68.5                               5.7 FASTST   M    M   3    MAX(MPH)
                                 MISC ---->  # 28  60               # 52  160
================================================================================
NOTES:
# LAST OF SEVERAL OCCURRENCES

COLUMN 17 PEAK WIND IN M.P.H.

PRELIMINARY LOCAL CLIMATOLOGICAL DATA (WS FORM: F-6) , PAGE 2

                                          STATION:  GREENWOOD
                                          MONTH:    JUNE
                                          YEAR:     2017
                                          LATITUDE:   33 30 N
                                          LONGITUDE:  90  5 W

[TEMPERATURE DATA]      [PRECIPITATION DATA]       SYMBOLS USED IN COLUMN 16

AVERAGE MONTHLY: 77.4   TOTAL FOR MONTH:   5.34    1 = FOG OR MIST
DPTR FM NORMAL:  -0.8   DPTR FM NORMAL:    2.17    2 = FOG REDUCING VISIBILITY
HIGHEST:    91 ON 16,11 GRTST 24HR  1.50 ON 16-16      TO 1/4 MILE OR LESS
LOWEST:     57 ON  9, 8                            3 = THUNDER
                        SNOW, ICE PELLETS, HAIL    4 = ICE PELLETS
                        TOTAL MONTH:   0.0 INCH    5 = HAIL
                        GRTST 24HR     0.0         6 = FREEZING RAIN OR DRIZZLE
                        GRTST DEPTH:   0           7 = DUSTSTORM OR SANDSTORM:
                                                       VSBY 1/2 MILE OR LESS
                                                   8 = SMOKE OR HAZE
[NO. OF DAYS WITH]      [WEATHER - DAYS WITH]      9 = BLOWING SNOW
                                                   X = TORNADO
MAX 32 OR BELOW:   0    0.01 INCH OR MORE:  14
MAX 90 OR ABOVE:   5    0.10 INCH OR MORE:  10
MIN 32 OR BELOW:   0    0.50 INCH OR MORE:   3
MIN  0 OR BELOW:   0    1.00 INCH OR MORE:   3

[HDD (BASE 65) ]
TOTAL THIS MO.     0    CLEAR  (SCALE 0-3)  11
DPTR FM NORMAL     0    PTCLDY (SCALE 4-7)  10
TOTAL FM JUL 1  1780    CLOUDY (SCALE 8-10)  0
DPTR FM NORMAL  -908

[CDD (BASE 65) ]
TOTAL THIS MO.   278
DPTR FM NORMAL   -12    [PRESSURE DATA]
TOTAL FM JAN 1   722    HIGHEST SLP M ON M
DPTR FM NORMAL   102    LOWEST  SLP 29.69 ON  5

[REMARKS]
