000
CXUS55 KBOU 220900
CF6GXY
PRELIMINARY LOCAL CLIMATOLOGICAL DATA (WS FORM: F-6)

                                          STATION:   GREELEY  CO
                                          MONTH:     NOVEMBER
                                          YEAR:      2017
                                          LATITUDE:   40 25 N
                                          LONGITUDE: 104 38 W

  TEMPERATURE IN F:       :PCPN:    SNOW:  WIND      :SUNSHINE: SKY     :PK WND
================================================================================
1   2   3   4   5  6A  6B    7    8   9   10  11  12  13   14  15   16   17  18
                                     12Z  AVG MX 2MIN
DY MAX MIN AVG DEP HDD CDD  WTR  SNW DPTH SPD SPD DIR MIN PSBL S-S WX    SPD DR
================================================================================

 1  72  30  51   M  14   0    M    M    M  8.9 22 220   M    M   0        30 240
 2  42  30  36   M  29   0    M    M    M  6.9 13  60   M    M   7         M  M
 3  58  28  43   M  22   0    M    M    M  4.0  8  10   M    M   5 1       M  M
 4  69  24  47   M  18   0    M    M    M 10.5 30 280   M    M   1        40 290
 5  47  30  39   M  26   0    M    M    M  7.2 12 360   M    M   6         M  M
 6   M   M   M   M   M   M    M    M    M  5.8 17  20   M    M   6        25  20
 7  33  24  29   M  36   0    M    M    M  5.0 16  20   M    M   7 1       M  M
 8  44  24  34   M  31   0    M    M    M  4.6  8 320   M    M   5         M  M
 9  40  24  32   M  33   0    M    M    M  4.5  9  90   M    M   0         M  M
10  49  22  36   M  29   0    M    M    M  2.4  6 330   M    M   0 1       M  M
11  63  22  43   M  22   0    M    M    M  8.3 25 330   M    M   1 1      38 340
12  56  21  39   M  26   0    M    M    M  5.0  9 290   M    M   0         M  M
13  68  28  48   M  17   0    M    M    M  3.1  9 310   M    M   0 8       M  M
14  68  25  47   M  18   0    M    M    M  9.2 31 320   M    M   0        38 320
15  56  24  40   M  25   0    M    M    M  8.2 21  30   M    M   0 8      27  30
16  65  20  43   M  22   0    M    M    M  5.6 17 260   M    M   0        41 260
17  68  39  54   M  11   0    M    M    M 13.4 29 320   M    M   2        37 340
18  48  20  34   M  31   0    M    M    M  8.5 27 310   M    M   0        37 310
19  57  15  36   M  29   0    M    M    M  3.5  8 140   M    M   0 8       M  M
20  68  20  44   M  21   0    M    M    M  6.5 14 220   M    M   0         M  M
21  53  29  41   M  24   0    M    M    M  8.4 23 360   M    M   3        33 320
================================================================================
SM 1124  499       484   0    M     M    139.5          M       43
================================================================================
AV 56.2 25.0                               6.6 FASTST   M    M   2    MAX(MPH)
                                 MISC ---->  # 31 320               # 41  260
================================================================================
NOTES:
# LAST OF SEVERAL OCCURRENCES

COLUMN 17 PEAK WIND IN M.P.H.

PRELIMINARY LOCAL CLIMATOLOGICAL DATA (WS FORM: F-6) , PAGE 2

                                          STATION:  GREELEY  CO
                                          MONTH:    NOVEMBER
                                          YEAR:     2017
                                          LATITUDE:   40 25 N
                                          LONGITUDE: 104 38 W

[TEMPERATURE DATA]      [PRECIPITATION DATA]       SYMBOLS USED IN COLUMN 16

AVERAGE MONTHLY: 40.6   TOTAL FOR MONTH:      M    1 = FOG OR MIST
DPTR FM NORMAL:     M   DPTR FM NORMAL:       M    2 = FOG REDUCING VISIBILITY
HIGHEST:    72 ON  1    GRTST 24HR    T  ON 31- 1      TO 1/4 MILE OR LESS
LOWEST:     15 ON 19                               3 = THUNDER
                        SNOW, ICE PELLETS, HAIL    4 = ICE PELLETS
                        TOTAL MONTH:    M          5 = HAIL
                        GRTST 24HR    M  ON   M    6 = FREEZING RAIN OR DRIZZLE
                        GRTST DEPTH:  M  ON   M    7 = DUSTSTORM OR SANDSTORM:
                                                       VSBY 1/2 MILE OR LESS
                                                   8 = SMOKE OR HAZE
[NO. OF DAYS WITH]      [WEATHER - DAYS WITH]      9 = BLOWING SNOW
                                                   X = TORNADO
MAX 32 OR BELOW:   0    0.01 INCH OR MORE:   0
MAX 90 OR ABOVE:   0    0.10 INCH OR MORE:   0
MIN 32 OR BELOW:  19    0.50 INCH OR MORE:   0
MIN  0 OR BELOW:   0    1.00 INCH OR MORE:   0

[HDD (BASE 65) ]
TOTAL THIS MO.   484    CLEAR  (SCALE 0-3)  14
DPTR FM NORMAL     M    PTCLDY (SCALE 4-7)   7
TOTAL FM JUL 1  1118    CLOUDY (SCALE 8-10)  0
DPTR FM NORMAL     M

[CDD (BASE 65) ]
TOTAL THIS MO.     0
DPTR FM NORMAL     M    [PRESSURE DATA]
TOTAL FM JAN 1   726    HIGHEST SLP M ON M
DPTR FM NORMAL     M    LOWEST  SLP M ON M

[REMARKS]
