000
CXUS54 KEWX 280910
CF6GYB
PRELIMINARY LOCAL CLIMATOLOGICAL DATA (WS FORM: F-6)

                                          STATION:   Giddings-Lee County Airport
                                          MONTH:     AUGUST
                                          YEAR:      2014
                                          LATITUDE:   30 10 N
                                          LONGITUDE:  96 59 W

  TEMPERATURE IN F:       :PCPN:    SNOW:  WIND      :SUNSHINE: SKY     :PK WND
================================================================================
1   2   3   4   5  6A  6B    7    8   9   10  11  12  13   14  15   16   17  18
                                     12Z  AVG MX 2MIN
DY MAX MIN AVG DEP HDD CDD  WTR  SNW DPTH SPD SPD DIR MIN PSBL S-S WX    SPD DR
================================================================================

 1  89  71  80   M   0  15 0.00    M    M  5.4  9 360   M    M   6         M  M
 2  84  67  76   M   0  11 0.00    M    M  4.1 12  40   M    M   5 1      16  50
 3  90  69  80   M   0  15 0.00    M    M  5.0 10  30   M    M   3 1       M  M
 4  94  71  83   M   0  18 0.00    M    M  4.4 12  80   M    M   3 1      18  80
 5  95  70  83   M   0  18 0.00    M    M  3.2 14 130   M    M   1        20 130
 6  97  72  85   M   0  20 0.00    M    M  4.4 10 170   M    M   2 1       M  M
 7 100  76  88   M   0  23 0.00    M    M  7.5 12 210   M    M   3 1      21 210
 8 100  75  88   M   0  23 0.00    M    M  6.9 10 200   M    M   2        17 160
 9  98  77  88   M   0  23 0.00    M    M  6.1 10 220   M    M   3 1       M  M
10  98  77  88   M   0  23 0.00    M    M  4.5 10 140   M    M   2        16 140
11 100  76  88   M   0  23 0.02    M    M  4.5 17  40   M    M   2        28  40
12  97  74  86   M   0  21 0.04    M    M  2.9  9  70   M    M   1        17  70
13  94  66  80   M   0  15 0.00    M    M  5.7 10  70   M    M   0        16  20
14  96  69  83   M   0  18 0.00    M    M  4.0  9 130   M    M   1        16 130
15  99  74  87   M   0  22 0.00    M    M  4.6  9 170   M    M   2         M  M
16 100  79  90   M   0  25 0.00    M    M  8.7 14 170   M    M   3        22 170
17 100  78  89   M   0  24 0.00    M    M  9.1 14 190   M    M   4        24 210
18 100  79  90   M   0  25 0.00    M    M  8.8 14 190   M    M   3        22 170
19  98  73  86   M   0  21 0.00    M    M  7.3 15 240   M    M   2        22 170
20  99  76  88   M   0  23 0.00    M    M  7.8 13 190   M    M   3 1      22 190
21 100  79  90   M   0  25 0.00    M    M  9.4 20 210   M    M   3        25 210
22 100  79  90   M   0  25 0.00    M    M  8.3 13 200   M    M   3 8      20 180
23  99  74  87   M   0  22 0.00    M    M  5.5 10 170   M    M   4 1       M  M
24  99  75  87   M   0  22 0.00    M    M  5.2 10 150   M    M   3         M  M
25  99  72  86   M   0  21 0.00    M    M  2.9  6  80   M    M   1         M  M
26  98  74  86   M   0  21 0.00    M    M  3.8 14  80   M    M   1        20  90
27  96  73  85   M   0  20 0.00    M    M  4.5 12  50   M    M   2        17  50
================================================================================
SM 2619 1995         0 562  0.06    M    154.5          M       68
================================================================================
AV 97.0 73.9                               5.7 FASTST   M    M   3    MAX(MPH)
                                 MISC ---->    20   M                 28    M
================================================================================
NOTES:
# LAST OF SEVERAL OCCURRENCES

COLUMN 17 PEAK WIND IN M.P.H.

PRELIMINARY LOCAL CLIMATOLOGICAL DATA (WS FORM: F-6) , PAGE 2

                                          STATION:  Giddings-Lee County Airport
                                          MONTH:    AUGUST
                                          YEAR:     2014
                                          LATITUDE:   30 10 N
                                          LONGITUDE:  96 59 W

[TEMPERATURE DATA]      [PRECIPITATION DATA]       SYMBOLS USED IN COLUMN 16

AVERAGE MONTHLY: 85.4   TOTAL FOR MONTH:   0.06    1 = FOG OR MIST
DPTR FM NORMAL:     M   DPTR FM NORMAL:       M    2 = FOG REDUCING VISIBILITY
HIGHEST:   100 ON 22,21 GRTST 24HR  0.04 ON 12-12      TO 1/4 MILE OR LESS
LOWEST:     66 ON 13                               3 = THUNDER
                        SNOW, ICE PELLETS, HAIL    4 = ICE PELLETS
                        TOTAL MONTH:    M          5 = HAIL
                        GRTST 24HR    M  ON   M    6 = FREEZING RAIN OR DRIZZLE
                        GRTST DEPTH:  M  ON   M    7 = DUSTSTORM OR SANDSTORM:
                                                       VSBY 1/2 MILE OR LESS
                                                   8 = SMOKE OR HAZE
[NO. OF DAYS WITH]      [WEATHER - DAYS WITH]      9 = BLOWING SNOW
                                                   X = TORNADO
MAX 32 OR BELOW:   0    0.01 INCH OR MORE:   2
MAX 90 OR ABOVE:  25    0.10 INCH OR MORE:   0
MIN 32 OR BELOW:   0    0.50 INCH OR MORE:   0
MIN  0 OR BELOW:   0    1.00 INCH OR MORE:   0

[HDD (BASE 65) ]
TOTAL THIS MO.     0    CLEAR  (SCALE 0-3)  22
DPTR FM NORMAL     M    PTCLDY (SCALE 4-7)   5
TOTAL FM JUL 1     0    CLOUDY (SCALE 8-10)  0
DPTR FM NORMAL     M

[CDD (BASE 65) ]
TOTAL THIS MO.   562
DPTR FM NORMAL     M    [PRESSURE DATA]
TOTAL FM JAN 1  2074    HIGHEST SLP M ON M
DPTR FM NORMAL     M    LOWEST  SLP M ON M

[REMARKS]
