000
CXUS54 KEWX 250910
CF6GYB
PRELIMINARY LOCAL CLIMATOLOGICAL DATA (WS FORM: F-6)

                                          STATION:   Giddings-Lee County Airport
                                          MONTH:     JUNE
                                          YEAR:      2017
                                          LATITUDE:   30 10 N
                                          LONGITUDE:  96 59 W

  TEMPERATURE IN F:       :PCPN:    SNOW:  WIND      :SUNSHINE: SKY     :PK WND
================================================================================
1   2   3   4   5  6A  6B    7    8   9   10  11  12  13   14  15   16   17  18
                                     12Z  AVG MX 2MIN
DY MAX MIN AVG DEP HDD CDD  WTR  SNW DPTH SPD SPD DIR MIN PSBL S-S WX    SPD DR
================================================================================

 1  87  65  76   M   0  11 0.00    M    M  3.7 12 210   M    M   5 1      16 210
 2  92  71  82   M   0  17 0.00    M    M  3.9  8 130   M    M   5 1       M  M
 3  91  71  81   M   0  16 0.00    M    M  2.4  8 310   M    M   6 12     18  30
 4  89  68  79   M   0  14 0.73    M    M  4.1 10 130   M    M   3        17 280
 5  86  67  77   M   0  12 0.02    M    M  2.7  9  10   M    M   4 1       M  M
 6  88  69  79   M   0  14 0.00    M    M  6.2 12  20   M    M   4 1      20 360
 7  91  68  80   M   0  15 0.00    M    M  3.6  9  30   M    M   1         M  M
 8  90  70  80   M   0  15 0.00    M    M  3.9  9  70   M    M   2         M  M
 9  86  69  78   M   0  13 0.00    M    M  5.8 12 150   M    M   5         M  M
10  90  67  79   M   0  14 0.00    M    M  5.7 13 130   M    M   0        16 160
11  92  70  81   M   0  16 0.00    M    M  6.2 12 170   M    M   3        18 150
12  93  72  83   M   0  18 0.00    M    M  5.6 10 130   M    M   4 1      18 140
13  92  76  84   M   0  19 0.00    M    M  7.3 14 140   M    M   6 8      20 150
14  95  76  86   M   0  21 0.00    M    M  8.1 14 190   M    M   5 18     21 180
15  96  74  85   M   0  20 0.00    M    M  7.1 13 200   M    M   4 1      17 200
16  96  75  86   M   0  21 0.00    M    M  9.1 13 180   M    M   3        18 200
17  96  77  87   M   0  22 0.00    M    M  9.8 13 210   M    M   4        21 200
18  96  77  87   M   0  22 0.00    M    M 10.3 14 160   M    M   4        24 200
19  90  73  82   M   0  17 0.00    M    M  3.2  9 240   M    M   3 1       M  M
20  94  73  84   M   0  19 0.00    M    M  5.1  9  20   M    M   2        20  50
21  91  72  82   M   0  17 0.00    M    M  7.5 16  10   M    M   1        24  10
22  94  76  85   M   0  20 0.00    M    M  5.8 10 290   M    M   5         M  M
23 100  77  89   M   0  24 0.00    M    M  8.6 15 200   M    M   3        21 200
24  81  71  76   M   0  11 0.00    M    0  4.0 14 350   M    M   4 1      21 350
================================================================================
SM 2196 1724         0 408  0.75    M    139.7          M       86
================================================================================
AV 91.5 71.8                               5.8 FASTST   M    M   4    MAX(MPH)
                                 MISC ---->  # 16  10               # 24  200
================================================================================
NOTES:
# LAST OF SEVERAL OCCURRENCES

COLUMN 17 PEAK WIND IN M.P.H.

PRELIMINARY LOCAL CLIMATOLOGICAL DATA (WS FORM: F-6) , PAGE 2

                                          STATION:  Giddings-Lee County Airport
                                          MONTH:    JUNE
                                          YEAR:     2017
                                          LATITUDE:   30 10 N
                                          LONGITUDE:  96 59 W

[TEMPERATURE DATA]      [PRECIPITATION DATA]       SYMBOLS USED IN COLUMN 16

AVERAGE MONTHLY: 81.7   TOTAL FOR MONTH:   0.75    1 = FOG OR MIST
DPTR FM NORMAL:     M   DPTR FM NORMAL:       M    2 = FOG REDUCING VISIBILITY
HIGHEST:   100 ON 23    GRTST 24HR  0.73 ON  4- 4      TO 1/4 MILE OR LESS
LOWEST:     65 ON  1                               3 = THUNDER
                        SNOW, ICE PELLETS, HAIL    4 = ICE PELLETS
                        TOTAL MONTH:    M          5 = HAIL
                        GRTST 24HR    M  ON   M    6 = FREEZING RAIN OR DRIZZLE
                        GRTST DEPTH:   0           7 = DUSTSTORM OR SANDSTORM:
                                                       VSBY 1/2 MILE OR LESS
                                                   8 = SMOKE OR HAZE
[NO. OF DAYS WITH]      [WEATHER - DAYS WITH]      9 = BLOWING SNOW
                                                   X = TORNADO
MAX 32 OR BELOW:   0    0.01 INCH OR MORE:   2
MAX 90 OR ABOVE:  18    0.10 INCH OR MORE:   1
MIN 32 OR BELOW:   0    0.50 INCH OR MORE:   1
MIN  0 OR BELOW:   0    1.00 INCH OR MORE:   0

[HDD (BASE 65) ]
TOTAL THIS MO.     0    CLEAR  (SCALE 0-3)   9
DPTR FM NORMAL     M    PTCLDY (SCALE 4-7)  15
TOTAL FM JUL 1   952    CLOUDY (SCALE 8-10)  0
DPTR FM NORMAL     M

[CDD (BASE 65) ]
TOTAL THIS MO.   408
DPTR FM NORMAL     M    [PRESSURE DATA]
TOTAL FM JAN 1  1052    HIGHEST SLP M ON M
DPTR FM NORMAL     M    LOWEST  SLP M ON M

[REMARKS]
