000
CXUS51 KGYX 191306
CF6GYX
PRELIMINARY LOCAL CLIMATOLOGICAL DATA (WS FORM: F-6)

                                          STATION:   GRAY ME
                                          MONTH:     JANUARY
                                          YEAR:      2018
                                          LATITUDE:   43 53 N
                                          LONGITUDE:  70 15 W

  TEMPERATURE IN F:       :PCPN:    SNOW:  WIND      :SUNSHINE: SKY     :PK WND
================================================================================
1   2   3   4   5  6A  6B    7    8   9   10  11  12  13   14  15   16   17  18
                                     12Z  AVG MX 2MIN
DY MAX MIN AVG DEP HDD CDD  WTR  SNW DPTH SPD SPD DIR MIN PSBL S-S WX    SPD DR
================================================================================

 1   5 -10  -2 -25  67   0 0.00  0.0   12   M   M   M   M    M   M         M  M
 2   9  -9   0 -22  65   0 0.00  0.0   12   M   M   M   M    M   M         M  M
 3  25   6  16  -6  49   0 0.00  0.0   12   M   M   M   M    M   M         M  M
 4   M   M   M   M   M   M 1.00 12.0   12   M   M   M   M    M   M         M  M
 5  21  -4   9 -13  56   0 0.02  0.6   22   M   M   M   M    M   M         M  M
 6   0  -8  -4 -26  69   0    T    T   18   M   M   M   M    M   M         M  M
 7  11 -10   1 -21  64   0    T    T   18   M   M   M   M    M   M         M  M
 8  26   9  18  -3  47   0    T  0.1   18   M   M   M   M    M   M         M  M
 9  30  21  26   5  39   0 0.00  0.0   18   M   M   M   M    M   M         M  M
10  35  16  26   5  39   0 0.00  0.0   16   M   M   M   M    M   M         M  M
11  49  30  40  19  25   0    T  0.0   16   M   M   M   M    M   M 1       M  M
12  51  38  45  24  20   0 0.65  0.0   14   M   M   M   M    M   M 12      M  M
13  52  11  32  11  33   0 0.68  0.0    8   M   M   M   M    M   M 1       M  M
14  17   4  11 -10  54   0 0.00  0.0    7   M   M   M   M    M   M         M  M
15  14   0   7 -13  58   0 0.01  0.2    7   M   M   M   M    M   M         M  M
16  26  12  19  -1  46   0 0.02  0.4    7   M   M   M   M    M   M         M  M
17  25  20  23   3  42   0 0.34  5.3    9   M   M   M   M    M   M         M  M
18  30  17  24   4  41   0 0.00  0.0   12   M   M   M   M    M   M         M  M
================================================================================
SM  426  143       814   0  2.72    18.6     M          M        M
================================================================================
AV 25.1  8.4                                 M FASTST   M    M   6    MAX(MPH)
                                 MISC ---->     M   M                  M    M
================================================================================
NOTES:
# LAST OF SEVERAL OCCURRENCES

COLUMN 17 PEAK WIND IN M.P.H.

PRELIMINARY LOCAL CLIMATOLOGICAL DATA (WS FORM: F-6) , PAGE 2

                                          STATION:  GRAY ME
                                          MONTH:    JANUARY
                                          YEAR:     2018
                                          LATITUDE:   43 53 N
                                          LONGITUDE:  70 15 W

[TEMPERATURE DATA]      [PRECIPITATION DATA]       SYMBOLS USED IN COLUMN 16

AVERAGE MONTHLY: 16.7   TOTAL FOR MONTH:   2.72    1 = FOG OR MIST
DPTR FM NORMAL:  -4.5   DPTR FM NORMAL:    0.65    2 = FOG REDUCING VISIBILITY
HIGHEST:    52 ON 13    GRTST 24HR  1.00 ON  4- 4      TO 1/4 MILE OR LESS
LOWEST:    -10 ON  7, 1                            3 = THUNDER
                        SNOW, ICE PELLETS, HAIL    4 = ICE PELLETS
                        TOTAL MONTH:  18.6 INCHES  5 = HAIL
                        GRTST 24HR  12.0 ON  4- 4  6 = FREEZING RAIN OR DRIZZLE
                        GRTST DEPTH:  22 ON  5     7 = DUSTSTORM OR SANDSTORM:
                                                       VSBY 1/2 MILE OR LESS
                                                   8 = SMOKE OR HAZE
[NO. OF DAYS WITH]      [WEATHER - DAYS WITH]      9 = BLOWING SNOW
                                                   X = TORNADO
MAX 32 OR BELOW:  13    0.01 INCH OR MORE:   7
MAX 90 OR ABOVE:   0    0.10 INCH OR MORE:   4
MIN 32 OR BELOW:  16    0.50 INCH OR MORE:   3
MIN  0 OR BELOW:   6    1.00 INCH OR MORE:   1

[HDD (BASE 65) ]
TOTAL THIS MO.   814    CLEAR  (SCALE 0-3)   0
DPTR FM NORMAL    26    PTCLDY (SCALE 4-7)   0
TOTAL FM JUL 1  3361    CLOUDY (SCALE 8-10)  0
DPTR FM NORMAL   -93

[CDD (BASE 65) ]
TOTAL THIS MO.     0
DPTR FM NORMAL     0    [PRESSURE DATA]
TOTAL FM JAN 1     0    HIGHEST SLP M ON M
DPTR FM NORMAL     0    LOWEST  SLP M ON M

[REMARKS]
