000
CXUS51 KGYX 281100
CF6GYX
PRELIMINARY LOCAL CLIMATOLOGICAL DATA (WS FORM: F-6)

                                          STATION:   GRAY ME
                                          MONTH:     JANUARY
                                          YEAR:      2015
                                          LATITUDE:   43 53 N
                                          LONGITUDE:  70 15 W

  TEMPERATURE IN F:       :PCPN:    SNOW:  WIND      :SUNSHINE: SKY     :PK WND
================================================================================
1   2   3   4   5  6A  6B    7    8   9   10  11  12  13   14  15   16   17  18
                                     12Z  AVG MX 2MIN
DY MAX MIN AVG DEP HDD CDD  WTR  SNW DPTH SPD SPD DIR MIN PSBL S-S WX    SPD DR
================================================================================

 1  28  11  20  -3  45   0 0.00  0.0    T   M   M   M   M    M   M         M  M
 2  33  16  25   3  40   0 0.00  0.0    T   M   M   M   M    M   M         M  M
 3  19   8  14  -8  51   0 0.32  3.2    T   M   M   M   M    M   M         M  M
 4  31  15  23   1  42   0 0.40  1.9    5   M   M   M   M    M   M         M  M
 5  37   5  21  -1  44   0    T    T    5   M   M   M   M    M   M         M  M
 6  12  -2   5 -17  60   0    T    T    5   M   M   M   M    M   M         M  M
 7  20  -4   8 -14  57   0    T    T    5   M   M   M   M    M   M         M  M
 8  12 -13   0 -21  65   0 0.00  0.0    5   M   M   M   M    M   M         M  M
 9  24   9  17  -4  48   0 0.04  0.5    5   M   M   M   M    M   M         M  M
10  22   9  16  -5  49   0 0.00  0.0    5   M   M   M   M    M   M         M  M
11  22   7  15  -6  50   0 0.00  0.0    5   M   M   M   M    M   M         M  M
12  27  20  24   3  41   0 0.20  3.0    4   M   M   M   M    M   M         M  M
13  26   2  14  -7  51   0 0.00  0.0    7   M   M   M   M    M   M         M  M
14  21  -3   9 -12  56   0    T    T    7   M   M   M   M    M   M         M  M
15  21  18  20   0  45   0 0.06  0.7    7   M   M   M   M    M   M         M  M
16  35   4  20   0  45   0    T    T    7   M   M   M   M    M   M         M  M
17  16  -1   8 -12  57   0 0.00  0.0    7   M   M   M   M    M   M         M  M
18  43  16  30  10  35   0 0.44  0.0    7   M   M   M   M    M   M         M  M
19  44  30  37  17  28   0 0.00  0.0    4   M   M   M   M    M   M         M  M
20  33  17  25   5  40   0 0.00  0.0    3   M   M   M   M    M   M         M  M
21  29   1  15  -5  50   0 0.00  0.0    3   M   M   M   M    M   M         M  M
22  32  15  24   4  41   0 0.00  0.0    3   M   M   M   M    M   M         M  M
23  30  16  23   3  42   0 0.00  0.0    3   M   M   M   M    M   M         M  M
24  31  20  26   6  39   0 0.16  3.0    3   M   M   M   M    M   M         M  M
25  33   6  20  -1  45   0    T    T    6   M   M   M   M    M   M         M  M
26  18   1  10 -11  55   0    T    T    6   M   M   M   M    M   M         M  M
27   M   M   M   M   M   M    M    M    M   M   M   M   M    M   M         M  M
================================================================================
SM  699  223      1221   0  1.62    12.3     M          M        M
================================================================================
AV 26.9  8.6                                 M FASTST   M    M   5    MAX(MPH)
                                 MISC ---->     M   M                  M    M
================================================================================
NOTES:
# LAST OF SEVERAL OCCURRENCES

COLUMN 17 PEAK WIND IN M.P.H.

PRELIMINARY LOCAL CLIMATOLOGICAL DATA (WS FORM: F-6) , PAGE 2

                                          STATION:  GRAY ME
                                          MONTH:    JANUARY
                                          YEAR:     2015
                                          LATITUDE:   43 53 N
                                          LONGITUDE:  70 15 W

[TEMPERATURE DATA]      [PRECIPITATION DATA]       SYMBOLS USED IN COLUMN 16

AVERAGE MONTHLY: 17.7   TOTAL FOR MONTH:   1.62    1 = FOG OR MIST
DPTR FM NORMAL:  -3.2   DPTR FM NORMAL:   -1.48    2 = FOG REDUCING VISIBILITY
HIGHEST:    44 ON 19    GRTST 24HR  0.44 ON 18-18      TO 1/4 MILE OR LESS
LOWEST:    -13 ON  8                               3 = THUNDER
                        SNOW, ICE PELLETS, HAIL    4 = ICE PELLETS
                        TOTAL MONTH:  12.3 INCHES  5 = HAIL
                        GRTST 24HR   3.2 ON   M    6 = FREEZING RAIN OR DRIZZLE
                        GRTST DEPTH:   7 ON 18,17  7 = DUSTSTORM OR SANDSTORM:
                                                       VSBY 1/2 MILE OR LESS
                                                   8 = SMOKE OR HAZE
[NO. OF DAYS WITH]      [WEATHER - DAYS WITH]      9 = BLOWING SNOW
                                                   X = TORNADO
MAX 32 OR BELOW:  19    0.01 INCH OR MORE:   7
MAX 90 OR ABOVE:   0    0.10 INCH OR MORE:   5
MIN 32 OR BELOW:  26    0.50 INCH OR MORE:   0
MIN  0 OR BELOW:   5    1.00 INCH OR MORE:   0

[HDD (BASE 65) ]
TOTAL THIS MO.  1221    CLEAR  (SCALE 0-3)   0
DPTR FM NORMAL    31    PTCLDY (SCALE 4-7)   0
TOTAL FM JUL 1  3761    CLOUDY (SCALE 8-10)  0
DPTR FM NORMAL   -95

[CDD (BASE 65) ]
TOTAL THIS MO.     0
DPTR FM NORMAL     0    [PRESSURE DATA]
TOTAL FM JAN 1     0    HIGHEST SLP M ON M
DPTR FM NORMAL     0    LOWEST  SLP M ON M

[REMARKS]
