000
CXUS51 KGYX 260900
CF6GYX
PRELIMINARY LOCAL CLIMATOLOGICAL DATA (WS FORM: F-6)

                                          STATION:   GRAY ME
                                          MONTH:     APRIL
                                          YEAR:      2017
                                          LATITUDE:   43 53 N
                                          LONGITUDE:  70 15 W

  TEMPERATURE IN F:       :PCPN:    SNOW:  WIND      :SUNSHINE: SKY     :PK WND
================================================================================
1   2   3   4   5  6A  6B    7    8   9   10  11  12  13   14  15   16   17  18
                                     12Z  AVG MX 2MIN
DY MAX MIN AVG DEP HDD CDD  WTR  SNW DPTH SPD SPD DIR MIN PSBL S-S WX    SPD DR
================================================================================

 1  32  29  31  -7  34   0 0.68 10.2   17   M   M   M   M    M   M         M  M
 2  49  29  39   0  26   0    T    T   18   M   M   M   M    M   M         M  M
 3  54  30  42   3  23   0 0.00  0.0   16   M   M   M   M    M   M         M  M
 4  36  31  34  -5  31   0 0.56  0.8   12   M   M   M   M    M   M         M  M
 5  40  32  36  -4  29   0 0.02  0.0    9   M   M   M   M    M   M         M  M
 6  39  33  36  -4  29   0 1.30  0.0    9   M   M   M   M    M   M         M  M
 7  50  37  44   3  21   0 0.04  0.0    6   M   M   M   M    M   M 1       M  M
 8  46  34  40  -1  25   0    T  0.0    5   M   M   M   M    M   M         M  M
 9  61  32  47   5  18   0 0.00  0.0    5   M   M   M   M    M   M         M  M
10  68  37  53  11  12   0 0.00  0.0    4   M   M   M   M    M   M         M  M
11  79  51  65  23   0   0 0.00  0.0    2   M   M   M   M    M   M         M  M
12  65  45  55  12  10   0 0.15  0.0    T   M   M   M   M    M   M         M  M
13  54  37  46   3  19   0 0.00  0.0    0   M   M   M   M    M   M         M  M
14  59  36  48   4  17   0 0.00  0.0    0   M   M   M   M    M   M         M  M
15  66  36  51   7  14   0 0.01  0.0    0   M   M   M   M    M   M         M  M
16  85  48  67  23   0   2    T  0.0    0   M   M   M   M    M   M         M  M
17  66  41  54   9  11   0 0.00  0.0    0   M   M   M   M    M   M         M  M
18  48  33  41  -4  24   0 0.00  0.0    0   M   M   M   M    M   M         M  M
19  48  32  40  -6  25   0 0.20    T    0   M   M   M   M    M   M         M  M
20  53  39  46   0  19   0    T  0.0    0   M   M   M   M    M   M         M  M
21  43  35  39  -8  26   0 0.34  0.0    0   M   M   M   M    M   M         M  M
22  39  35  37 -10  28   0 0.12  0.0    0   M   M   M   M    M   M         M  M
23  63  35  49   2  16   0 0.00    M    0   M   M   M   M    M   M         M  M
24  65  38  52   4  13   0 0.00    M    0   M   M   M   M    M   M         M  M
25  49  39  44  -4  21   0 0.38  0.0    0   M   M   M   M    M   M         M  M
================================================================================
SM 1357  904       491   2  3.80    11.0     M          M        M
================================================================================
AV 54.3 36.2                                 M FASTST   M    M   6    MAX(MPH)
                                 MISC ---->     M   M                  M    M
================================================================================
NOTES:
# LAST OF SEVERAL OCCURRENCES

COLUMN 17 PEAK WIND IN M.P.H.

PRELIMINARY LOCAL CLIMATOLOGICAL DATA (WS FORM: F-6) , PAGE 2

                                          STATION:  GRAY ME
                                          MONTH:    APRIL
                                          YEAR:     2017
                                          LATITUDE:   43 53 N
                                          LONGITUDE:  70 15 W

[TEMPERATURE DATA]      [PRECIPITATION DATA]       SYMBOLS USED IN COLUMN 16

AVERAGE MONTHLY: 45.2   TOTAL FOR MONTH:   3.80    1 = FOG OR MIST
DPTR FM NORMAL:   2.0   DPTR FM NORMAL:    0.15    2 = FOG REDUCING VISIBILITY
HIGHEST:    85 ON 16    GRTST 24HR  1.30 ON  6- 6      TO 1/4 MILE OR LESS
LOWEST:     29 ON  2, 1                            3 = THUNDER
                        SNOW, ICE PELLETS, HAIL    4 = ICE PELLETS
                        TOTAL MONTH:  11.0 INCHES  5 = HAIL
                        GRTST 24HR  10.2 ON  1- 1  6 = FREEZING RAIN OR DRIZZLE
                        GRTST DEPTH:  18 ON  2     7 = DUSTSTORM OR SANDSTORM:
                                                       VSBY 1/2 MILE OR LESS
                                                   8 = SMOKE OR HAZE
[NO. OF DAYS WITH]      [WEATHER - DAYS WITH]      9 = BLOWING SNOW
                                                   X = TORNADO
MAX 32 OR BELOW:   1    0.01 INCH OR MORE:  11
MAX 90 OR ABOVE:   0    0.10 INCH OR MORE:   8
MIN 32 OR BELOW:   7    0.50 INCH OR MORE:   3
MIN  0 OR BELOW:   0    1.00 INCH OR MORE:   1

[HDD (BASE 65) ]
TOTAL THIS MO.   491    CLEAR  (SCALE 0-3)   0
DPTR FM NORMAL   -53    PTCLDY (SCALE 4-7)   0
TOTAL FM JUL 1  6348    CLOUDY (SCALE 8-10)  0
DPTR FM NORMAL  -347

[CDD (BASE 65) ]
TOTAL THIS MO.     2
DPTR FM NORMAL     2    [PRESSURE DATA]
TOTAL FM JAN 1     2    HIGHEST SLP M ON M
DPTR FM NORMAL     2    LOWEST  SLP M ON M

[REMARKS]
