000
CXUS54 KEWX 310910
CF6HDO
PRELIMINARY LOCAL CLIMATOLOGICAL DATA (WS FORM: F-6)

                                          STATION:   HONDO
                                          MONTH:     AUGUST
                                          YEAR:      2015
                                          LATITUDE:   29 21 N
                                          LONGITUDE:  99 10 W

  TEMPERATURE IN F:       :PCPN:    SNOW:  WIND      :SUNSHINE: SKY     :PK WND
================================================================================
1   2   3   4   5  6A  6B    7    8   9   10  11  12  13   14  15   16   17  18
                                     12Z  AVG MX 2MIN
DY MAX MIN AVG DEP HDD CDD  WTR  SNW DPTH SPD SPD DIR MIN PSBL S-S WX    SPD DR
================================================================================

 1  99  72  86   2   0  21 0.00  0.0    0  7.6 15 110   M    M   1        20 100
 2  97  67  82  -2   0  17 0.00  0.0    0  6.0 16 130   M    M   1        21 130
 3  99  70  85   1   0  20 0.00  0.0    0  7.0 17 110   M    M   0        21 110
 4  99  77  88   4   0  23 0.00  0.0    0  8.7 21 150   M    M   3        26 140
 5 100  76  88   4   0  23 0.00  0.0    0  9.2 24 150   M    M   3 1      30 150
 6 100  76  88   4   0  23 0.00  0.0    0  9.2 23 140   M    M   3        30 140
 7 100  74  87   3   0  22 0.00  0.0    0 11.1 23 140   M    M   3        29 130
 8 101  77  89   5   0  24 0.00    M    M 10.9 23 150   M    M   4        27 140
 9 101  74  88   4   0  23 0.00    M    M  9.2 21 130   M    M   2        27 130
10 102  75  89   5   0  24 0.00    M    M  6.2 16 120   M    M   2        20 130
11 103  69  86   2   0  21 0.00  0.0    0  6.1 17  90   M    M   0        22 120
12 103  75  89   5   0  24 0.14  0.0    0  4.7 26  80   M    M   2 138    34  60
13 103  73  88   4   0  23 0.00    M    0  5.1 20 340   M    M   2 13     26 330
14 101  73  87   3   0  22 0.00  0.0    0  6.2 16 310   M    M   1        23 130
15  96  76  86   2   0  21    T  0.0    0  6.2 17  80   M    M   3 8      20  80
16  99  69  84   0   0  19 0.00  0.0    0  8.3 20 110   M    M   1 8      27 110
17  97  68  83  -1   0  18 0.00  0.0    0  6.7 16 140   M    M   2 8      22 140
18 100  73  87   3   0  22 0.00  0.0    0 10.1 23 140   M    M   2 8      29 150
19 100  76  88   4   0  23 0.00  0.0    0  9.4 17 140   M    M   3 8      24 130
20  90  71  81  -3   0  16 0.01  0.0    0  7.6 29 140   M    M   5 138    36 140
21  94  70  82  -2   0  17 0.00  0.0    0  9.0 23 140   M    M   5 1      27 150
22  99  77  88   4   0  23 0.00    M    M 12.4 24 140   M    M   5        31 150
23  99  75  87   3   0  22 0.00    M    M  9.8 20 110   M    M   3 8      26 110
24  99  70  85   1   0  20 0.00  0.0    0  5.8 14 120   M    M   1 8      17 140
25 101  70  86   2   0  21 0.00  0.0    0  6.0 15 150   M    M   0        19 140
26  97  71  84   1   0  19 0.00  0.0    0  7.2 15 120   M    M   1        20 130
27  97  70  84   1   0  19 0.00  0.0    0  6.3 14 150   M    M   2        26 140
28  96  64  80  -3   0  15 0.00  0.0    0  7.1 17 150   M    M   0 8       M 130
29  95  63  79  -4   0  14    T  0.0    0  6.5 15 150   M    M   0 8      20 140
30  95  72  84   1   0  19    T  0.0    0  6.5 17 120   M    M   0 8      21 120
================================================================================
SM 2962 2163         0 618  0.15     0.0 232.1          M       60
================================================================================
AV 98.7 72.1                               7.7 FASTST   M    M   2    MAX(MPH)
                                 MISC ---->  # 29 140               # 36  140
================================================================================
NOTES:
# LAST OF SEVERAL OCCURRENCES

COLUMN 17 PEAK WIND IN M.P.H.

PRELIMINARY LOCAL CLIMATOLOGICAL DATA (WS FORM: F-6) , PAGE 2

                                          STATION:  HONDO
                                          MONTH:    AUGUST
                                          YEAR:     2015
                                          LATITUDE:   29 21 N
                                          LONGITUDE:  99 10 W

[TEMPERATURE DATA]      [PRECIPITATION DATA]       SYMBOLS USED IN COLUMN 16

AVERAGE MONTHLY: 85.4   TOTAL FOR MONTH:   0.15    1 = FOG OR MIST
DPTR FM NORMAL:   1.6   DPTR FM NORMAL:   -1.43    2 = FOG REDUCING VISIBILITY
HIGHEST:   103 ON 13,12 GRTST 24HR  0.14 ON 12-12      TO 1/4 MILE OR LESS
LOWEST:     63 ON 29                               3 = THUNDER
                        SNOW, ICE PELLETS, HAIL    4 = ICE PELLETS
                        TOTAL MONTH:   0.0 INCH    5 = HAIL
                        GRTST 24HR     0.0         6 = FREEZING RAIN OR DRIZZLE
                        GRTST DEPTH:   0           7 = DUSTSTORM OR SANDSTORM:
                                                       VSBY 1/2 MILE OR LESS
                                                   8 = SMOKE OR HAZE
[NO. OF DAYS WITH]      [WEATHER - DAYS WITH]      9 = BLOWING SNOW
                                                   X = TORNADO
MAX 32 OR BELOW:   0    0.01 INCH OR MORE:   2
MAX 90 OR ABOVE:  30    0.10 INCH OR MORE:   1
MIN 32 OR BELOW:   0    0.50 INCH OR MORE:   0
MIN  0 OR BELOW:   0    1.00 INCH OR MORE:   0

[HDD (BASE 65) ]
TOTAL THIS MO.     0    CLEAR  (SCALE 0-3)  24
DPTR FM NORMAL     0    PTCLDY (SCALE 4-7)   6
TOTAL FM JUL 1     0    CLOUDY (SCALE 8-10)  0
DPTR FM NORMAL     0

[CDD (BASE 65) ]
TOTAL THIS MO.   618
DPTR FM NORMAL    54    [PRESSURE DATA]
TOTAL FM JAN 1  2160    HIGHEST SLP M ON M
DPTR FM NORMAL   -61    LOWEST  SLP 29.68 ON 18

[REMARKS]
