000
CXUS54 KHGX 221429
CF6HGX
PRELIMINARY LOCAL CLIMATOLOGICAL DATA (WS FORM: F-6)

                                          STATION:   DICKINSON  WFO
                                          MONTH:     NOVEMBER
                                          YEAR:      2014
                                          LATITUDE:   29 28 N
                                          LONGITUDE:  95  5 W

  TEMPERATURE IN F:       :PCPN:    SNOW:  WIND      :SUNSHINE: SKY     :PK WND
================================================================================
1   2   3   4   5  6A  6B    7    8   9   10  11  12  13   14  15   16   17  18
                                     12Z  AVG MX 2MIN
DY MAX MIN AVG DEP HDD CDD  WTR  SNW DPTH SPD SPD DIR MIN PSBL S-S WX    SPD DR
================================================================================

 1  61  44  53 -13  12   0 0.00    M    M   M   M   M   M    M   M         M  M
 2  71  44  58  -7   7   0 0.00  0.0    M   M   M   M   M    M   M         M  M
 3  81  60  71   6   0   6 0.00  0.0    M   M   M   M   M    M   M         M  M
 4  81  70  76  11   0  11 0.00    M    M   M   M   M   M    M   M         M  M
 5  80  66  73   8   0   8 0.48  0.0    M   M   M   M   M    M   M         M  M
 6  66  53  60  -4   5   0 0.23  0.0    M   M   M   M   M    M   M         M  M
 7  62  53  58  -6   7   0 0.00    M    M   M   M   M   M    M   M         M  M
 8  73  53  63  -1   2   0    T    M    M   M   M   M   M    M   M         M  M
 9  74  50  62  -2   3   0 0.00    M    M   M   M   M   M    M   M         M  M
10  78  50  64   1   1   0 0.00    M    M   M   M   M   M    M   M         M  M
11  76  50  63   0   2   0 0.01    M    M   M   M   M   M    M   M         M  M
12  54  41  48 -15  17   0 0.01    M    M   M   M   M   M    M   M         M  M
13  47  32  40 -22  25   0 0.36  0.0    M   M   M   M   M    M   M         M  M
14  44  35  40 -22  25   0 0.00  0.0    M   M   M   M   M    M   M         M  M
15  56  44  50 -12  15   0 0.18  0.0    M   M   M   M   M    M   M         M  M
16  65  44  55  -7  10   0 1.08  0.0    M   M   M   M   M    M   M         M  M
17  50  36  43 -18  22   0 0.00    M    M   M   M   M   M    M   M         M  M
18  50  32  41 -20  24   0 0.00    M    M   M   M   M   M    M   M         M  M
19  68  32  50 -11  15   0 0.00  0.0    M   M   M   M   M    M   M         M  M
20  74  49  62   2   3   0 0.04  0.0    M   M   M   M   M    M   M         M  M
21  67  62  65   5   0   0 0.41  0.0    M   M   M   M   M    M   M 1       M  M
================================================================================
SM 1378 1000       195  25  2.80     0.0     M          M        M
================================================================================
AV 65.6 47.6                                 M FASTST   M    M   4    MAX(MPH)
                                 MISC ---->     M   M                  M    M
================================================================================
NOTES:
# LAST OF SEVERAL OCCURRENCES

COLUMN 17 PEAK WIND IN M.P.H.

PRELIMINARY LOCAL CLIMATOLOGICAL DATA (WS FORM: F-6) , PAGE 2

                                          STATION:  DICKINSON  WFO
                                          MONTH:    NOVEMBER
                                          YEAR:     2014
                                          LATITUDE:   29 28 N
                                          LONGITUDE:  95  5 W

[TEMPERATURE DATA]      [PRECIPITATION DATA]       SYMBOLS USED IN COLUMN 16

AVERAGE MONTHLY: 56.6   TOTAL FOR MONTH:   2.80    1 = FOG OR MIST
DPTR FM NORMAL:  -6.3   DPTR FM NORMAL:   -0.79    2 = FOG REDUCING VISIBILITY
HIGHEST:    81 ON  4, 3 GRTST 24HR  1.08 ON 16-16      TO 1/4 MILE OR LESS
LOWEST:     32 ON 19,18                            3 = THUNDER
                        SNOW, ICE PELLETS, HAIL    4 = ICE PELLETS
                        TOTAL MONTH:   0.0 INCH    5 = HAIL
                        GRTST 24HR     0.0         6 = FREEZING RAIN OR DRIZZLE
                        GRTST DEPTH:  M  ON   M    7 = DUSTSTORM OR SANDSTORM:
                                                       VSBY 1/2 MILE OR LESS
                                                   8 = SMOKE OR HAZE
[NO. OF DAYS WITH]      [WEATHER - DAYS WITH]      9 = BLOWING SNOW
                                                   X = TORNADO
MAX 32 OR BELOW:   0    0.01 INCH OR MORE:   9
MAX 90 OR ABOVE:   0    0.10 INCH OR MORE:   6
MIN 32 OR BELOW:   3    0.50 INCH OR MORE:   1
MIN  0 OR BELOW:   0    1.00 INCH OR MORE:   1

[HDD (BASE 65) ]
TOTAL THIS MO.   195    CLEAR  (SCALE 0-3)   0
DPTR FM NORMAL   103    PTCLDY (SCALE 4-7)   0
TOTAL FM JUL 1   196    CLOUDY (SCALE 8-10)  0
DPTR FM NORMAL    68

[CDD (BASE 65) ]
TOTAL THIS MO.    25
DPTR FM NORMAL   -27    [PRESSURE DATA]
TOTAL FM JAN 1  2907    HIGHEST SLP M ON M
DPTR FM NORMAL   250    LOWEST  SLP M ON M

[REMARKS]
