000
CXUS56 KPQR 311230
CF6HIO
PRELIMINARY LOCAL CLIMATOLOGICAL DATA (WS FORM: F-6)

                                          STATION:   HILLSBORO OR
                                          MONTH:     OCTOBER
                                          YEAR:      2014
                                          LATITUDE:   45 32 N
                                          LONGITUDE: 122 57 W

  TEMPERATURE IN F:       :PCPN:    SNOW:  WIND      :SUNSHINE: SKY     :PK WND
================================================================================
1   2   3   4   5  6A  6B    7    8   9   10  11  12  13   14  15   16   17  18
                                     12Z  AVG MX 2MIN
DY MAX MIN AVG DEP HDD CDD  WTR  SNW DPTH SPD SPD DIR MIN PSBL S-S WX    SPD DR
================================================================================

 1  66  42  54  -2  11   0 0.00  0.0    0  2.6 10  70   M    M   4 1      14  40
 2  71  42  57   1   8   0 0.00  0.0    0  2.7 10  90   M    M   1 1      13  70
 3  81  42  62   7   3   0 0.00  0.0    0  1.7  9 140   M    M   0        12 130
 4  85  43  64   9   1   0 0.00  0.0    0  1.9 10 300   M    M   0 18     10 290
 5  85  50  68  13   0   3 0.00  0.0    0  2.5 10  30   M    M   0        13  40
 6  87  52  70  16   0   5 0.00  0.0    0  2.0  9  50   M    M   0 1      11 350
 7  82  51  67  13   0   2 0.00  0.0    0  2.4  9 310   M    M   1 128    11 310
 8  77  46  62   8   3   0 0.00  0.0    0  2.2 10  50   M    M   0 1      12  30
 9  76  46  61   8   4   0 0.00  0.0    0  0.6  7  60   M    M   4 128     7  70
10  70  45  58   5   7   0 0.00  0.0    0  1.6  8  50   M    M   7 128    10  50
11  72  50  61   8   4   0 0.22  0.0    0  4.7 20 300   M    M   8 1      25 290
12  65  46  56   4   9   0 0.00  0.0    0  1.9  8 140   M    M   8 128    10 140
13  72  44  58   6   7   0 0.01    M    0  5.8 17 310   M    M   5 1      27 210
14  61  54  58   6   7   0 0.68  0.0    0  4.5 13 130   M    M   9 1      15 140
15  59  52  56   4   9   0 0.42  0.0    0 10.9 20 180   M    M   9 1      28 170
16  68  47  58   7   7   0 0.00  0.0    0  2.6 12 180   M    M   2 1      15 140
17  59  52  56   5   9   0 0.20  0.0    0  4.5 10 140   M    M  10 1      13 140
18  71  53  62  11   3   0 0.02  0.0    0  5.1 13 170   M    M   8 1      15 180
19  72  52  62  12   3   0 0.02  0.0    0  2.9 10 230   M    M   5 12     15 230
20  63  53  58   8   7   0 0.24  0.0    0  7.6 16 170   M    M   8 18     20 170
21  60  53  57   7   8   0 0.07  0.0    0  9.7 20 170   M    M  10 1      24 170
22  58  52  55   5  10   0 1.22  0.0    0 10.8 23 170   M    M   8 1      32 170
23  60  50  55   5  10   0 0.43  0.0    0  4.8 13 190   M    M   9 1      16 180
24  55  47  51   2  14   0 0.16    M    0  2.9  8 300   M    M   5 12     10 110
25  63  45  54   5  11   0 0.25    M    0 11.0 35 180   M    M   8 1      47 180
26  58  42  50   1  15   0 0.25    M    0  5.8 14 260   M    M   5 1      17 210
27  59  42  51   2  14   0    T    M    0  3.0 10 170   M    M   8 1      13 200
28  58  52  55   7  10   0 0.27  0.0    0  9.9 17 180   M    M   9 1      23 180
29  62  53  58  10   7   0 0.10  0.0    0  4.0 15 170   M    M   8 1      19 170
30  61  53  57   9   8   0 0.71  0.0    0  4.7 14 150   M    M   9 1      15 160
================================================================================
SM 2036 1451       209  10  5.27     0.0 137.3          M      168
================================================================================
AV 67.9 48.4                               4.6 FASTST   M    M   6    MAX(MPH)
                                 MISC ---->  # 35 180               # 47  180
================================================================================
NOTES:
# LAST OF SEVERAL OCCURRENCES

COLUMN 17 PEAK WIND IN M.P.H.

PRELIMINARY LOCAL CLIMATOLOGICAL DATA (WS FORM: F-6) , PAGE 2

                                          STATION:  HILLSBORO OR
                                          MONTH:    OCTOBER
                                          YEAR:     2014
                                          LATITUDE:   45 32 N
                                          LONGITUDE: 122 57 W

[TEMPERATURE DATA]      [PRECIPITATION DATA]       SYMBOLS USED IN COLUMN 16

AVERAGE MONTHLY: 58.1   TOTAL FOR MONTH:   5.27    1 = FOG OR MIST
DPTR FM NORMAL:   6.5   DPTR FM NORMAL:    2.23    2 = FOG REDUCING VISIBILITY
HIGHEST:    87 ON  6    GRTST 24HR  1.44 ON 22-23      TO 1/4 MILE OR LESS
LOWEST:     42 ON 27,26                            3 = THUNDER
                        SNOW, ICE PELLETS, HAIL    4 = ICE PELLETS
                        TOTAL MONTH:   0.0 INCH    5 = HAIL
                        GRTST 24HR     0.0         6 = FREEZING RAIN OR DRIZZLE
                        GRTST DEPTH:   0           7 = DUSTSTORM OR SANDSTORM:
                                                       VSBY 1/2 MILE OR LESS
                                                   8 = SMOKE OR HAZE
[NO. OF DAYS WITH]      [WEATHER - DAYS WITH]      9 = BLOWING SNOW
                                                   X = TORNADO
MAX 32 OR BELOW:   0    0.01 INCH OR MORE:  17
MAX 90 OR ABOVE:   0    0.10 INCH OR MORE:  13
MIN 32 OR BELOW:   0    0.50 INCH OR MORE:   3
MIN  0 OR BELOW:   0    1.00 INCH OR MORE:   1

[HDD (BASE 65) ]
TOTAL THIS MO.   209    CLEAR  (SCALE 0-3)   8
DPTR FM NORMAL  -193    PTCLDY (SCALE 4-7)  10
TOTAL FM JUL 1   264    CLOUDY (SCALE 8-10) 12
DPTR FM NORMAL  -400

[CDD (BASE 65) ]
TOTAL THIS MO.    10
DPTR FM NORMAL    10    [PRESSURE DATA]
TOTAL FM JAN 1   405    HIGHEST SLP M ON M
DPTR FM NORMAL   208    LOWEST  SLP 29.37 ON 25

[REMARKS]
