000
CXUS53 KGID 260730
CF6HJH
PRELIMINARY LOCAL CLIMATOLOGICAL DATA (WS FORM: F-6)

                                          STATION:   HEBRON
                                          MONTH:     MARCH
                                          YEAR:      2015
                                          LATITUDE:   40  9 N
                                          LONGITUDE:  97 35 W

  TEMPERATURE IN F:       :PCPN:    SNOW:  WIND      :SUNSHINE: SKY     :PK WND
================================================================================
1   2   3   4   5  6A  6B    7    8   9   10  11  12  13   14  15   16   17  18
                                     12Z  AVG MX 2MIN
DY MAX MIN AVG DEP HDD CDD  WTR  SNW DPTH SPD SPD DIR MIN PSBL S-S WX    SPD DR
================================================================================

 1  39  18  29  -5  36   0    T    M    M  2.0  8 320   M    M   4         M  M
 2  42  26  34  -1  31   0    T    M    M  9.2 20 150   M    M   4        28 170
 3  38  21  30  -5  35   0 0.00    M    M 13.3 24 360   M    M   5 8      31 350
 4  32  10  21 -15  44   0    M    M    M  6.9 17 360   M    M   4        24 360
 5  39   3  21 -15  44   0 0.00    M    M  5.5 13 170   M    M   0        17 170
 6  63  25  44   8  21   0 0.00    M    M  9.0 18 200   M    M   0        23 200
 7  65  32  49  12  16   0 0.00    M    M  4.9  9 360   M    M   0        16 360
 8  56  27  42   5  23   0 0.00    M    M  7.4 15  30   M    M   0        22  20
 9  64  20  42   4  23   0 0.00    M    M  2.0  7 140   M    M   0         M  M
10  72  33  53  15  12   0 0.00    M    M  4.6  9 340   M    M   1        16 340
11  73  26  50  12  15   0 0.00    M    M  3.6  9 130   M    M   0         M  M
12  76  37  57  18   8   0 0.00    M    M  8.9 20 190   M    M   0        28 190
13  74  32  53  14  12   0 0.00    M    M 10.1 23 360   M    M   0        32  30
14  66  34  50  11  15   0 0.00    M    M  6.1 10 350   M    M   0        16 350
15  80  37  59  19   6   0 0.00    M    M 14.0 21 230   M    M   0        30 210
16  90  47  69  29   0   4 0.00    M    M 15.5 30  20   M    M   0        41  20
17  53  32  43   2  22   0 0.00    M    M 14.8 25  30   M    M   0        39  20
18  51  31  41   0  24   0 0.00    M    M  8.1 15 150   M    M   6        20 130
19  56  36  46   5  19   0 0.00    M    M  2.8 10 200   M    M   6 1       M  M
20  73  28  51   9  14   0 0.00    M    M  5.7 15 200   M    M   0 1      22 240
21  73  35  54  12  11   0 0.00    M    M  6.7 15 100   M    M   0        21 100
22  74  32  53  11  12   0 0.00    M    M  7.6 20 340   M    M   1        25 340
23  54  30  42  -1  23   0    T    M    M  9.2 14  30   M    M   4 3      20  80
24  44  38  41  -2  24   0 0.56    M    M  6.0 15 100   M    M  10 123    20  90
25  44  32  38  -5  27   0 0.01    M    M  8.4 21  30   M    M   7 12     28  10
================================================================================
SM 1491  722       517   4  0.57    M    192.3          M       52
================================================================================
AV 59.6 28.9                               7.7 FASTST   M    M   2    MAX(MPH)
                                 MISC ---->    30   M                 41    M
================================================================================
NOTES:
# LAST OF SEVERAL OCCURRENCES

COLUMN 17 PEAK WIND IN M.P.H.

PRELIMINARY LOCAL CLIMATOLOGICAL DATA (WS FORM: F-6) , PAGE 2

                                          STATION:  HEBRON
                                          MONTH:    MARCH
                                          YEAR:     2015
                                          LATITUDE:   40  9 N
                                          LONGITUDE:  97 35 W

[TEMPERATURE DATA]      [PRECIPITATION DATA]       SYMBOLS USED IN COLUMN 16

AVERAGE MONTHLY: 44.3   TOTAL FOR MONTH:   0.57    1 = FOG OR MIST
DPTR FM NORMAL:   5.3   DPTR FM NORMAL:   -1.05    2 = FOG REDUCING VISIBILITY
HIGHEST:    90 ON 16    GRTST 24HR  0.56 ON 24-24      TO 1/4 MILE OR LESS
LOWEST:      3 ON  5                               3 = THUNDER
                        SNOW, ICE PELLETS, HAIL    4 = ICE PELLETS
                        TOTAL MONTH:    M          5 = HAIL
                        GRTST 24HR    M  ON   M    6 = FREEZING RAIN OR DRIZZLE
                        GRTST DEPTH:  M  ON   M    7 = DUSTSTORM OR SANDSTORM:
                                                       VSBY 1/2 MILE OR LESS
                                                   8 = SMOKE OR HAZE
[NO. OF DAYS WITH]      [WEATHER - DAYS WITH]      9 = BLOWING SNOW
                                                   X = TORNADO
MAX 32 OR BELOW:   1    0.01 INCH OR MORE:   2
MAX 90 OR ABOVE:   1    0.10 INCH OR MORE:   1
MIN 32 OR BELOW:  17    0.50 INCH OR MORE:   1
MIN  0 OR BELOW:   0    1.00 INCH OR MORE:   0

[HDD (BASE 65) ]
TOTAL THIS MO.   517    CLEAR  (SCALE 0-3)  16
DPTR FM NORMAL  -133    PTCLDY (SCALE 4-7)   8
TOTAL FM JUL 1  5056    CLOUDY (SCALE 8-10)  1
DPTR FM NORMAL  -205

[CDD (BASE 65) ]
TOTAL THIS MO.     4
DPTR FM NORMAL     4    [PRESSURE DATA]
TOTAL FM JAN 1     4    HIGHEST SLP M ON M
DPTR FM NORMAL     4    LOWEST  SLP M ON M

[REMARKS]
