000
CXUS53 KGID 220730
CF6HJH
PRELIMINARY LOCAL CLIMATOLOGICAL DATA (WS FORM: F-6)

                                          STATION:   HEBRON
                                          MONTH:     JULY
                                          YEAR:      2017
                                          LATITUDE:   40  9 N
                                          LONGITUDE:  97 35 W

  TEMPERATURE IN F:       :PCPN:    SNOW:  WIND      :SUNSHINE: SKY     :PK WND
================================================================================
1   2   3   4   5  6A  6B    7    8   9   10  11  12  13   14  15   16   17  18
                                     12Z  AVG MX 2MIN
DY MAX MIN AVG DEP HDD CDD  WTR  SNW DPTH SPD SPD DIR MIN PSBL S-S WX    SPD DR
================================================================================

 1  88  53  71  -5   0   6 0.00    M    M  4.9 10 250   M    M   0         M  M
 2  91  70  81   5   0  16 0.00    M    M  7.0 13  70   M    M   0        17 200
 3  89  67  78   2   0  13 0.00    M    M  4.6 10 140   M    M   0        16 120
 4  88  67  78   1   0  13    T    M    M  4.2 10 160   M    M   3 1      20 160
 5  91  59  75  -2   0  10 0.00    M    M  2.1  6 310   M    M   0 1       M  M
 6  98  65  82   5   0  17 0.00    M    M  6.4 15 240   M    M   0        20 240
 7  84  59  72  -5   0   7 0.00    M    M  5.3 23  40   M    M   1        29  40
 8  91  56  74  -3   0   9 0.00    M    M  3.9 10 220   M    M   0         M  M
 9  99  72  86   9   0  21 0.00    M    M 10.1 16 200   M    M   1        27 210
10 101  73  87  10   0  22 0.00    M    M  7.4 13 210   M    M   0        17 230
11 100  74  87  10   0  22 0.00    M    M  9.4 13 180   M    M   0        27 360
12  95  75  85   8   0  20    T    M    M  8.7 15  70   M    M   2 3      21  70
13  84  70  77   0   0  12 0.01    M    M  5.4  9  70   M    M   4 1       M  M
14  91  70  81   4   0  16 0.00    M    M  4.0  9 100   M    M   6 1       M  M
15  95  68  82   5   0  17 0.00    M    M  2.0  9  60   M    M   2 1       M  M
16  96  65  81   4   0  16 0.00    M    M  4.0 10 190   M    M   1         M  M
17  97  64  81   4   0  16 0.02    M    M  7.3 15 150   M    M   1        22 150
18  93  70  82   5   0  17 1.52    M    M 10.5 17 190   M    M   5 3      25 190
19  98  77  88  11   0  23 0.00    M  999 10.6 16 180   M    M   0        21 180
20  99  74  87  10   0  22 0.00    M    M  6.3 13 170   M    M   0        17 130
21 101  79  90  13   0  25 0.00    M    M 11.0 17 210   M    M   1        24 210
================================================================================
SM 1969 1427         0 340  1.55    M    135.1          M       27
================================================================================
AV 93.8 68.0                               6.4 FASTST   M    M   1    MAX(MPH)
                                 MISC ---->  # 23  40               # 29   40
================================================================================
NOTES:
# LAST OF SEVERAL OCCURRENCES

COLUMN 17 PEAK WIND IN M.P.H.

PRELIMINARY LOCAL CLIMATOLOGICAL DATA (WS FORM: F-6) , PAGE 2

                                          STATION:  HEBRON
                                          MONTH:    JULY
                                          YEAR:     2017
                                          LATITUDE:   40  9 N
                                          LONGITUDE:  97 35 W

[TEMPERATURE DATA]      [PRECIPITATION DATA]       SYMBOLS USED IN COLUMN 16

AVERAGE MONTHLY: 80.9   TOTAL FOR MONTH:   1.55    1 = FOG OR MIST
DPTR FM NORMAL:   4.0   DPTR FM NORMAL:   -1.19    2 = FOG REDUCING VISIBILITY
HIGHEST:   101 ON 21,10 GRTST 24HR  1.52 ON 18-18      TO 1/4 MILE OR LESS
LOWEST:     53 ON  1                               3 = THUNDER
                        SNOW, ICE PELLETS, HAIL    4 = ICE PELLETS
                        TOTAL MONTH:    M          5 = HAIL
                        GRTST 24HR    M  ON   M    6 = FREEZING RAIN OR DRIZZLE
                        GRTST DEPTH: 999 ON 19     7 = DUSTSTORM OR SANDSTORM:
                                                       VSBY 1/2 MILE OR LESS
                                                   8 = SMOKE OR HAZE
[NO. OF DAYS WITH]      [WEATHER - DAYS WITH]      9 = BLOWING SNOW
                                                   X = TORNADO
MAX 32 OR BELOW:   0    0.01 INCH OR MORE:   3
MAX 90 OR ABOVE:  16    0.10 INCH OR MORE:   1
MIN 32 OR BELOW:   0    0.50 INCH OR MORE:   1
MIN  0 OR BELOW:   0    1.00 INCH OR MORE:   1

[HDD (BASE 65) ]
TOTAL THIS MO.     0    CLEAR  (SCALE 0-3)  18
DPTR FM NORMAL     0    PTCLDY (SCALE 4-7)   3
TOTAL FM JUL 1     0    CLOUDY (SCALE 8-10)  0
DPTR FM NORMAL     0

[CDD (BASE 65) ]
TOTAL THIS MO.   340
DPTR FM NORMAL    90    [PRESSURE DATA]
TOTAL FM JAN 1   745    HIGHEST SLP M ON M
DPTR FM NORMAL   193    LOWEST  SLP M ON M

[REMARKS]
