000
CXUS53 KGID 210730
CF6HJH
PRELIMINARY LOCAL CLIMATOLOGICAL DATA (WS FORM: F-6)

                                          STATION:   HEBRON
                                          MONTH:     NOVEMBER
                                          YEAR:      2017
                                          LATITUDE:   40  9 N
                                          LONGITUDE:  97 35 W

  TEMPERATURE IN F:       :PCPN:    SNOW:  WIND      :SUNSHINE: SKY     :PK WND
================================================================================
1   2   3   4   5  6A  6B    7    8   9   10  11  12  13   14  15   16   17  18
                                     12Z  AVG MX 2MIN
DY MAX MIN AVG DEP HDD CDD  WTR  SNW DPTH SPD SPD DIR MIN PSBL S-S WX    SPD DR
================================================================================

 1  55  30  43  -4  22   0 0.00    M    M  6.3 15 160   M    M   1        17 160
 2  56  36  46   0  19   0 0.00    M    M 10.8 20  20   M    M   4 1      25  10
 3  46  29  38  -8  27   0 0.00    M    M  5.9 12  90   M    M   5         M  M
 4  52  33  43  -3  22   0 0.00    M    M  2.9  8 180   M    M   8 1       M  M
 5  50  32  41  -4  24   0 0.00    M    M  9.8 16 360   M    M   6        25 360
 6  47  26  37  -7  28   0 0.00    M    M  5.0 10  60   M    M   2         M  M
 7  44  25  35  -9  30   0 0.00    M    M  7.2 16  30   M    M   7        21  20
 8  52  19  36  -8  29   0 0.00    M    M  5.3 13 220   M    M   1        18 200
 9  39  23  31 -12  34   0 0.00    M    M  8.5 16  30   M    M   0        21  20
10  39  23  31 -11  34   0 0.00    M    M 11.4 16 150   M    M   9        22 140
11  47  37  42   0  23   0 0.03    M    M  4.7 13 140   M    M  10 1       M  M
12  54  29  42   1  23   0 0.00    M    M  3.3  8 330   M    M   4 1       M  M
13  48  27  38  -3  27   0 0.00    M    M  6.2 14 170   M    M   8 12      M  M
14  55  48  52  12  13   0 0.00    M    M  5.6 12 190   M    M  10 1      16 190
15  56  29  43   3  22   0 0.00    M    M  7.0 16 340   M    M   0 2      23 340
16  58  27  43   4  22   0 0.00    M    M  9.6 20 170   M    M   0        29 170
17  68  46  57  18   8   0 0.00    M    M  8.0 15 180   M    M   5 1      22 180
18  52  29  41   3  24   0 0.06    M    M 14.0 24 330   M    M   5        32 330
19  58  22  40   2  25   0 0.00    M    M  5.7 13 200   M    M   0        18 220
20  59  38  49  12  16   0 0.00    M    M  9.3 17 230   M    M   0        23 230
================================================================================
SM 1035  608       472   0  0.09    M    146.5          M       85
================================================================================
AV 51.8 30.4                               7.3 FASTST   M    M   4    MAX(MPH)
                                 MISC ---->  # 24 330               # 32  330
================================================================================
NOTES:
# LAST OF SEVERAL OCCURRENCES

COLUMN 17 PEAK WIND IN M.P.H.

PRELIMINARY LOCAL CLIMATOLOGICAL DATA (WS FORM: F-6) , PAGE 2

                                          STATION:  HEBRON
                                          MONTH:    NOVEMBER
                                          YEAR:     2017
                                          LATITUDE:   40  9 N
                                          LONGITUDE:  97 35 W

[TEMPERATURE DATA]      [PRECIPITATION DATA]       SYMBOLS USED IN COLUMN 16

AVERAGE MONTHLY: 41.1   TOTAL FOR MONTH:   0.09    1 = FOG OR MIST
DPTR FM NORMAL:  -1.0   DPTR FM NORMAL:   -0.91    2 = FOG REDUCING VISIBILITY
HIGHEST:    68 ON 17    GRTST 24HR  0.06 ON 18-18      TO 1/4 MILE OR LESS
LOWEST:     19 ON  8                               3 = THUNDER
                        SNOW, ICE PELLETS, HAIL    4 = ICE PELLETS
                        TOTAL MONTH:    M          5 = HAIL
                        GRTST 24HR    M  ON   M    6 = FREEZING RAIN OR DRIZZLE
                        GRTST DEPTH:  M  ON   M    7 = DUSTSTORM OR SANDSTORM:
                                                       VSBY 1/2 MILE OR LESS
                                                   8 = SMOKE OR HAZE
[NO. OF DAYS WITH]      [WEATHER - DAYS WITH]      9 = BLOWING SNOW
                                                   X = TORNADO
MAX 32 OR BELOW:   0    0.01 INCH OR MORE:   2
MAX 90 OR ABOVE:   0    0.10 INCH OR MORE:   0
MIN 32 OR BELOW:  14    0.50 INCH OR MORE:   0
MIN  0 OR BELOW:   0    1.00 INCH OR MORE:   0

[HDD (BASE 65) ]
TOTAL THIS MO.   472    CLEAR  (SCALE 0-3)   8
DPTR FM NORMAL    12    PTCLDY (SCALE 4-7)   8
TOTAL FM JUL 1   821    CLOUDY (SCALE 8-10)  4
DPTR FM NORMAL  -119

[CDD (BASE 65) ]
TOTAL THIS MO.     0
DPTR FM NORMAL     0    [PRESSURE DATA]
TOTAL FM JAN 1  1333    HIGHEST SLP M ON M
DPTR FM NORMAL   196    LOWEST  SLP M ON M

[REMARKS]
