000
CXUS54 KJAN 231414
CF6HKS
PRELIMINARY LOCAL CLIMATOLOGICAL DATA (WS FORM: F-6)

                                          STATION:   JACKSON HAWKINS
                                          MONTH:     FEBRUARY
                                          YEAR:      2017
                                          LATITUDE:   32 20 N
                                          LONGITUDE:  90 14 W

  TEMPERATURE IN F:       :PCPN:    SNOW:  WIND      :SUNSHINE: SKY     :PK WND
================================================================================
1   2   3   4   5  6A  6B    7    8   9   10  11  12  13   14  15   16   17  18
                                     12Z  AVG MX 2MIN
DY MAX MIN AVG DEP HDD CDD  WTR  SNW DPTH SPD SPD DIR MIN PSBL S-S WX    SPD DR
================================================================================

 1  76  51  64  16   1   0 0.00  0.0    0  7.1 17 240   M    M   2 8      22 220
 2  64  43  54   6  11   0 0.06  0.0    0  6.1 12 360   M    M   7 18     17 360
 3  54  38  46  -2  19   0    T  0.0    0  7.2 15 350   M    M   5 1      22 360
 4  59  33  46  -2  19   0 0.00  0.0    0  6.6 12 160   M    M   2        16  70
 5  55  48  52   4  13   0 0.09  0.0    0  4.8 16 170   M    M   9 1      22 180
 6  77  55  66  17   0   1    T  0.0    0  9.3 21 200   M    M   6 1      29 200
 7  78  59  69  20   0   4 1.58  0.0    0  6.8 21 260   M    M   6 138    29 270
 8  80  49  65  16   0   0 0.00  0.0    0  9.8 17 350   M    M   4 1      28 350
 9  56  38  47  -2  18   0 0.00  0.0    0  5.1 16 350   M    M   0        25 360
10  75  39  57   8   8   0 0.00  0.0    0 11.2 21 200   M    M   2        27 210
11  81  61  71  21   0   6    T  0.0    0 10.2 18 210   M    M   7 1      26 200
12  83  60  72  22   0   7    T  0.0    0  8.9 18 270   M    M   8 1      26 260
13  69  50  60  10   5   0 0.00  0.0    0  4.6 14  50   M    M   2        20  40
14  74  48  61  11   4   0 0.07  0.0    0  8.9 24 280   M    M   6 1      30 290
15  60  42  51   0  14   0    T  0.0    0  8.9 20 300   M    M   5 1      25 290
16  65  34  50  -1  15   0 0.00  0.0    0  1.8  9 240   M    M   0        11  30
17  66  38  52   1  13   0    T  0.0    0  7.3 15 160   M    M   2        19 220
18  71  50  61  10   4   0 0.00  0.0    0  3.2 13 270   M    M   5 1      18 240
19  81  50  66  14   0   1 0.00  0.0    0  3.4  9 120   M    M   0 18     12  80
20  82  58  70  18   0   5    M  0.0    0  8.1  M 150   M    M   1         M  M
21  69  54  62  10   3   0 0.30  0.0    0  4.9 18 290   M    M   5 1      27 280
22  74  48  61   9   4   0 0.00  0.0    0  4.1 10  60   M    M   3 12     16 320
================================================================================
SM 1549 1046       151  24  2.10     0.0 148.3          M       87
================================================================================
AV 70.4 47.6                               6.7 FASTST   M    M   4    MAX(MPH)
                                 MISC ---->  # 24 280               # 30  290
================================================================================
NOTES:
# LAST OF SEVERAL OCCURRENCES

COLUMN 17 PEAK WIND IN M.P.H.

PRELIMINARY LOCAL CLIMATOLOGICAL DATA (WS FORM: F-6) , PAGE 2

                                          STATION:  JACKSON HAWKINS
                                          MONTH:    FEBRUARY
                                          YEAR:     2017
                                          LATITUDE:   32 20 N
                                          LONGITUDE:  90 14 W

[TEMPERATURE DATA]      [PRECIPITATION DATA]       SYMBOLS USED IN COLUMN 16

AVERAGE MONTHLY: 59.0   TOTAL FOR MONTH:   2.10    1 = FOG OR MIST
DPTR FM NORMAL:   9.1   DPTR FM NORMAL:   -1.38    2 = FOG REDUCING VISIBILITY
HIGHEST:    83 ON 12    GRTST 24HR  1.58 ON  7- 7      TO 1/4 MILE OR LESS
LOWEST:     33 ON  4                               3 = THUNDER
                        SNOW, ICE PELLETS, HAIL    4 = ICE PELLETS
                        TOTAL MONTH:   0.0 INCH    5 = HAIL
                        GRTST 24HR     0.0         6 = FREEZING RAIN OR DRIZZLE
                        GRTST DEPTH:   0           7 = DUSTSTORM OR SANDSTORM:
                                                       VSBY 1/2 MILE OR LESS
                                                   8 = SMOKE OR HAZE
[NO. OF DAYS WITH]      [WEATHER - DAYS WITH]      9 = BLOWING SNOW
                                                   X = TORNADO
MAX 32 OR BELOW:   0    0.01 INCH OR MORE:   5
MAX 90 OR ABOVE:   0    0.10 INCH OR MORE:   2
MIN 32 OR BELOW:   0    0.50 INCH OR MORE:   1
MIN  0 OR BELOW:   0    1.00 INCH OR MORE:   1

[HDD (BASE 65) ]
TOTAL THIS MO.   151    CLEAR  (SCALE 0-3)  10
DPTR FM NORMAL  -187    PTCLDY (SCALE 4-7)  11
TOTAL FM JUL 1  1070    CLOUDY (SCALE 8-10)  1
DPTR FM NORMAL  -720

[CDD (BASE 65) ]
TOTAL THIS MO.    24
DPTR FM NORMAL    24    [PRESSURE DATA]
TOTAL FM JAN 1    45    HIGHEST SLP M ON M
DPTR FM NORMAL    41    LOWEST  SLP 29.64 ON  7

[REMARKS]
