000
CXUS53 KGLD 240800
CF6HLC
PRELIMINARY LOCAL CLIMATOLOGICAL DATA (WS FORM: F-6)

                                          STATION:   HILL CITY KS
                                          MONTH:     MARCH
                                          YEAR:      2017
                                          LATITUDE:   39 22 N
                                          LONGITUDE:  99 50 W

  TEMPERATURE IN F:       :PCPN:    SNOW:  WIND      :SUNSHINE: SKY     :PK WND
================================================================================
1   2   3   4   5  6A  6B    7    8   9   10  11  12  13   14  15   16   17  18
                                     12Z  AVG MX 2MIN
DY MAX MIN AVG DEP HDD CDD  WTR  SNW DPTH SPD SPD DIR MIN PSBL S-S WX    SPD DR
================================================================================

 1  51  21  36  -1  29   0 0.00    M    M 13.8 30 330   M    M   0        37 340
 2  55  16  36  -1  29   0 0.00    M    M  8.4 24 320   M    M   0        33 340
 3  69  17  43   5  22   0 0.00    M    M  6.1 16 200   M    M   0 8      21 200
 4  77  18  48  10  17   0 0.00    M    M 11.5 28 200   M    M   0        37 190
 5  79  40  60  22   5   0 0.00    M    M 12.7 29 200   M    M   0        41 210
 6  75  36  56  17   9   0 0.00    M    M 22.6 43 310   M    M   2 8      55 300
 7  60  23  42   3  23   0 0.00    M    M 16.0 39 300   M    M   2 8      53 280
 8  70  22  46   7  19   0 0.00    M    M  4.7 12 220   M    M   0 8      15 270
 9  71  30  51  11  14   0 0.00    M    M  9.5 28  50   M    M   0 8      36  50
10  38  23  31  -9  34   0 0.00    M    M  9.9 20  40   M    M   8        27  50
11  36  24  30 -10  35   0 0.08    M    M  5.3 14  80   M    M   6 128    17  80
12  61  28  45   4  20   0    T    M    M 13.0 31 360   M    M   4 18     39 360
13  38  17  28 -13  37   0 0.00    M    M 10.8 28 350   M    M   3        35  10
14  46  25  36  -5  29   0 0.00    M    M  8.6 15 140   M    M   6 8      18 110
15  67  24  46   4  19   0 0.00    M    M 10.9 22 190   M    M   0 18     30 200
16  80  26  53  11  12   0 0.00    M    M  5.1 15 180   M    M   0 18     19 180
17  72  38  55  13  10   0 0.00    M    M  7.9 16 360   M    M   0        21  10
18  75  28  52  10  13   0 0.00    M    M  8.7 20 180   M    M   0        29 140
19  90  40  65  22   0   0 0.00    M    M  5.3 15 350   M    M   0 18     18 160
20  72  39  56  13   9   0 0.00    M    M 10.4 18  20   M    M   0 8      24  40
21  60  40  50   7  15   0 0.00    M    M 14.0 23  60   M    M   2        30  70
22  54  34  44   0  21   0    T    M    M 10.6 20 160   M    M   7 8      25  80
23  84  45  65  21   0   0 0.25    M    M 15.7 37 250   M    M   7 18     49 160
================================================================================
SM 1480  654       421   0  0.33    M    241.5          M       47
================================================================================
AV 64.4 28.4                              10.5 FASTST   M    M   2    MAX(MPH)
                                 MISC ---->  # 43 310               # 55  300
================================================================================
NOTES:
# LAST OF SEVERAL OCCURRENCES

COLUMN 17 PEAK WIND IN M.P.H.

PRELIMINARY LOCAL CLIMATOLOGICAL DATA (WS FORM: F-6) , PAGE 2

                                          STATION:  HILL CITY KS
                                          MONTH:    MARCH
                                          YEAR:     2017
                                          LATITUDE:   39 22 N
                                          LONGITUDE:  99 50 W

[TEMPERATURE DATA]      [PRECIPITATION DATA]       SYMBOLS USED IN COLUMN 16

AVERAGE MONTHLY: 46.4   TOTAL FOR MONTH:   0.33    1 = FOG OR MIST
DPTR FM NORMAL:   5.8   DPTR FM NORMAL:   -0.77    2 = FOG REDUCING VISIBILITY
HIGHEST:    90 ON 19    GRTST 24HR  0.25 ON 23-23      TO 1/4 MILE OR LESS
LOWEST:     16 ON  2                               3 = THUNDER
                        SNOW, ICE PELLETS, HAIL    4 = ICE PELLETS
                        TOTAL MONTH:    M          5 = HAIL
                        GRTST 24HR    M  ON   M    6 = FREEZING RAIN OR DRIZZLE
                        GRTST DEPTH:  M  ON   M    7 = DUSTSTORM OR SANDSTORM:
                                                       VSBY 1/2 MILE OR LESS
                                                   8 = SMOKE OR HAZE
[NO. OF DAYS WITH]      [WEATHER - DAYS WITH]      9 = BLOWING SNOW
                                                   X = TORNADO
MAX 32 OR BELOW:   0    0.01 INCH OR MORE:   2
MAX 90 OR ABOVE:   1    0.10 INCH OR MORE:   1
MIN 32 OR BELOW:  15    0.50 INCH OR MORE:   0
MIN  0 OR BELOW:   0    1.00 INCH OR MORE:   0

[HDD (BASE 65) ]
TOTAL THIS MO.   421    CLEAR  (SCALE 0-3)  17
DPTR FM NORMAL  -140    PTCLDY (SCALE 4-7)   6
TOTAL FM JUL 1  4049    CLOUDY (SCALE 8-10)  0
DPTR FM NORMAL  -762

[CDD (BASE 65) ]
TOTAL THIS MO.     0
DPTR FM NORMAL     0    [PRESSURE DATA]
TOTAL FM JAN 1     0    HIGHEST SLP M ON M
DPTR FM NORMAL     0    LOWEST  SLP 29.26 ON  6

[REMARKS]
