000
CXUS53 KGLD 250800
CF6HLC
PRELIMINARY LOCAL CLIMATOLOGICAL DATA (WS FORM: F-6)

                                          STATION:   HILL CITY KS
                                          MONTH:     FEBRUARY
                                          YEAR:      2017
                                          LATITUDE:   39 22 N
                                          LONGITUDE:  99 50 W

  TEMPERATURE IN F:       :PCPN:    SNOW:  WIND      :SUNSHINE: SKY     :PK WND
================================================================================
1   2   3   4   5  6A  6B    7    8   9   10  11  12  13   14  15   16   17  18
                                     12Z  AVG MX 2MIN
DY MAX MIN AVG DEP HDD CDD  WTR  SNW DPTH SPD SPD DIR MIN PSBL S-S WX    SPD DR
================================================================================

 1  36  25  31   1  34   0 0.00    M    M 13.1 18  30   M    M   8        24  50
 2  27  20  24  -6  41   0 0.00    M    M  5.9 14  20   M    M  10        16  30
 3  35  22  29  -1  36   0 0.00    M    M  8.4 17 180   M    M   5        21 170
 4  71  23  47  16  18   0 0.00    M    M  9.2 23 310   M    M   0        33 300
 5  51  19  35   4  30   0 0.00    M    M  4.4 17  20   M    M   1        20  10
 6  52  23  38   7  27   0 0.00    M    M  4.4 13 190   M    M   3 128    15 190
 7  50  20  35   4  30   0 0.00    M    M  9.6 18  50   M    M   0        24  50
 8  33  15  24  -7  41   0 0.00    M    M  7.6 21  30   M    M   1 8      26  40
 9  51  13  32   1  33   0 0.00    M    M  9.7 22 190   M    M   0        27 190
10  82  37  60  28   5   0 0.00    M    M  8.5 18 230   M    M   0 8      22 230
11  67  40  54  22  11   0 0.00    M    M 10.7 25  10   M    M   0        35  10
12  51  27  39   7  26   0 0.00    M    M  8.4 26  10   M    M   1 8      37  10
13  43  28  36   4  29   0 0.01    M    M  5.5 17 220   M    M   6 8      23 220
14  55  26  41   9  24   0 0.00    M    M 14.3 29 360   M    M   0        35 360
15  65  22  44  11  21   0 0.00    M    M  8.6 15 230   M    M   0        19 240
16  79  34  57  24   8   0 0.00    M    M  8.7 15 260   M    M   0        20 280
17  75  25  50  17  15   0 0.00    M    M  7.3 18  40   M    M   0        26  40
18  68  32  50  16  15   0 0.00    M    M  7.6 14  30   M    M   0 8      18  30
19  77  45  61  27   4   0 0.00    M    M 10.8 28 180   M    M   1 18     37 190
20  67  33  50  16  15   0 0.00    M    M 11.0 32 350   M    M   0 1      41 340
21  81  27  54  20  11   0 0.00    M    M  7.3 20 220   M    M   0 8      25 230
22  74  37  56  21   9   0 0.00    M    M  7.8 18 350   M    M   0 8      26 240
23  48  31  40   5  25   0 0.00    M    M 17.9 28  70   M    M   7 1      37  70
24  36  17  27  -8  38   0    T    M    0 15.7 31 350   M    M   8 1      36 350
================================================================================
SM 1374  641       546   0  0.01    M    222.4          M       51
================================================================================
AV 57.3 26.7                               9.3 FASTST   M    M   2    MAX(MPH)
                                 MISC ---->  # 32 350               # 41  340
================================================================================
NOTES:
# LAST OF SEVERAL OCCURRENCES

COLUMN 17 PEAK WIND IN M.P.H.

PRELIMINARY LOCAL CLIMATOLOGICAL DATA (WS FORM: F-6) , PAGE 2

                                          STATION:  HILL CITY KS
                                          MONTH:    FEBRUARY
                                          YEAR:     2017
                                          LATITUDE:   39 22 N
                                          LONGITUDE:  99 50 W

[TEMPERATURE DATA]      [PRECIPITATION DATA]       SYMBOLS USED IN COLUMN 16

AVERAGE MONTHLY: 42.0   TOTAL FOR MONTH:   0.01    1 = FOG OR MIST
DPTR FM NORMAL:   9.6   DPTR FM NORMAL:   -0.43    2 = FOG REDUCING VISIBILITY
HIGHEST:    82 ON 10    GRTST 24HR  0.01 ON 13-13      TO 1/4 MILE OR LESS
LOWEST:     13 ON  9                               3 = THUNDER
                        SNOW, ICE PELLETS, HAIL    4 = ICE PELLETS
                        TOTAL MONTH:    M          5 = HAIL
                        GRTST 24HR    M  ON   M    6 = FREEZING RAIN OR DRIZZLE
                        GRTST DEPTH:   0           7 = DUSTSTORM OR SANDSTORM:
                                                       VSBY 1/2 MILE OR LESS
                                                   8 = SMOKE OR HAZE
[NO. OF DAYS WITH]      [WEATHER - DAYS WITH]      9 = BLOWING SNOW
                                                   X = TORNADO
MAX 32 OR BELOW:   1    0.01 INCH OR MORE:   1
MAX 90 OR ABOVE:   0    0.10 INCH OR MORE:   0
MIN 32 OR BELOW:  18    0.50 INCH OR MORE:   0
MIN  0 OR BELOW:   0    1.00 INCH OR MORE:   0

[HDD (BASE 65) ]
TOTAL THIS MO.   546    CLEAR  (SCALE 0-3)  17
DPTR FM NORMAL  -238    PTCLDY (SCALE 4-7)   6
TOTAL FM JUL 1  3508    CLOUDY (SCALE 8-10)  1
DPTR FM NORMAL  -627

[CDD (BASE 65) ]
TOTAL THIS MO.     0
DPTR FM NORMAL     0    [PRESSURE DATA]
TOTAL FM JAN 1     0    HIGHEST SLP M ON M
DPTR FM NORMAL     0    LOWEST  SLP 29.42 ON  6

[REMARKS]
