000
CXUS53 KGLD 220800
CF6HLC
PRELIMINARY LOCAL CLIMATOLOGICAL DATA (WS FORM: F-6)

                                          STATION:   HILL CITY KS
                                          MONTH:     OCTOBER
                                          YEAR:      2014
                                          LATITUDE:   39 22 N
                                          LONGITUDE:  99 50 W

  TEMPERATURE IN F:       :PCPN:    SNOW:  WIND      :SUNSHINE: SKY     :PK WND
================================================================================
1   2   3   4   5  6A  6B    7    8   9   10  11  12  13   14  15   16   17  18
                                     12Z  AVG MX 2MIN
DY MAX MIN AVG DEP HDD CDD  WTR  SNW DPTH SPD SPD DIR MIN PSBL S-S WX    SPD DR
================================================================================

 1  81  57  69   9   0   4 0.00    M    M  4.7 28 330   M    M   5 12     35 340
 2  71  47  59  -1   6   0 0.10    M    M 15.1 32 350   M    M   3 1      42 340
 3  62  36  49 -11  16   0    T    M    M 16.2 38 360   M    M   3        49 360
 4  77  31  54  -5  11   0 0.00    M    M  6.4 18 310   M    M   1        23 310
 5  79  47  63   4   2   0 0.18    M    M 10.0 43 340   M    M   3 138    54 340
 6  83  48  66   8   0   1    T    M    M  8.9 22 260   M    M   1        30 240
 7  83  48  66   8   0   1 0.00    M    M  5.2 17  10   M    M   0 8      23  10
 8  73  50  62   5   3   0 0.00    M    M  8.4 16  80   M    M   2        20 100
 9  65  54  60   3   5   0 0.11    M    M 12.0 22  70   M    M   7 1      29  70
10  55  38  47  -9  18   0 0.36    M    M  8.6 20  20   M    M   8 1      24  30
11  63  32  48  -8  17   0 0.00    M    M  5.9 17 170   M    M   0        22 180
12  63  44  54  -2  11   0 0.00    M    M  9.7 33 340   M    M   4 3      42 350
13  67  47  57   2   8   0    T    M    0 21.7 37 360   M    M   3        47 360
14  71  38  55   0  10   0 0.00  0.0    0  7.7 17 350   M    M   0        23 340
15  79  32  56   2   9   0 0.00    M    M  7.2 18 170   M    M   0        23 170
16  83  43  63   9   2   0 0.00    M    M 11.1 24  10   M    M   0        29  10
17  71  43  57   3   8   0 0.00    M    M  8.2 15 330   M    M   0        20 330
18  67  33  50  -3  15   0 0.00    M    M  4.9 14 160   M    M   0        19 180
19  75  45  60   7   5   0 0.00    M    M  5.3 16 220   M    M   0        21 210
20  80  40  60   8   5   0 0.00    M    M  3.5 10  90   M    M   0        14 160
21  80  39  60   8   5   0 0.00    M    M  7.7 20 160   M    M   0 1      26 170
================================================================================
SM 1528  892       156   6  0.75     0.0 188.4          M       40
================================================================================
AV 72.8 42.5                               9.0 FASTST   M    M   2    MAX(MPH)
                                 MISC ---->  # 43 340               # 54  340
================================================================================
NOTES:
# LAST OF SEVERAL OCCURRENCES

COLUMN 17 PEAK WIND IN M.P.H.

PRELIMINARY LOCAL CLIMATOLOGICAL DATA (WS FORM: F-6) , PAGE 2

                                          STATION:  HILL CITY KS
                                          MONTH:    OCTOBER
                                          YEAR:     2014
                                          LATITUDE:   39 22 N
                                          LONGITUDE:  99 50 W

[TEMPERATURE DATA]      [PRECIPITATION DATA]       SYMBOLS USED IN COLUMN 16

AVERAGE MONTHLY: 57.6   TOTAL FOR MONTH:   0.75    1 = FOG OR MIST
DPTR FM NORMAL:   1.5   DPTR FM NORMAL:   -0.37    2 = FOG REDUCING VISIBILITY
HIGHEST:    83 ON 16, 7 GRTST 24HR  0.47 ON  9-10      TO 1/4 MILE OR LESS
LOWEST:     31 ON  4                               3 = THUNDER
                        SNOW, ICE PELLETS, HAIL    4 = ICE PELLETS
                        TOTAL MONTH:   0.0 INCH    5 = HAIL
                        GRTST 24HR     0.0         6 = FREEZING RAIN OR DRIZZLE
                        GRTST DEPTH:   0           7 = DUSTSTORM OR SANDSTORM:
                                                       VSBY 1/2 MILE OR LESS
                                                   8 = SMOKE OR HAZE
[NO. OF DAYS WITH]      [WEATHER - DAYS WITH]      9 = BLOWING SNOW
                                                   X = TORNADO
MAX 32 OR BELOW:   0    0.01 INCH OR MORE:   4
MAX 90 OR ABOVE:   0    0.10 INCH OR MORE:   4
MIN 32 OR BELOW:   3    0.50 INCH OR MORE:   0
MIN  0 OR BELOW:   0    1.00 INCH OR MORE:   0

[HDD (BASE 65) ]
TOTAL THIS MO.   156    CLEAR  (SCALE 0-3)  17
DPTR FM NORMAL   -48    PTCLDY (SCALE 4-7)   4
TOTAL FM JUL 1   238    CLOUDY (SCALE 8-10)  0
DPTR FM NORMAL   -43

[CDD (BASE 65) ]
TOTAL THIS MO.     6
DPTR FM NORMAL    -9    [PRESSURE DATA]
TOTAL FM JAN 1  1450    HIGHEST SLP M ON M
DPTR FM NORMAL   153    LOWEST  SLP 29.57 ON 12

[REMARKS]
