000
CXHW50 PHFO 201250
CF6HNL
PRELIMINARY LOCAL CLIMATOLOGICAL DATA (WS FORM: F-6)

                                          STATION:   HONOLULU HI
                                          MONTH:     SEPTEMBER
                                          YEAR:      2017
                                          LATITUDE:   21 21 N
                                          LONGITUDE: 157 56 W

  TEMPERATURE IN F:       :PCPN:    SNOW:  WIND      :SUNSHINE: SKY     :PK WND
================================================================================
1   2   3   4   5  6A  6B    7    8   9   10  11  12  13   14  15   16   17  18
                                     12Z  AVG MX 2MIN
DY MAX MIN AVG DEP HDD CDD  WTR  SNW DPTH SPD SPD DIR MIN PSBL S-S WX    SPD DR
================================================================================

 1  89  76  83   1   0  18    T  0.0    M  6.9 16  50   M    M   M        22  20
 2  89  73  81  -1   0  16    T  0.0    M  5.8 14  30   M    M   M        19  20
 3  87  72  80  -2   0  15 0.00  0.0    M  7.0 21 140   M    M   M        26 110
 4  86  75  81  -1   0  16 0.00  0.0    M  5.8 13 160   M    M   M        18 180
 5  87  73  80  -2   0  15 0.00  0.0    M  5.3 15 150   M    M   M        19 140
 6  91  73  82   0   0  17 0.00  0.0    M  7.7 18  60   M    M   M        26  70
 7  90  77  84   2   0  19 0.00  0.0    M 11.9 23  70   M    M   M        30  60
 8  90  77  84   2   0  19 0.00  0.0    M 11.7 24  60   M    M   M        30  80
 9  89  75  82   0   0  17 0.05  0.0    M  7.5 18  80   M    M   M 1      26  20
10  89  74  82   0   0  17 0.05  0.0    M  5.7 16 330   M    M   M        21 160
11  86  73  80  -2   0  15 0.00  0.0    M  5.5 15  70   M    M   M        18 230
12  86  73  80  -2   0  15 0.00  0.0    M  5.3 14 180   M    M   M        19 190
13  87  75  81  -1   0  16 0.00  0.0    M  5.6 14 150   M    M   M        18 150
14  87  75  81  -1   0  16 0.00  0.0    M  5.7 13 190   M    M   M        16 180
15  89  76  83   1   0  18 0.00  0.0    M  8.6 20  70   M    M   M        23  70
16  90  76  83   1   0  18    T  0.0    M 13.8 25  50   M    M   M        34  60
17  89  78  84   2   0  19    T  0.0    M 16.6 28  70   M    M   M        35  60
18  89  75  82   0   0  17    T  0.0    M 15.6 29  60   M    M   M        34  60
19  89  76  83   2   0  18    T  0.0    M 12.3 22  50   M    M   M        29  40
================================================================================
SM 1679 1422         0 321  0.10     0.0 164.3          M        M
================================================================================
AV 88.4 74.8                               8.6 FASTST   M    M -nan   MAX(MPH)
                                 MISC ---->  # 29  60               # 35   60
================================================================================
NOTES:
# LAST OF SEVERAL OCCURRENCES

COLUMN 17 PEAK WIND IN M.P.H.

PRELIMINARY LOCAL CLIMATOLOGICAL DATA (WS FORM: F-6) , PAGE 2

                                          STATION:  HONOLULU HI
                                          MONTH:    SEPTEMBER
                                          YEAR:     2017
                                          LATITUDE:   21 21 N
                                          LONGITUDE: 157 56 W

[TEMPERATURE DATA]      [PRECIPITATION DATA]       SYMBOLS USED IN COLUMN 16

AVERAGE MONTHLY: 81.6   TOTAL FOR MONTH:   0.10    1 = FOG OR MIST
DPTR FM NORMAL:  -0.3   DPTR FM NORMAL:   -0.28    2 = FOG REDUCING VISIBILITY
HIGHEST:    91 ON  6    GRTST 24HR  0.05 ON 10-10      TO 1/4 MILE OR LESS
LOWEST:     72 ON  3                               3 = THUNDER
                        SNOW, ICE PELLETS, HAIL    4 = ICE PELLETS
                        TOTAL MONTH:   0.0 INCH    5 = HAIL
                        GRTST 24HR     0.0         6 = FREEZING RAIN OR DRIZZLE
                        GRTST DEPTH:  M  ON   M    7 = DUSTSTORM OR SANDSTORM:
                                                       VSBY 1/2 MILE OR LESS
                                                   8 = SMOKE OR HAZE
[NO. OF DAYS WITH]      [WEATHER - DAYS WITH]      9 = BLOWING SNOW
                                                   X = TORNADO
MAX 32 OR BELOW:   0    0.01 INCH OR MORE:   2
MAX 90 OR ABOVE:   4    0.10 INCH OR MORE:   0
MIN 32 OR BELOW:   0    0.50 INCH OR MORE:   0
MIN  0 OR BELOW:   0    1.00 INCH OR MORE:   0

[HDD (BASE 65) ]
TOTAL THIS MO.     0    CLEAR  (SCALE 0-3)   0
DPTR FM NORMAL     0    PTCLDY (SCALE 4-7)   0
TOTAL FM JUL 1     0    CLOUDY (SCALE 8-10)  0
DPTR FM NORMAL     0

[CDD (BASE 65) ]
TOTAL THIS MO.   321
DPTR FM NORMAL     1    [PRESSURE DATA]
TOTAL FM JAN 1  3374    HIGHEST SLP M ON M
DPTR FM NORMAL    70    LOWEST  SLP 29.89 ON M

[REMARKS]
