000
CXUS54 KHGX 231415
CF6HOU
PRELIMINARY LOCAL CLIMATOLOGICAL DATA (WS FORM: F-6)

                                          STATION:   HOUSTON/HOBBY AIRPORT
                                          MONTH:     JANUARY
                                          YEAR:      2018
                                          LATITUDE:   29 38 N
                                          LONGITUDE:  95 17 W

  TEMPERATURE IN F:       :PCPN:    SNOW:  WIND      :SUNSHINE: SKY     :PK WND
================================================================================
1   2   3   4   5  6A  6B    7    8   9   10  11  12  13   14  15   16   17  18
                                     12Z  AVG MX 2MIN
DY MAX MIN AVG DEP HDD CDD  WTR  SNW DPTH SPD SPD DIR MIN PSBL S-S WX    SPD DR
================================================================================

 1  40  31  36 -18  29   0 0.00  0.0    0 16.2 25  30   M    M   8        30  30
 2  34  29  32 -22  33   0    T    T    0 10.4 17 350   M    M  10 4      21  60
 3  46  25  36 -18  29   0 0.00  0.0    0  8.3 17 330   M    M   2        22 330
 4  54  27  41 -13  24   0 0.00  0.0    0  3.2 12  50   M    M   4        13  50
 5  55  41  48  -6  17   0 0.00  0.0    0  4.4 10  90   M    M   6        15  80
 6  63  37  50  -4  15   0 0.00  0.0    0  7.4 14 120   M    M   4        19 110
 7  70  48  59   5   6   0 0.53  0.0    0  7.0 16 240   M    M   7 13     20 240
 8  66  49  58   4   7   0 0.51  0.0    0 13.0 24 250   M    M   3 13     35 250
 9  56  44  50  -4  15   0 0.00  0.0    0  6.2 14  50   M    M   7        17  50
10  63  52  58   4   7   0 0.00  0.0    0  5.0 12 110   M    M  10 1      16 110
11  70  42  56   2   9   0 0.55  0.0    0 10.0 30 310   M    M   9 13     42 320
12  49  32  41 -13  24   0 0.00    M    0 16.2 31 320   M    M   1        42 320
13  52  32  42 -12  23   0 0.00  0.0    0  8.4 14 330   M    M   0        19 330
14  52  33  43 -11  22   0 0.00  0.0    0  5.9 12  80   M    M   1        14  80
15  67  38  53  -1  12   0    T    M    0  6.8 15 120   M    M   4        19 130
16  55  25  40 -14  25   0 0.10    T    0 18.3 31 360   M    M  10 146    37 360
17  37  19  28 -26  37   0 0.00  0.0    0  9.5 20 360   M    M   1        25  20
18  38  25  32 -22  33   0 0.00  0.0    0  3.9 13  60   M    M   8        15  60
19  52  37  45  -9  20   0 0.24  0.0    0  7.1 15 100   M    M   9 1      20 100
20  72  51  62   8   3   0 0.12  0.0    0  7.6 15 160   M    M   8 12     20 170
21  73  63  68  14   0   3 0.14  0.0    0 11.2 21 160   M    M   9 13     29 170
22  68  45  57   3   8   0 0.17  0.0    0 11.6 23 330   M    M   6 13     30 180
================================================================================
SM 1232  825       398   3  2.36    T    197.6          M      127
================================================================================
AV 56.0 37.5                               9.0 FASTST   M    M   6    MAX(MPH)
                                 MISC ---->  # 31 320               # 42  320
================================================================================
NOTES:
# LAST OF SEVERAL OCCURRENCES

COLUMN 17 PEAK WIND IN M.P.H.

PRELIMINARY LOCAL CLIMATOLOGICAL DATA (WS FORM: F-6) , PAGE 2

                                          STATION:  HOUSTON/HOBBY AIRPORT
                                          MONTH:    JANUARY
                                          YEAR:     2018
                                          LATITUDE:   29 38 N
                                          LONGITUDE:  95 17 W

[TEMPERATURE DATA]      [PRECIPITATION DATA]       SYMBOLS USED IN COLUMN 16

AVERAGE MONTHLY: 46.8   TOTAL FOR MONTH:   2.36    1 = FOG OR MIST
DPTR FM NORMAL:  -7.2   DPTR FM NORMAL:   -0.35    2 = FOG REDUCING VISIBILITY
HIGHEST:    73 ON 21    GRTST 24HR  0.55 ON 11-11      TO 1/4 MILE OR LESS
LOWEST:     19 ON 17                               3 = THUNDER
                        SNOW, ICE PELLETS, HAIL    4 = ICE PELLETS
                        TOTAL MONTH:    T          5 = HAIL
                        GRTST 24HR    T  ON 16-16  6 = FREEZING RAIN OR DRIZZLE
                        GRTST DEPTH:   0           7 = DUSTSTORM OR SANDSTORM:
                                                       VSBY 1/2 MILE OR LESS
                                                   8 = SMOKE OR HAZE
[NO. OF DAYS WITH]      [WEATHER - DAYS WITH]      9 = BLOWING SNOW
                                                   X = TORNADO
MAX 32 OR BELOW:   0    0.01 INCH OR MORE:   8
MAX 90 OR ABOVE:   0    0.10 INCH OR MORE:   8
MIN 32 OR BELOW:   9    0.50 INCH OR MORE:   3
MIN  0 OR BELOW:   0    1.00 INCH OR MORE:   0

[HDD (BASE 65) ]
TOTAL THIS MO.   398    CLEAR  (SCALE 0-3)   5
DPTR FM NORMAL   138    PTCLDY (SCALE 4-7)   9
TOTAL FM JUL 1   831    CLOUDY (SCALE 8-10)  8
DPTR FM NORMAL    95

[CDD (BASE 65) ]
TOTAL THIS MO.     3
DPTR FM NORMAL    -7    [PRESSURE DATA]
TOTAL FM JAN 1     3    HIGHEST SLP M ON M
DPTR FM NORMAL    -7    LOWEST  SLP 29.71 ON 11

[REMARKS]
