000
CXUS54 KBRO 290900
CF6HRL
PRELIMINARY LOCAL CLIMATOLOGICAL DATA (WS FORM: F-6)

                                          STATION:   HARLINGEN
                                          MONTH:     DECEMBER
                                          YEAR:      2014
                                          LATITUDE:   26 13 N
                                          LONGITUDE:  97 40 W

  TEMPERATURE IN F:       :PCPN:    SNOW:  WIND      :SUNSHINE: SKY     :PK WND
================================================================================
1   2   3   4   5  6A  6B    7    8   9   10  11  12  13   14  15   16   17  18
                                     12Z  AVG MX 2MIN
DY MAX MIN AVG DEP HDD CDD  WTR  SNW DPTH SPD SPD DIR MIN PSBL S-S WX    SPD DR
================================================================================

 1  80  58  69   5   0   4    T  0.0    0  7.2 22  30   M    M   7 12     26  30
 2  59  49  54  -9  11   0 0.00  0.0    0 11.6 20 360   M    M  10 1      23 360
 3  71  54  63   0   2   0 0.02  0.0    0  4.5 10 320   M    M   8 12     18 330
 4  81  62  72   9   0   7    T  0.0    0  4.2 13 150   M    M   7 12     15 140
 5  83  62  73  11   0   8 0.00  0.0    0  7.4 21 160   M    M   7 12     26 160
 6  83  66  75  13   0  10 0.62  0.0    0  4.4 16  70   M    M   9 12     18  60
 7  72  65  69   7   0   4 0.10  0.0    0  9.3 16  20   M    M  10 1      18  30
 8  67  57  62   0   3   0 0.26  0.0    0 10.1 17  20   M    M  10 1      24  30
 9  73  55  64   2   1   0 0.00  0.0    0  5.8 10 360   M    M   4 1      14 350
10  77  57  67   6   0   2 0.00  0.0    0  7.1 17 150   M    M   6 1      26  90
11  76  60  68   7   0   3    T  0.0    0  8.1 17 150   M    M   5        22 130
12  77  59  68   7   0   3 0.00  0.0    0  6.8 14 130   M    M   7        17 130
13  79  57  68   7   0   3 0.00  0.0    0  7.7 17 140   M    M   3 1      24 130
14  80  62  71  10   0   6 0.00  0.0    0 12.7 25 150   M    M   3        30 160
15  83  65  74  14   0   9 0.00  0.0    0  9.2 22 190   M    M   2 1      25 190
16  75  65  70  10   0   5 0.00  0.0    0 11.2 23  70   M    M  10 1      29  60
17  79  64  72  12   0   7 0.00  0.0    0 10.9 23 150   M    M   4        30 150
18  78  69  74  14   0   9 0.05  0.0    0  6.6 14 190   M    M  10 1      18 190
19  70  60  65   5   0   0    T  0.0    0  8.2 21 340   M    M  10 1      24 340
20  61  56  59  -1   6   0 0.00  0.0    0 11.3 16  10   M    M  10 1      18  20
21  66  56  61   1   4   0 0.01  0.0    0  6.6 13 360   M    M  10 1      15  10
22  80  57  69   9   0   4 0.01  0.0    0  9.7 23 180   M    M   4 1      30 170
23  76  53  65   5   0   0 0.00  0.0    0 16.3 28 350   M    M   7 18     35 360
24  64  40  52  -8  13   0 0.00  0.0    0 12.3 30 330   M    M   1        35 330
25  71  36  54  -5  11   0    T    M    0 11.1 28 150   M    M   2 8      33 160
26  79  64  72  13   0   7    T  0.0    0 17.2 33 170   M    M   5 1      40 170
27  78  51  65   6   0   0 0.29  0.0    0 13.9 30 350   M    M   7 1      33 360
28  51  46  49 -10  16   0 0.46    M    0 13.7 23 320   M    M  10 1      28 320
================================================================================
SM 2069 1605        67  91  1.82     0.0 265.1          M      188
================================================================================
AV 73.9 57.3                               9.5 FASTST   M    M   7    MAX(MPH)
                                 MISC ---->  # 33 170               # 40  170
================================================================================
NOTES:
# LAST OF SEVERAL OCCURRENCES

COLUMN 17 PEAK WIND IN M.P.H.

PRELIMINARY LOCAL CLIMATOLOGICAL DATA (WS FORM: F-6) , PAGE 2

                                          STATION:  HARLINGEN
                                          MONTH:    DECEMBER
                                          YEAR:     2014
                                          LATITUDE:   26 13 N
                                          LONGITUDE:  97 40 W

[TEMPERATURE DATA]      [PRECIPITATION DATA]       SYMBOLS USED IN COLUMN 16

AVERAGE MONTHLY: 65.6   TOTAL FOR MONTH:   1.82    1 = FOG OR MIST
DPTR FM NORMAL:   4.8   DPTR FM NORMAL:    0.63    2 = FOG REDUCING VISIBILITY
HIGHEST:    83 ON 15, 6 GRTST 24HR  0.75 ON 27-28      TO 1/4 MILE OR LESS
LOWEST:     36 ON 25                               3 = THUNDER
                        SNOW, ICE PELLETS, HAIL    4 = ICE PELLETS
                        TOTAL MONTH:   0.0 INCH    5 = HAIL
                        GRTST 24HR     0.0         6 = FREEZING RAIN OR DRIZZLE
                        GRTST DEPTH:   0           7 = DUSTSTORM OR SANDSTORM:
                                                       VSBY 1/2 MILE OR LESS
                                                   8 = SMOKE OR HAZE
[NO. OF DAYS WITH]      [WEATHER - DAYS WITH]      9 = BLOWING SNOW
                                                   X = TORNADO
MAX 32 OR BELOW:   0    0.01 INCH OR MORE:   9
MAX 90 OR ABOVE:   0    0.10 INCH OR MORE:   5
MIN 32 OR BELOW:   0    0.50 INCH OR MORE:   1
MIN  0 OR BELOW:   0    1.00 INCH OR MORE:   0

[HDD (BASE 65) ]
TOTAL THIS MO.    67    CLEAR  (SCALE 0-3)   5
DPTR FM NORMAL  -103    PTCLDY (SCALE 4-7)  12
TOTAL FM JUL 1   202    CLOUDY (SCALE 8-10) 11
DPTR FM NORMAL   -25

[CDD (BASE 65) ]
TOTAL THIS MO.    91
DPTR FM NORMAL    39    [PRESSURE DATA]
TOTAL FM JAN 1  3918    HIGHEST SLP 30.21 ON 12
DPTR FM NORMAL   -68    LOWEST  SLP 29.51 ON 23

[REMARKS]
