000
CXUS52 KMHX 280700
CF6HSE
PRELIMINARY LOCAL CLIMATOLOGICAL DATA (WS FORM: F-6)

                                          STATION:   CAPE HATTERAS NC
                                          MONTH:     MARCH
                                          YEAR:      2015
                                          LATITUDE:   35 13 N
                                          LONGITUDE:  75 37 W

  TEMPERATURE IN F:       :PCPN:    SNOW:  WIND      :SUNSHINE: SKY     :PK WND
================================================================================
1   2   3   4   5  6A  6B    7    8   9   10  11  12  13   14  15   16   17  18
                                     12Z  AVG MX 2MIN
DY MAX MIN AVG DEP HDD CDD  WTR  SNW DPTH SPD SPD DIR MIN PSBL S-S WX    SPD DR
================================================================================

 1  55  36  46  -2  19   0 0.05    M    0  8.6 14 170   M    M   8 1      20  40
 2  47  39  43  -6  22   0 0.00  0.0    0  8.6 15  20   M    M   6 12     24  10
 3  57  38  48  -1  17   0 0.01    M    0  9.3 18 210   M    M   6 1      26 190
 4  58  54  56   7   9   0 0.01  0.0    0 11.6 18 210   M    M   8 12     24 210
 5  63  33  48  -1  17   0 0.24    M    0 14.6 23  20   M    M  10 12     39  20
 6  33  29  31 -18  34   0 0.01    M    0 13.8 22  20   M    M  10 16     40 360
 7  46  28  37 -13  28   0 0.00  0.0    0  6.8 12 260   M    M   0        22  20
 8  61  44  53   3  12   0 0.00  0.0    0 10.1 17 270   M    M   0        25 260
 9  61  51  56   6   9   0 0.00  0.0    0  6.7 12 240   M    M   3        16 240
10  70  49  60  10   5   0 0.00  0.0    0  4.9 12 200   M    M   4 1      17 210
11  66  54  60  10   5   0 0.03  0.0    0 12.1 20 240   M    M   8        31 290
12  55  46  51   1  14   0 0.12  0.0    M 10.9 20  20   M    M   2        36  40
13  63  47  55   4  10   0 0.03    M    0 11.0 17 170   M    M   4        24  40
14  67  59  63  12   2   0 0.49  0.0    0 16.8 25 230   M    M  10        41 220
15  64  49  57   6   8   0 0.00  0.0    0  9.6 17 300   M    M   2        27 290
16  64  46  55   4  10   0 0.00  0.0    0 10.0 20 240   M    M   0        27 240
17  74  52  63  11   2   0 0.00  0.0    0 10.2 23  30   M    M   0        39  30
18  52  40  46  -6  19   0 0.00  0.0    0 11.1 24  20   M    M   0        38  20
19  53  38  46  -6  19   0 0.08    M    0  8.2 14  50   M    M   6        22  60
20  64  46  55   3  10   0 1.18    M    0 13.4 26 140   M    M   7        35 200
21  56  42  49  -4  16   0 0.00  0.0    0  6.2 12 330   M    M   3        22  20
22  56  48  52  -1  13   0 0.00  0.0    0  8.9 16  40   M    M   0        26  40
23  51  46  49  -4  16   0 0.06  0.0    0 12.3 20  30   M    M   7        35  30
24  57  45  51  -3  14   0 0.00  0.0    0  9.9 16  30   M    M   3        28  40
25  70  50  60   6   5   0    T  0.0    0  9.5 15  50   M    M   2        25  40
26  70  62  66  12   0   1 0.01  0.0    0 18.0 35 170   M    M   5        44 190
27  65  42  54   0  11   0 0.18  0.0    0 12.6 23  40   M    M   9        36  30
================================================================================
SM 1598 1213       346   1  2.50     0.0 285.7          M      123
================================================================================
AV 59.2 44.9                              10.6 FASTST   M    M   5    MAX(MPH)
                                 MISC ---->  # 35 170               # 44  190
================================================================================
NOTES:
# LAST OF SEVERAL OCCURRENCES

COLUMN 17 PEAK WIND IN M.P.H.

PRELIMINARY LOCAL CLIMATOLOGICAL DATA (WS FORM: F-6) , PAGE 2

                                          STATION:  CAPE HATTERAS NC
                                          MONTH:    MARCH
                                          YEAR:     2015
                                          LATITUDE:   35 13 N
                                          LONGITUDE:  75 37 W

[TEMPERATURE DATA]      [PRECIPITATION DATA]       SYMBOLS USED IN COLUMN 16

AVERAGE MONTHLY: 52.1   TOTAL FOR MONTH:   2.50    1 = FOG OR MIST
DPTR FM NORMAL:   0.9   DPTR FM NORMAL:   -1.63    2 = FOG REDUCING VISIBILITY
HIGHEST:    74 ON 17    GRTST 24HR  1.18 ON 20-20      TO 1/4 MILE OR LESS
LOWEST:     28 ON  7                               3 = THUNDER
                        SNOW, ICE PELLETS, HAIL    4 = ICE PELLETS
                        TOTAL MONTH:   0.0 INCH    5 = HAIL
                        GRTST 24HR     0.0         6 = FREEZING RAIN OR DRIZZLE
                        GRTST DEPTH:   0           7 = DUSTSTORM OR SANDSTORM:
                                                       VSBY 1/2 MILE OR LESS
                                                   8 = SMOKE OR HAZE
[NO. OF DAYS WITH]      [WEATHER - DAYS WITH]      9 = BLOWING SNOW
                                                   X = TORNADO
MAX 32 OR BELOW:   0    0.01 INCH OR MORE:  14
MAX 90 OR ABOVE:   0    0.10 INCH OR MORE:   5
MIN 32 OR BELOW:   2    0.50 INCH OR MORE:   1
MIN  0 OR BELOW:   0    1.00 INCH OR MORE:   1

[HDD (BASE 65) ]
TOTAL THIS MO.   346    CLEAR  (SCALE 0-3)  11
DPTR FM NORMAL   -31    PTCLDY (SCALE 4-7)  12
TOTAL FM JUL 1  2519    CLOUDY (SCALE 8-10)  4
DPTR FM NORMAL   218

[CDD (BASE 65) ]
TOTAL THIS MO.     1
DPTR FM NORMAL     1    [PRESSURE DATA]
TOTAL FM JAN 1     3    HIGHEST SLP M ON M
DPTR FM NORMAL     3    LOWEST  SLP 29.65 ON 27

[REMARKS]
