000
CXUS53 KAPX 280631
CF6HTL
PRELIMINARY LOCAL CLIMATOLOGICAL DATA (WS FORM: F-6)

                                          STATION:   HOUGHTON LAKE MI
                                          MONTH:     APRIL
                                          YEAR:      2016
                                          LATITUDE:   44 22 N
                                          LONGITUDE:  84 41 W

  TEMPERATURE IN F:       :PCPN:    SNOW:  WIND      :SUNSHINE: SKY     :PK WND
================================================================================
1   2   3   4   5  6A  6B    7    8   9   10  11  12  13   14  15   16   17  18
                                     12Z  AVG MX 2MIN
DY MAX MIN AVG DEP HDD CDD  WTR  SNW DPTH SPD SPD DIR MIN PSBL S-S WX    SPD DR
================================================================================

 1  47  27  37   1  28   0 0.04  0.5    T 11.7 24 300   M    M   8 1      32 300
 2  31  19  25 -11  40   0 0.15  2.1    T 10.1 26 340   M    M   8 128    38 330
 3  25  16  21 -16  44   0 0.51  4.5    2 10.2 17 310   M    M   7 128    25 320
 4  29  17  23 -14  42   0    T    T    5  9.5 16  50   M    M   7 1      21  60
 5  36   7  22 -16  43   0    T    T    4  4.3 14 190   M    M   1 18     19 170
 6  36  29  33  -5  32   0 0.50  4.2    4  7.7 18 130   M    M  10 12     27 140
 7  33  22  28 -11  37   0    T    T    6  9.9 20 330   M    M   9 1      26 320
 8  38  21  30  -9  35   0 0.00  0.0    6  9.4 17  20   M    M   5        23 360
 9  29  19  24 -16  41   0    T    T    4  8.1 18 350   M    M   4 8      23 360
10  33  22  28 -12  37   0 0.05  0.6    5  9.5 21 160   M    M   9 168    30 170
11  38  32  35  -6  30   0    T  0.0    3  9.8 22 300   M    M  10 12     28 290
12  40  25  33  -8  32   0    T    T    3  8.6 18 290   M    M   6        26 310
13  49  26  38  -4  27   0 0.00  0.0    2  4.3  8 130   M    M   5        11 130
14  56  28  42   0  23   0 0.00  0.0    T  6.8 16 170   M    M   2        22 170
15  65  29  47   5  18   0 0.00  0.0    0  5.6 14 130   M    M   0 1      20 170
16  74  33  54  11  11   0 0.00  0.0    0  5.5 14 180   M    M   0 1      18 180
17  78  38  58  15   7   0 0.00  0.0    0  2.3  8 290   M    M   0        10 310
18  80  41  61  17   4   0 0.00  0.0    0  5.8 22 310   M    M   2 12     27 310
19  65  39  52   8  13   0 0.00  0.0    0  9.0 16 100   M    M   3        22  80
20  64  33  49   4  16   0    T  0.0    0  6.7 16 120   M    M   4        24 150
21  63  46  55  10  10   0 0.21  0.0    0  5.2 12 270   M    M   8 1      16 280
22  55  37  46   0  19   0 0.00  0.0    0  7.0 14 340   M    M   9 1      18 330
23  58  31  45  -1  20   0 0.00  0.0    0  5.4 16 140   M    M   0        21 150
24  55  35  45  -1  20   0 0.11  0.0    0  6.6 12 100   M    M   8 1      15 100
25  55  39  47   0  18   0 0.54  0.0    0 14.1 21  70   M    M   8 13     26 100
26  49  31  40  -7  25   0    T  0.0    0  9.4 17  50   M    M   7 1      24  40
27  59  28  44  -4  21   0 0.00  0.0    0  6.5 15  60   M    M   0        17  50
================================================================================
SM 1340  770       693   0  2.11    11.9 209.0          M      140
================================================================================
AV 49.6 28.5                               7.7 FASTST   M    M   5    MAX(MPH)
                                 MISC ---->  # 26 340               # 38  330
================================================================================
NOTES:
# LAST OF SEVERAL OCCURRENCES

COLUMN 17 PEAK WIND IN M.P.H.

PRELIMINARY LOCAL CLIMATOLOGICAL DATA (WS FORM: F-6) , PAGE 2

                                          STATION:  HOUGHTON LAKE MI
                                          MONTH:    APRIL
                                          YEAR:     2016
                                          LATITUDE:   44 22 N
                                          LONGITUDE:  84 41 W

[TEMPERATURE DATA]      [PRECIPITATION DATA]       SYMBOLS USED IN COLUMN 16

AVERAGE MONTHLY: 39.1   TOTAL FOR MONTH:   2.11    1 = FOG OR MIST
DPTR FM NORMAL:  -2.9   DPTR FM NORMAL:   -0.13    2 = FOG REDUCING VISIBILITY
HIGHEST:    80 ON 18    GRTST 24HR  1.15 ON 31- 1      TO 1/4 MILE OR LESS
LOWEST:      7 ON  5                               3 = THUNDER
                        SNOW, ICE PELLETS, HAIL    4 = ICE PELLETS
                        TOTAL MONTH:  11.9 INCHES  5 = HAIL
                        GRTST 24HR   4.5 ON  3- 3  6 = FREEZING RAIN OR DRIZZLE
                        GRTST DEPTH:   6 ON  8, 7  7 = DUSTSTORM OR SANDSTORM:
                                                       VSBY 1/2 MILE OR LESS
                                                   8 = SMOKE OR HAZE
[NO. OF DAYS WITH]      [WEATHER - DAYS WITH]      9 = BLOWING SNOW
                                                   X = TORNADO
MAX 32 OR BELOW:   4    0.01 INCH OR MORE:   8
MAX 90 OR ABOVE:   0    0.10 INCH OR MORE:   6
MIN 32 OR BELOW:  18    0.50 INCH OR MORE:   3
MIN  0 OR BELOW:   0    1.00 INCH OR MORE:   0

[HDD (BASE 65) ]
TOTAL THIS MO.   693    CLEAR  (SCALE 0-3)   9
DPTR FM NORMAL    68    PTCLDY (SCALE 4-7)  11
TOTAL FM JUL 1  6534    CLOUDY (SCALE 8-10)  7
DPTR FM NORMAL -1076

[CDD (BASE 65) ]
TOTAL THIS MO.     0
DPTR FM NORMAL     0    [PRESSURE DATA]
TOTAL FM JAN 1     0    HIGHEST SLP M ON M
DPTR FM NORMAL     0    LOWEST  SLP 29.44 ON  7

[REMARKS]
