000
CXUS53 KIND 230730
CF6HUF
PRELIMINARY LOCAL CLIMATOLOGICAL DATA (WS FORM: F-6)

                                          STATION:   TERRE HAUTE IN
                                          MONTH:     APRIL
                                          YEAR:      2014
                                          LATITUDE:   39 27 N
                                          LONGITUDE:  87 18 W

  TEMPERATURE IN F:       :PCPN:    SNOW:  WIND      :SUNSHINE: SKY     :PK WND
================================================================================
1   2   3   4   5  6A  6B    7    8   9   10  11  12  13   14  15   16   17  18
                                     12Z  AVG MX 2MIN
DY MAX MIN AVG DEP HDD CDD  WTR  SNW DPTH SPD SPD DIR MIN PSBL S-S WX    SPD DR
================================================================================

 1  61  46  54   5  11   0 0.22    M    M 11.9 24 260   M    M   3        37 270
 2  54  44  49   0  16   0 1.04    M    M  7.5 15 100   M    M   9 13     18  70
 3  65  52  59  10   6   0 1.46    M    M 11.1 26 170   M    M   7 13     33 240
 4  58  39  49  -1  16   0 0.53    M    M 16.5 32 290   M    M   8 13     41 280
 5  52  36  44  -6  21   0 0.00    M    M  5.6 17 320   M    M   4        24 330
 6  58  31  45  -5  20   0 0.00    M    M  5.1 14 110   M    M   0        19  90
 7  50  44  47  -4  18   0 0.74    M    M 10.3 23 330   M    M   9 1      32 350
 8  60  41  51   0  14   0    T    M    M  7.4 17 340   M    M   5 1      26 320
 9  62  35  49  -2  16   0 0.00    M    M  5.3 16 290   M    M   1 12     21 250
10  76  47  62  10   3   0 0.11    M    M 12.9 28 190   M    M   3 3      39 240
11  68  45  57   5   8   0    T    M    M  4.6 14 340   M    M   3 1      18 350
12  78  42  60   8   5   0 0.00    M    M 11.7 31 200   M    M   2        42 220
13  73  62  68  16   0   3 0.08    M    M 15.8 30 190   M    M   5        42 180
14  64  34  49  -4  16   0 0.47    M    M 12.7 25 200   M    M  10 18     33 200
15  41  29  35 -18  30   0    T    M    M 10.8 21 350   M    M   7        27 340
16  53  29  41 -12  24   0 0.00    M    M  9.7 18 130   M    M   0        25 160
17  66  37  52  -2  13   0 0.00    M    M  8.2 21 200   M    M   0        25 210
18  70  42  56   2   9   0 0.00    M    M  4.3 14 340   M    M   1        18 300
19  72  39  56   2   9   0 0.00    M    M  7.4 16  60   M    M   0        25  70
20  75  43  59   4   6   0 0.00    M    M  3.0 10 260   M    M   0        13 240
21  73  50  62   7   3   0 0.04    M    M  4.6 18 180   M    M   3 1      22 210
22  65  44  55   0  10   0 0.00    M    M 10.2 22 360   M    M   2 1      29  10
================================================================================
SM 1394  911       274   3  4.69    M    196.6          M       82
================================================================================
AV 63.4 41.4                               8.9 FASTST   M    M   4    MAX(MPH)
                                 MISC ---->  # 32 290               # 42  220
================================================================================
NOTES:
# LAST OF SEVERAL OCCURRENCES

COLUMN 17 PEAK WIND IN M.P.H.

PRELIMINARY LOCAL CLIMATOLOGICAL DATA (WS FORM: F-6) , PAGE 2

                                          STATION:  TERRE HAUTE IN
                                          MONTH:    APRIL
                                          YEAR:     2014
                                          LATITUDE:   39 27 N
                                          LONGITUDE:  87 18 W

[TEMPERATURE DATA]      [PRECIPITATION DATA]       SYMBOLS USED IN COLUMN 16

AVERAGE MONTHLY: 52.4   TOTAL FOR MONTH:   4.69    1 = FOG OR MIST
DPTR FM NORMAL:   0.4   DPTR FM NORMAL:    2.21    2 = FOG REDUCING VISIBILITY
HIGHEST:    78 ON 12    GRTST 24HR  2.12 ON  2- 3      TO 1/4 MILE OR LESS
LOWEST:     29 ON 16,15                            3 = THUNDER
                        SNOW, ICE PELLETS, HAIL    4 = ICE PELLETS
                        TOTAL MONTH:    M          5 = HAIL
                        GRTST 24HR    M  ON   M    6 = FREEZING RAIN OR DRIZZLE
                        GRTST DEPTH:  M  ON   M    7 = DUSTSTORM OR SANDSTORM:
                                                       VSBY 1/2 MILE OR LESS
                                                   8 = SMOKE OR HAZE
[NO. OF DAYS WITH]      [WEATHER - DAYS WITH]      9 = BLOWING SNOW
                                                   X = TORNADO
MAX 32 OR BELOW:   0    0.01 INCH OR MORE:   9
MAX 90 OR ABOVE:   0    0.10 INCH OR MORE:   7
MIN 32 OR BELOW:   3    0.50 INCH OR MORE:   4
MIN  0 OR BELOW:   0    1.00 INCH OR MORE:   2

[HDD (BASE 65) ]
TOTAL THIS MO.   274    CLEAR  (SCALE 0-3)  13
DPTR FM NORMAL   -21    PTCLDY (SCALE 4-7)   5
TOTAL FM JUL 1  5871    CLOUDY (SCALE 8-10)  4
DPTR FM NORMAL   722

[CDD (BASE 65) ]
TOTAL THIS MO.     3
DPTR FM NORMAL    -5    [PRESSURE DATA]
TOTAL FM JAN 1     3    HIGHEST SLP M ON M
DPTR FM NORMAL    -6    LOWEST  SLP 29.44 ON  7

[REMARKS]
