167
CXUS51 KCAR 220600
CF6HUL
PRELIMINARY LOCAL CLIMATOLOGICAL DATA (WS FORM: F-6)

                                          STATION:   HOULTON ME
                                          MONTH:     MAY
                                          YEAR:      2015
                                          LATITUDE:   46  7 N
                                          LONGITUDE:  67 48 W

  TEMPERATURE IN F:       :PCPN:    SNOW:  WIND      :SUNSHINE: SKY     :PK WND
================================================================================
1   2   3   4   5  6A  6B    7    8   9   10  11  12  13   14  15   16   17  18
                                     12Z  AVG MX 2MIN
DY MAX MIN AVG DEP HDD CDD  WTR  SNW DPTH SPD SPD DIR MIN PSBL S-S WX    SPD DR
================================================================================

 1  57  27  42  -4  23   0 0.00    M    M  6.3 15  40   M    M   1        19  60
 2  68  34  51   5  14   0 0.00    M    M  5.8 14 160   M    M   1        22 150
 3  71  30  51   4  14   0 0.00    M    M  3.2 10 360   M    M   1        15  20
 4  81  46  64  17   1   0    T    M    M 10.1 22 220   M    M   1        28 230
 5  68  43  56   8   9   0    T    M    M 11.2 24 300   M    M   3        37 340
 6  67  36  52   4  13   0 0.00    M    M  9.2 28 290   M    M   3        39 270
 7  73  35  54   6  11   0 0.00    M    M  8.4 25 320   M    M   2        36 310
 8  51  40  46  -3  19   0    T    M    M  5.5 12 160   M    M   7        19 140
 9  65  38  52   3  13   0 0.10    M    M  8.7 20 220   M    M   2 1      27 210
10  72  51  62  13   3   0 0.12    M    M  6.1 17 360   M    M  10 1      22 360
11  55  45  50   0  15   0 0.31    M    M  4.9 12 360   M    M   9 1      16 360
12  60  45  53   3  12   0 0.17    M    M  7.6 18 260   M    M   8 1      26 270
13  58  32  45  -5  20   0    T    M    M 11.5 22 360   M    M   6 1      31  10
14  69  29  49  -2  16   0 0.00    M    M  6.0 17 280   M    M   0        25 270
15  74  33  54   3  11   0 0.00    M    M  3.7 18 250   M    M   0        24 240
16  75  40  58   7   7   0    T    M    M  7.4 17 200   M    M   6        23 170
17  56  48  52   0  13   0 0.27    M    M  4.9 12 160   M    M  10 13     16 150
18  69  47  58   6   7   0 0.00    M    M  7.3 15 200   M    M   5 1      24 200
19  57  48  53   1  12   0 0.22    M    M  7.5 14 200   M    M   9 1      21 210
20  61  44  53   1  12   0    T    M    M 12.3 25 250   M    M   6 1      35 290
21  67  43  55   2  10   0 0.00    M    M 10.4 23 250   M    M   3        31 270
================================================================================
SM 1374  834       255   0  1.19    M    158.0          M       93
================================================================================
AV 65.4 39.7                               7.5 FASTST   M    M   4    MAX(MPH)
                                 MISC ---->  # 28 290               # 39  270
================================================================================
NOTES:
# LAST OF SEVERAL OCCURRENCES

COLUMN 17 PEAK WIND IN M.P.H.

PRELIMINARY LOCAL CLIMATOLOGICAL DATA (WS FORM: F-6) , PAGE 2

                                          STATION:  HOULTON ME
                                          MONTH:    MAY
                                          YEAR:     2015
                                          LATITUDE:   46  7 N
                                          LONGITUDE:  67 48 W

[TEMPERATURE DATA]      [PRECIPITATION DATA]       SYMBOLS USED IN COLUMN 16

AVERAGE MONTHLY: 52.6   TOTAL FOR MONTH:   1.19    1 = FOG OR MIST
DPTR FM NORMAL:   3.0   DPTR FM NORMAL:   -1.02    2 = FOG REDUCING VISIBILITY
HIGHEST:    81 ON  4    GRTST 24HR  0.40 ON 11-12      TO 1/4 MILE OR LESS
LOWEST:     27 ON  1                               3 = THUNDER
                        SNOW, ICE PELLETS, HAIL    4 = ICE PELLETS
                        TOTAL MONTH:    M          5 = HAIL
                        GRTST 24HR    M  ON   M    6 = FREEZING RAIN OR DRIZZLE
                        GRTST DEPTH:  M  ON   M    7 = DUSTSTORM OR SANDSTORM:
                                                       VSBY 1/2 MILE OR LESS
                                                   8 = SMOKE OR HAZE
[NO. OF DAYS WITH]      [WEATHER - DAYS WITH]      9 = BLOWING SNOW
                                                   X = TORNADO
MAX 32 OR BELOW:   0    0.01 INCH OR MORE:   6
MAX 90 OR ABOVE:   0    0.10 INCH OR MORE:   6
MIN 32 OR BELOW:   4    0.50 INCH OR MORE:   0
MIN  0 OR BELOW:   0    1.00 INCH OR MORE:   0

[HDD (BASE 65) ]
TOTAL THIS MO.   255    CLEAR  (SCALE 0-3)  11
DPTR FM NORMAL   -70    PTCLDY (SCALE 4-7)   6
TOTAL FM JUL 1  9058    CLOUDY (SCALE 8-10)  4
DPTR FM NORMAL   160

[CDD (BASE 65) ]
TOTAL THIS MO.     0
DPTR FM NORMAL     0    [PRESSURE DATA]
TOTAL FM JAN 1     0    HIGHEST SLP M ON M
DPTR FM NORMAL     0    LOWEST  SLP 29.46 ON 12

[REMARKS]
