000
CXUS56 KTFX 011205
CF6HVR
PRELIMINARY LOCAL CLIMATOLOGICAL DATA (WS FORM: F-6)

                                          STATION:   HAVRE MT
                                          MONTH:     JANUARY
                                          YEAR:      2015
                                          LATITUDE:   48 32 N
                                          LONGITUDE: 109 46 W

  TEMPERATURE IN F:       :PCPN:    SNOW:  WIND      :SUNSHINE: SKY     :PK WND
================================================================================
1   2   3   4   5  6A  6B    7    8   9   10  11  12  13   14  15   16   17  18
                                     12Z  AVG MX 2MIN
DY MAX MIN AVG DEP HDD CDD  WTR  SNW DPTH SPD SPD DIR MIN PSBL S-S WX    SPD DR
================================================================================

 1  33  15  24   7  41   0    T    T    T 16.6 26 220   M    M   6        33 230
 2  39   3  21   4  44   0 0.14  2.0    T 16.5 35 310   M    M   4        42 220
 3   4 -14  -5 -22  70   0 0.16  1.0    3  6.0 13  10   M    M  10        15 330
 4  -1 -14  -7 -24  72   0 0.03  0.5    4  4.9 16  70   M    M   8 18     18  70
 5   6  -8  -1 -18  66   0 0.24  2.0    6  6.5 20 320   M    M   9 18     24 320
 6  10   5   8  -9  57   0 0.43  2.5    6  5.4 10  40   M    M   9 18     13  40
 7  22  -5   9  -8  56   0 0.00  0.0    8  7.4 31 230   M    M   2 18     36 230
 8  28 -16   6 -11  59   0 0.01  0.2    8 13.8 28 310   M    M   6 8      34 310
 9  -5 -22 -13 -30  78   0 0.00  0.0    8  5.1 17  80   M    M   2 18     18  90
10  18  -5   7 -10  58   0 0.06  0.5    8  8.3 15  70   M    M   8 1      17  70
11  13  -5   4 -13  61   0    T    T    9  4.6 13  70   M    M   5 18     15  70
12   0 -16  -8 -26  73   0    T    T    9  6.2 23 230   M    M   6 128    27 220
13  22  -3  10  -8  55   0 0.00  0.0    9 18.3 26 230   M    M   0 18     30 230
14  30   8  19   1  46   0 0.00  0.0    8 17.0 24 230   M    M   0        27 230
15  39  15  27   9  38   0 0.00  0.0    8 17.2 35 230   M    M   0        40 230
16  40  31  36  18  29   0    T  0.0    8 20.9 32 230   M    M   4        40 310
17  37  26  32  14  33   0 0.00  0.0    6 16.7 30 210   M    M   0        35 210
18  43  27  35  17  30   0 0.07  0.0    6 17.4 35 240   M    M   3 6      43 250
19  38  31  35  17  30   0 0.00  0.0    2 14.6 29 240   M    M   9        36 240
20  37  27  32  14  33   0 0.00  0.0    1 10.7 21 220   M    M   6        26 220
21  35  17  26   8  39   0 0.00  0.0    1 16.7 28 220   M    M   1        35 210
22  41  29  35  17  30   0 0.00  0.0    T 20.9 32 220   M    M   0        40 220
23  41  28  35  16  30   0 0.03  0.0    T 18.5 31 220   M    M   1        39 220
24  49  29  39  20  26   0    T  0.0    T 14.8 36 210   M    M   0        44 220
25  52  28  40  21  25   0 0.00  0.0    T 13.7 26 210   M    M   0        31 210
26  54  36  45  26  20   0 0.00  0.0    T 15.7 28 220   M    M   0        35 210
27  60  38  49  30  16   0 0.00  0.0    0 14.5 24 230   M    M   0        29 220
28  44  24  34  15  31   0 0.00  0.0    0  8.2 22 300   M    M   3 1      30 290
29  44  20  32  13  33   0 0.00  0.0    0  3.4 12 240   M    M   2 12     13 240
30  47  21  34  15  31   0 0.00  0.0    0  6.3 13 230   M    M   0        15 230
31  28   3  16  -4  49   0 0.13  2.0    0 12.1 24  40   M    M   9 1      29  50
================================================================================
SM  948  353      1359   0  1.30    10.7 378.9          M      113
================================================================================
AV 30.6 11.4                              12.2 FASTST   M    M   4    MAX(MPH)
                                 MISC ---->  # 36 210               # 44  220
================================================================================
NOTES:
# LAST OF SEVERAL OCCURRENCES

COLUMN 17 PEAK WIND IN M.P.H.

PRELIMINARY LOCAL CLIMATOLOGICAL DATA (WS FORM: F-6) , PAGE 2

                                          STATION:  HAVRE MT
                                          MONTH:    JANUARY
                                          YEAR:     2015
                                          LATITUDE:   48 32 N
                                          LONGITUDE: 109 46 W

[TEMPERATURE DATA]      [PRECIPITATION DATA]       SYMBOLS USED IN COLUMN 16

AVERAGE MONTHLY: 21.0   TOTAL FOR MONTH:   1.30    1 = FOG OR MIST
DPTR FM NORMAL:   3.0   DPTR FM NORMAL:    0.97    2 = FOG REDUCING VISIBILITY
HIGHEST:    60 ON 27    GRTST 24HR  0.43 ON  6- 6      TO 1/4 MILE OR LESS
LOWEST:    -22 ON  9                               3 = THUNDER
                        SNOW, ICE PELLETS, HAIL    4 = ICE PELLETS
                        TOTAL MONTH:  10.7 INCHES  5 = HAIL
                        GRTST 24HR   2.5 ON  6- 6  6 = FREEZING RAIN OR DRIZZLE
                        GRTST DEPTH:   9 ON 13,12  7 = DUSTSTORM OR SANDSTORM:
                                                       VSBY 1/2 MILE OR LESS
                                                   8 = SMOKE OR HAZE
[NO. OF DAYS WITH]      [WEATHER - DAYS WITH]      9 = BLOWING SNOW
                                                   X = TORNADO
MAX 32 OR BELOW:  13    0.01 INCH OR MORE:  10
MAX 90 OR ABOVE:   0    0.10 INCH OR MORE:   5
MIN 32 OR BELOW:  29    0.50 INCH OR MORE:   0
MIN  0 OR BELOW:  10    1.00 INCH OR MORE:   0

[HDD (BASE 65) ]
TOTAL THIS MO.  1359    CLEAR  (SCALE 0-3)  15
DPTR FM NORMAL   -98    PTCLDY (SCALE 4-7)  11
TOTAL FM JUL 1  4549    CLOUDY (SCALE 8-10)  5
DPTR FM NORMAL  -374

[CDD (BASE 65) ]
TOTAL THIS MO.     0
DPTR FM NORMAL     0    [PRESSURE DATA]
TOTAL FM JAN 1     0    HIGHEST SLP 31.09 ON  7
DPTR FM NORMAL     0    LOWEST  SLP 29.59 ON 16

[REMARKS]
#FINAL-01-15#
