000
CXUS52 KMFL 291000
CF6HWO
PRELIMINARY LOCAL CLIMATOLOGICAL DATA (WS FORM: F-6)

                                          STATION:   NORTH PERRY ARPT
                                          MONTH:     APRIL
                                          YEAR:      2016
                                          LATITUDE:   26  0 N
                                          LONGITUDE:  80 14 W

  TEMPERATURE IN F:       :PCPN:    SNOW:  WIND      :SUNSHINE: SKY     :PK WND
================================================================================
1   2   3   4   5  6A  6B    7    8   9   10  11  12  13   14  15   16   17  18
                                     12Z  AVG MX 2MIN
DY MAX MIN AVG DEP HDD CDD  WTR  SNW DPTH SPD SPD DIR MIN PSBL S-S WX    SPD DR
================================================================================

 1  90  76  83   9   0  18 0.00  0.0    0 10.1 18 150   M    M   1        23 160
 2  92  78  85  11   0  20    T  0.0    0  9.8 23 250   M    M   3        28 250
 3  81  69  75   1   0  10    T  0.0    0  9.5 21 340   M    M   5        27 330
 4  80  67  74   0   0   9 0.08  0.0    0  5.6 14  90   M    M   3        17  80
 5  86  65  76   2   0  11 0.00  0.0    0  6.4 17  60   M    M   0        22  70
 6  80  65  73  -1   0   8    T  0.0    0 12.5 26  80   M    M   8        33  90
 7  86  70  78   4   0  13    T  0.0    0  8.7 18 250   M    M   4        28 260
 8  85  65  75   1   0  10 0.00  0.0    0  7.0 17 250   M    M   1        22 260
 9  83  63  73  -1   0   8 0.00  0.0    0  9.7 17  70   M    M   0        24  50
10  80  62  71  -3   0   6 0.00  0.0    0 11.7 22  90   M    M   4        29  80
11  82  71  77   3   0  12 0.00  0.0    0 12.4 21  90   M    M   6        27  70
12  85  66  76   2   0  11 0.00  0.0    0  4.8 13 100   M    M   4        20 140
13  85  67  76   1   0  11 0.00  0.0    0  4.9 16 110   M    M   1        19 110
14  87  69  78   3   0  13 0.00  0.0    0  5.8 16 120   M    M   1        20 130
15  88  70  79   4   0  14 0.03  0.0    0  8.1 24  50   M    M   2        33  30
16  86  69  78   3   0  13 0.22  0.0    0 11.4 22  70   M    M   3 1      29  50
17  81  69  75   0   0  10 0.09  0.0    0 15.1 23  60   M    M   4        28  60
18  83  62  73  -2   0   8 0.02  0.0    0 10.3 23  50   M    M   6        29  50
19  82  64  73  -2   0   8 0.00  0.0    0 10.0 18  60   M    M   5        23  90
20  83  66  75   0   0  10 0.00  0.0    0  9.6 22  80   M    M   4        28  70
21  82  72  77   1   0  12 0.00  0.0    0 14.6 24  90   M    M   4        29  80
22  85  75  80   4   0  15    T  0.0    0 11.6 22 120   M    M   5        28 110
23  90  73  82   6   0  17 0.00  0.0    0  9.4 17 270   M    M   3        23 240
24  88  66  77   1   0  12 0.00  0.0    0 10.2 20  70   M    M   1        24  70
25  84  72  78   2   0  13    T  0.0    0 10.2 21 110   M    M   4        24 110
26  85  67  76   0   0  11 0.00  0.0    0  8.1 21  90   M    M   3        25  90
27  85  67  76   0   0  11 0.00  0.0    0  6.6 16 100   M    M   1        21 130
28  88  70  79   3   0  14 0.00  0.0    0  6.2 16 130   M    M   2        22 110
================================================================================
SM 2372 1915         0 328  0.44     0.0 260.3          M       88
================================================================================
AV 84.7 68.4                               9.3 FASTST   M    M   3    MAX(MPH)
                                 MISC ---->  # 26  80               # 33   90
================================================================================
NOTES:
# LAST OF SEVERAL OCCURRENCES

COLUMN 17 PEAK WIND IN M.P.H.

PRELIMINARY LOCAL CLIMATOLOGICAL DATA (WS FORM: F-6) , PAGE 2

                                          STATION:  NORTH PERRY ARPT
                                          MONTH:    APRIL
                                          YEAR:     2016
                                          LATITUDE:   26  0 N
                                          LONGITUDE:  80 14 W

[TEMPERATURE DATA]      [PRECIPITATION DATA]       SYMBOLS USED IN COLUMN 16

AVERAGE MONTHLY: 76.6   TOTAL FOR MONTH:   0.44    1 = FOG OR MIST
DPTR FM NORMAL:   1.7   DPTR FM NORMAL:   -2.49    2 = FOG REDUCING VISIBILITY
HIGHEST:    92 ON  2    GRTST 24HR  0.31 ON 16-17      TO 1/4 MILE OR LESS
LOWEST:     62 ON 18,10                            3 = THUNDER
                        SNOW, ICE PELLETS, HAIL    4 = ICE PELLETS
                        TOTAL MONTH:   0.0 INCH    5 = HAIL
                        GRTST 24HR     0.0         6 = FREEZING RAIN OR DRIZZLE
                        GRTST DEPTH:   0           7 = DUSTSTORM OR SANDSTORM:
                                                       VSBY 1/2 MILE OR LESS
                                                   8 = SMOKE OR HAZE
[NO. OF DAYS WITH]      [WEATHER - DAYS WITH]      9 = BLOWING SNOW
                                                   X = TORNADO
MAX 32 OR BELOW:   0    0.01 INCH OR MORE:   5
MAX 90 OR ABOVE:   3    0.10 INCH OR MORE:   1
MIN 32 OR BELOW:   0    0.50 INCH OR MORE:   0
MIN  0 OR BELOW:   0    1.00 INCH OR MORE:   0

[HDD (BASE 65) ]
TOTAL THIS MO.     0    CLEAR  (SCALE 0-3)  14
DPTR FM NORMAL     0    PTCLDY (SCALE 4-7)  14
TOTAL FM JUL 1    84    CLOUDY (SCALE 8-10)  0
DPTR FM NORMAL   -60

[CDD (BASE 65) ]
TOTAL THIS MO.   328
DPTR FM NORMAL    51    [PRESSURE DATA]
TOTAL FM JAN 1   907    HIGHEST SLP M ON M
DPTR FM NORMAL   117    LOWEST  SLP 29.87 ON M

[REMARKS]
