072
CXUS53 KUNR 220945
CF6ICR
PRELIMINARY LOCAL CLIMATOLOGICAL DATA (WS FORM: F-6)

                                          STATION:   WINNER REGIONAL AIRPORT SD
                                          MONTH:     MAY
                                          YEAR:      2015
                                          LATITUDE:   43 23 N
                                          LONGITUDE:  99 50 W

  TEMPERATURE IN F:       :PCPN:    SNOW:  WIND      :SUNSHINE: SKY     :PK WND
================================================================================
1   2   3   4   5  6A  6B    7    8   9   10  11  12  13   14  15   16   17  18
                                     12Z  AVG MX 2MIN
DY MAX MIN AVG DEP HDD CDD  WTR  SNW DPTH SPD SPD DIR MIN PSBL S-S WX    SPD DR
================================================================================

 1  74  46  60   7   5   0 0.01    M    M  6.9 13 290   M    M   2        16 300
 2  88  54  71  17   0   6 0.00    M    M 11.6 21 180   M    M   0        25 180
 3  76  47  62   8   3   0    T    M    M 15.0 35  10   M    M   0        42  20
 4  72  43  58   4   7   0    T    M    M  8.5 23  70   M    M   5        28  40
 5  64  46  55   0  10   0 0.17    M    M 10.7 22 130   M    M   7 18     26 130
 6  71  57  64   9   1   0 0.34    M    M 11.9 24 180   M    M  10 13     29 190
 7  59  48  54  -1  11   0 0.24    M    M 15.1 26 310   M    M   9 18     32 310
 8  63  40  52  -4  13   0 0.02    M    M  8.4 15  90   M    M   4 1      20  20
 9  49  39  44 -12  21   0 0.34    M    M 15.7 25  20   M    M   9 18     32  30
10  47  35  41 -15  24   0 0.52    M    M 19.1 32 300   M    M  10 1      41 300
11  57  37  47 -10  18   0 0.00    M    M 22.5 36 330   M    M   8 1      44 300
12  74  37  56  -1   9   0 0.00    M    M 16.0 29 170   M    M   2        38 160
13  79  54  67  10   0   2 0.00    M    M 24.9 37 180   M    M   3        47 170
14  71  55  63   5   2   0 0.01    M    M 12.9 24 170   M    M  10        30 290
15  67  56  62   4   3   0 0.04    M    M 14.6 25 120   M    M   9 138    31 120
16  81  57  69  11   0   4 0.04    M    M 14.9 25 210   M    M   4 13     33 130
17  61  43  52  -6  13   0 0.41    M    M 19.5 36 320   M    M   9 1      43 320
18  60  38  49 -10  16   0    T    M    M 17.8 31 330   M    M   5        39 310
19  50  33  42 -17  23   0 0.08    M    M  6.0 14  70   M    M   7 1      20  40
20  60  42  51  -8  14   0 0.18    M    M  5.8 14 280   M    M   7 1      16 270
21  71  40  56  -4   9   0 0.00    M    M  7.7 17 290   M    M   0        19 290
================================================================================
SM 1394  947       202  12  2.40    M    285.5          M      120
================================================================================
AV 66.4 45.1                              13.6 FASTST   M    M   6    MAX(MPH)
                                 MISC ---->  # 37 180               # 47  170
================================================================================
NOTES:
# LAST OF SEVERAL OCCURRENCES

COLUMN 17 PEAK WIND IN M.P.H.

PRELIMINARY LOCAL CLIMATOLOGICAL DATA (WS FORM: F-6) , PAGE 2

                                          STATION:  WINNER REGIONAL AIRPORT SD
                                          MONTH:    MAY
                                          YEAR:     2015
                                          LATITUDE:   43 23 N
                                          LONGITUDE:  99 50 W

[TEMPERATURE DATA]      [PRECIPITATION DATA]       SYMBOLS USED IN COLUMN 16

AVERAGE MONTHLY: 55.7   TOTAL FOR MONTH:   2.40    1 = FOG OR MIST
DPTR FM NORMAL:  -0.8   DPTR FM NORMAL:    0.18    2 = FOG REDUCING VISIBILITY
HIGHEST:    88 ON  2    GRTST 24HR  0.83 ON  9-10      TO 1/4 MILE OR LESS
LOWEST:     33 ON 19                               3 = THUNDER
                        SNOW, ICE PELLETS, HAIL    4 = ICE PELLETS
                        TOTAL MONTH:    M          5 = HAIL
                        GRTST 24HR    M  ON   M    6 = FREEZING RAIN OR DRIZZLE
                        GRTST DEPTH:  M  ON   M    7 = DUSTSTORM OR SANDSTORM:
                                                       VSBY 1/2 MILE OR LESS
                                                   8 = SMOKE OR HAZE
[NO. OF DAYS WITH]      [WEATHER - DAYS WITH]      9 = BLOWING SNOW
                                                   X = TORNADO
MAX 32 OR BELOW:   0    0.01 INCH OR MORE:  13
MAX 90 OR ABOVE:   0    0.10 INCH OR MORE:   7
MIN 32 OR BELOW:   0    0.50 INCH OR MORE:   1
MIN  0 OR BELOW:   0    1.00 INCH OR MORE:   0

[HDD (BASE 65) ]
TOTAL THIS MO.   202    CLEAR  (SCALE 0-3)   6
DPTR FM NORMAL    10    PTCLDY (SCALE 4-7)   8
TOTAL FM JUL 1  5975    CLOUDY (SCALE 8-10)  7
DPTR FM NORMAL  -621

[CDD (BASE 65) ]
TOTAL THIS MO.    12
DPTR FM NORMAL    -4    [PRESSURE DATA]
TOTAL FM JAN 1    24    HIGHEST SLP M ON M
DPTR FM NORMAL     6    LOWEST  SLP 29.30 ON 16

[REMARKS]
