000
CXUS53 KUNR 290945
CF6ICR
PRELIMINARY LOCAL CLIMATOLOGICAL DATA (WS FORM: F-6)

                                          STATION:   WINNER REGIONAL AIRPORT SD
                                          MONTH:     AUGUST
                                          YEAR:      2015
                                          LATITUDE:   43 23 N
                                          LONGITUDE:  99 50 W

  TEMPERATURE IN F:       :PCPN:    SNOW:  WIND      :SUNSHINE: SKY     :PK WND
================================================================================
1   2   3   4   5  6A  6B    7    8   9   10  11  12  13   14  15   16   17  18
                                     12Z  AVG MX 2MIN
DY MAX MIN AVG DEP HDD CDD  WTR  SNW DPTH SPD SPD DIR MIN PSBL S-S WX    SPD DR
================================================================================

 1  92  69  81   5   0  16 0.02    M    M 17.1 33 290   M    M   1 3      43 220
 2  90  63  77   1   0  12 0.00    M    M  8.6 17  40   M    M   0        22  70
 3  88  61  75  -1   0  10 0.00    M    M  6.5 15  80   M    M   2 3      23  90
 4  85  64  75  -1   0  10 0.48    M    M  9.7 23 170   M    M   3 13     29 170
 5  90  65  78   2   0  13    T    M    M  9.8 20 180   M    M   2 1      27 180
 6  88  68  78   2   0  13 0.16    M    M 13.3 29 190   M    M   1        36 210
 7  93  64  79   3   0  14 0.03    M    M 11.5 23 180   M    M   1 3      33 190
 8  88  65  77   1   0  12 0.00    M    M  6.8 21 210   M    M   0        25 210
 9  88  65  77   1   0  12 0.25    M    M  8.5 26 320   M    M   2 13     36 290
10  84  61  73  -3   0   8    T    M    M  5.1  9 180   M    M   3 1      12 150
11  90  63  77   1   0  12 0.00    M    M 10.4 17 170   M    M   1        22 160
12  97  70  84   8   0  19 0.00    M    M 17.8 25 180   M    M   0        32 180
13  92  72  82   7   0  17 0.00    M    M 11.1 24 210   M    M   0        31 210
14  96  68  82   7   0  17 0.00    M    M  8.2 16 140   M    M   0 8      21 130
15 101  73  87  12   0  22 0.00    M    M 19.2 32 190   M    M   0        42 190
16  82  65  74  -1   0   9    T    M    M 14.4 26  20   M    M   7 3      33  20
17  74  61  68  -7   0   3    T    M    M  9.6 18  40   M    M   8        23  30
18  63  53  58 -16   7   0 1.55    M    M 16.6 36  50   M    M  10 13     44  40
19  75  51  63 -11   2   0    T    M    M 10.2 22 320   M    M   3        27 320
20  86  54  70  -4   0   5 0.00    M    M  8.5 16 200   M    M   2        20 200
21  89  61  75   1   0  10 0.00    M    M 14.2 26 190   M    M   0        36 190
22  76  56  66  -8   0   1    T    M    M 26.5 40 320   M    M   1 8      53 320
23  73  50  62 -11   3   0 0.00    M    M 15.7 26 290   M    M   0        35 300
24  79  47  63 -10   2   0 0.00    M    M  5.4 10 140   M    M   0        14  80
25  81  51  66  -7   0   1 0.00    M    M 11.3 18 130   M    M   0 8      23 140
26  94  62  78   6   0  13 0.00    M    M 11.9 22 150   M    M   0 38     31 150
27  86  67  77   5   0  12 0.10    M    M  9.8 29  40   M    M   5 13     34  40
28  78  65  72   0   0   7 0.50    M    M  7.0 15  90   M    M   7 1      19  90
================================================================================
SM 2398 1734        14 268  3.09    M    324.7          M       59
================================================================================
AV 85.6 61.9                              11.6 FASTST   M    M   2    MAX(MPH)
                                 MISC ---->  # 40 320               # 53  320
================================================================================
NOTES:
# LAST OF SEVERAL OCCURRENCES

COLUMN 17 PEAK WIND IN M.P.H.

PRELIMINARY LOCAL CLIMATOLOGICAL DATA (WS FORM: F-6) , PAGE 2

                                          STATION:  WINNER REGIONAL AIRPORT SD
                                          MONTH:    AUGUST
                                          YEAR:     2015
                                          LATITUDE:   43 23 N
                                          LONGITUDE:  99 50 W

[TEMPERATURE DATA]      [PRECIPITATION DATA]       SYMBOLS USED IN COLUMN 16

AVERAGE MONTHLY: 73.8   TOTAL FOR MONTH:   3.09    1 = FOG OR MIST
DPTR FM NORMAL:  -0.9   DPTR FM NORMAL:    0.94    2 = FOG REDUCING VISIBILITY
HIGHEST:   101 ON 15    GRTST 24HR  1.55 ON 18-18      TO 1/4 MILE OR LESS
LOWEST:     47 ON 24                               3 = THUNDER
                        SNOW, ICE PELLETS, HAIL    4 = ICE PELLETS
                        TOTAL MONTH:    M          5 = HAIL
                        GRTST 24HR    M  ON   M    6 = FREEZING RAIN OR DRIZZLE
                        GRTST DEPTH:  M  ON   M    7 = DUSTSTORM OR SANDSTORM:
                                                       VSBY 1/2 MILE OR LESS
                                                   8 = SMOKE OR HAZE
[NO. OF DAYS WITH]      [WEATHER - DAYS WITH]      9 = BLOWING SNOW
                                                   X = TORNADO
MAX 32 OR BELOW:   0    0.01 INCH OR MORE:   8
MAX 90 OR ABOVE:  10    0.10 INCH OR MORE:   6
MIN 32 OR BELOW:   0    0.50 INCH OR MORE:   2
MIN  0 OR BELOW:   0    1.00 INCH OR MORE:   1

[HDD (BASE 65) ]
TOTAL THIS MO.    14    CLEAR  (SCALE 0-3)  21
DPTR FM NORMAL    12    PTCLDY (SCALE 4-7)   5
TOTAL FM JUL 1    14    CLOUDY (SCALE 8-10)  2
DPTR FM NORMAL     7

[CDD (BASE 65) ]
TOTAL THIS MO.   268
DPTR FM NORMAL   -11    [PRESSURE DATA]
TOTAL FM JAN 1   896    HIGHEST SLP M ON M
DPTR FM NORMAL   111    LOWEST  SLP 29.20 ON 22

[REMARKS]
