000
CXUS53 KICT 200800
CF6ICT
PRELIMINARY LOCAL CLIMATOLOGICAL DATA (WS FORM: F-6)

                                          STATION:   WICHITA EISENHOWER NATIONAL
                                          MONTH:     OCTOBER
                                          YEAR:      2017
                                          LATITUDE:   37 39 N
                                          LONGITUDE:  97 25 W

  TEMPERATURE IN F:       :PCPN:    SNOW:  WIND      :SUNSHINE: SKY     :PK WND
================================================================================
1   2   3   4   5  6A  6B    7    8   9   10  11  12  13   14  15   16   17  18
                                     12Z  AVG MX 2MIN
DY MAX MIN AVG DEP HDD CDD  WTR  SNW DPTH SPD SPD DIR MIN PSBL S-S WX    SPD DR
================================================================================

 1  80  62  71   7   0   6 0.00  0.0    0 17.1 29 180   M    M   7        36 180
 2  86  66  76  12   0  11 0.00  0.0    0 19.7 33 180   M    M   3        40 170
 3  84  70  77  14   0  12 0.00  0.0    0 13.7 26 170   M    M   8        33 160
 4  73  63  68   5   0   3 1.97  0.0    0  6.8 18 180   M    M  10 13     22 180
 5  74  69  72  10   0   7 0.17  0.0    0 10.3 20 170   M    M  10 1      24 200
 6  83  63  73  11   0   8 0.43  0.0    0 17.8 31 270   M    M   7 13     38 180
 7  78  54  66   4   0   1 0.28  0.0    0  9.5 23 300   M    M   3 13     32 310
 8  80  50  65   4   0   0 0.00  0.0    0 11.8 23 170   M    M   0        29 150
 9  75  49  62   1   3   0    T  0.0    0 16.2 31 350   M    M   5        41 360
10  52  40  46 -14  19   0    T  0.0    0 15.0 31 350   M    M   7        39 350
11  67  36  52  -8  13   0 0.00  0.0    0  5.6 17 180   M    M   0        20 170
12  82  51  67   7   0   2 0.00  0.0    0 16.1 29 180   M    M   1        37 180
13  83  63  73  14   0   8 0.00  0.0    0 12.0 18 200   M    M   2        24 170
14  88  53  71  12   0   6 0.16  0.0    0 17.7 43 340   M    M   7 13     50 340
15  64  41  53  -6  12   0 0.00  0.0    0 11.5 30 360   M    M   1 18     40 360
16  69  39  54  -4  11   0 0.00    M    0  8.7 20 180   M    M   1 1      24 170
17  74  46  60   2   5   0 0.00    M    0 13.2 22 170   M    M   0        28 190
18  78  51  65   7   0   0 0.00  0.0    0 11.9 22 180   M    M   3        26 200
19  80  48  64   7   1   0 0.00  0.0    0 12.5 22 170   M    M   3        27 170
================================================================================
SM 1450 1014        64  64  3.01     0.0 247.1          M       78
================================================================================
AV 76.3 53.4                              13.0 FASTST   M    M   4    MAX(MPH)
                                 MISC ---->  # 43 340               # 50  340
================================================================================
NOTES:
# LAST OF SEVERAL OCCURRENCES

COLUMN 17 PEAK WIND IN M.P.H.

PRELIMINARY LOCAL CLIMATOLOGICAL DATA (WS FORM: F-6) , PAGE 2

                                          STATION:  WICHITA EISENHOWER NATIONAL
                                          MONTH:    OCTOBER
                                          YEAR:     2017
                                          LATITUDE:   37 39 N
                                          LONGITUDE:  97 25 W

[TEMPERATURE DATA]      [PRECIPITATION DATA]       SYMBOLS USED IN COLUMN 16

AVERAGE MONTHLY: 64.8   TOTAL FOR MONTH:   3.01    1 = FOG OR MIST
DPTR FM NORMAL:   4.3   DPTR FM NORMAL:    1.17    2 = FOG REDUCING VISIBILITY
HIGHEST:    88 ON 14    GRTST 24HR  1.97 ON  4- 4      TO 1/4 MILE OR LESS
LOWEST:     36 ON 11                               3 = THUNDER
                        SNOW, ICE PELLETS, HAIL    4 = ICE PELLETS
                        TOTAL MONTH:   0.0 INCH    5 = HAIL
                        GRTST 24HR     0.0         6 = FREEZING RAIN OR DRIZZLE
                        GRTST DEPTH:   0           7 = DUSTSTORM OR SANDSTORM:
                                                       VSBY 1/2 MILE OR LESS
                                                   8 = SMOKE OR HAZE
[NO. OF DAYS WITH]      [WEATHER - DAYS WITH]      9 = BLOWING SNOW
                                                   X = TORNADO
MAX 32 OR BELOW:   0    0.01 INCH OR MORE:   5
MAX 90 OR ABOVE:   0    0.10 INCH OR MORE:   5
MIN 32 OR BELOW:   0    0.50 INCH OR MORE:   1
MIN  0 OR BELOW:   0    1.00 INCH OR MORE:   1

[HDD (BASE 65) ]
TOTAL THIS MO.    64    CLEAR  (SCALE 0-3)   9
DPTR FM NORMAL   -52    PTCLDY (SCALE 4-7)   8
TOTAL FM JUL 1    70    CLOUDY (SCALE 8-10)  2
DPTR FM NORMAL   -89

[CDD (BASE 65) ]
TOTAL THIS MO.    64
DPTR FM NORMAL    32    [PRESSURE DATA]
TOTAL FM JAN 1  1779    HIGHEST SLP M ON M
DPTR FM NORMAL    98    LOWEST  SLP 29.50 ON  6

[REMARKS]
