000
CXUS55 KPIH 161200
CF6IDA

PRELIMINARY LOCAL CLIMATOLOGICAL DATA (WS FORM: F-6)

                                          STATION:   IDAHO FALLS ID
                                          MONTH:     OCTOBER
                                          YEAR:      2017
                                          LATITUDE:   43 31 N
                                          LONGITUDE: 112  4 W

  TEMPERATURE IN F:       :PCPN:    SNOW:  WIND      :SUNSHINE: SKY     :PK WND
================================================================================
1   2   3   4   5  6A  6B    7    8   9   10  11  12  13   14  15   16   17  18
                                     12Z  AVG MX 2MIN
DY MAX MIN AVG DEP HDD CDD  WTR  SNW DPTH SPD SPD DIR MIN PSBL S-S WX    SPD DR
================================================================================

 1  47  34  41 -10  24   0 0.44    M    M  8.2 22 240   M    M   7 1      29 230
 2  50  35  43  -7  22   0 0.02    M    M  5.2 20 320   M    M   8 1      25 320
 3  53  27  40 -10  25   0 0.00    M    M  9.2 20  20   M    M   1        24  20
 4  52  32  42  -8  23   0 0.06    M    M  9.0 24 210   M    M   8 1      30 210
 5  55  28  42  -7  23   0 0.00    M    M  4.8 12  20   M    M   1        14  20
 6  59  33  46  -3  19   0 0.00    M    M 14.3 24 210   M    M   2        29 210
 7  64  38  51   3  14   0 0.00    M    M 23.0 43 220   M    M   0        53 210
 8  51  30  41  -7  24   0 0.04    M    M  8.3 28 340   M    M   6 1      35 340
 9  51  22  37 -11  28   0 0.00    M    M  3.4 12 200   M    M   0        16 200
10  59  26  43  -4  22   0 0.00    M    M  6.2 16 220   M    M   2        23 200
11  62  26  44  -3  21   0 0.00    M    M 10.1 22 200   M    M   1 8      28 200
12  48  33  41  -6  24   0 0.00    M    M 16.7 30 210   M    M   2        36 200
13  53  23  38  -8  27   0 0.02    M    M 13.8 29 220   M    M   5 1      38 210
14  39  26  33 -13  32   0 0.26    M    M 10.9 21 210   M    M   4 12     25 210
15  53  20  37  -9  28   0 0.00    M    M  2.5  8  20   M    M   0 8      10  30
================================================================================
SM  796  433       356   0  0.84    M    145.6          M       47
================================================================================
AV 53.1 28.9                               9.7 FASTST   M    M   3    MAX(MPH)
                                 MISC ---->  # 43 220               # 53  210
================================================================================
NOTES:
# LAST OF SEVERAL OCCURRENCES
PRECIPITATION SUSPECT DURING FREEZING/FROZEN EVENTS

COLUMN 17 PEAK WIND IN M.P.H.

PRELIMINARY LOCAL CLIMATOLOGICAL DATA (WS FORM: F-6) , PAGE 2

                                          STATION:  IDAHO FALLS ID
                                          MONTH:    OCTOBER
                                          YEAR:     2017
                                          LATITUDE:   43 31 N
                                          LONGITUDE: 112  4 W

[TEMPERATURE DATA]      [PRECIPITATION DATA]       SYMBOLS USED IN COLUMN 16

AVERAGE MONTHLY: 41.0   TOTAL FOR MONTH:   0.84    1 = FOG OR MIST
DPTR FM NORMAL:  -7.2   DPTR FM NORMAL:    0.43    2 = FOG REDUCING VISIBILITY
HIGHEST:    64 ON  7    GRTST 24HR  0.60 ON 30- 1      TO 1/4 MILE OR LESS
LOWEST:     20 ON 15                               3 = THUNDER
                        SNOW, ICE PELLETS, HAIL    4 = ICE PELLETS
                        TOTAL MONTH:    M          5 = HAIL
                        GRTST 24HR    M  ON   M    6 = FREEZING RAIN OR DRIZZLE
                        GRTST DEPTH:  M  ON   M    7 = DUSTSTORM OR SANDSTORM:
                                                       VSBY 1/2 MILE OR LESS
                                                   8 = SMOKE OR HAZE
[NO. OF DAYS WITH]      [WEATHER - DAYS WITH]      9 = BLOWING SNOW
                                                   X = TORNADO
MAX 32 OR BELOW:   0    0.01 INCH OR MORE:   6
MAX 90 OR ABOVE:   0    0.10 INCH OR MORE:   2
MIN 32 OR BELOW:  10    0.50 INCH OR MORE:   0
MIN  0 OR BELOW:   0    1.00 INCH OR MORE:   0

[HDD (BASE 65) ]
TOTAL THIS MO.   356    CLEAR  (SCALE 0-3)   9
DPTR FM NORMAL   103    PTCLDY (SCALE 4-7)   6
TOTAL FM JUL 1   640    CLOUDY (SCALE 8-10)  0
DPTR FM NORMAL    79

[CDD (BASE 65) ]
TOTAL THIS MO.     0
DPTR FM NORMAL     0    [PRESSURE DATA]
TOTAL FM JAN 1   362    HIGHEST SLP M ON M
DPTR FM NORMAL    98    LOWEST  SLP 29.70 ON  8

[REMARKS]
