000
CXUS55 KPIH 231200
CF6IDA

PRELIMINARY LOCAL CLIMATOLOGICAL DATA (WS FORM: F-6)

                                          STATION:   IDAHO FALLS ID
                                          MONTH:     JULY
                                          YEAR:      2016
                                          LATITUDE:   43 31 N
                                          LONGITUDE: 112  4 W

  TEMPERATURE IN F:       :PCPN:    SNOW:  WIND      :SUNSHINE: SKY     :PK WND
================================================================================
1   2   3   4   5  6A  6B    7    8   9   10  11  12  13   14  15   16   17  18
                                     12Z  AVG MX 2MIN
DY MAX MIN AVG DEP HDD CDD  WTR  SNW DPTH SPD SPD DIR MIN PSBL S-S WX    SPD DR
================================================================================

 1  86  49  68   3   0   3 0.00    M    M  4.2 10 230   M    M   1        14 200
 2  90  49  70   4   0   5 0.00    M    M 11.7 24 200   M    M   0        29 180
 3  89  56  73   7   0   8 0.00    M    M 16.0 30 210   M    M   2        38 210
 4  86  57  72   6   0   7 0.00    M    M 15.7 28 200   M    M   3        35 210
 5  76  53  65  -1   0   0 0.00    M    M 13.4 24 210   M    M   2        27 210
 6  79  53  66  -1   0   1    T    M    M 15.9 31 210   M    M   4        41 230
 7  80  40  60  -7   5   0 0.00    M    M  6.6 20 210   M    M   0        25 200
 8  90  46  68   1   0   3 0.00    M    M  8.8 21 220   M    M   1        25 210
 9  87  53  70   3   0   5    T    M    M 11.1 31 300   M    M   2        42 270
10  67  49  58 -10   7   0 0.19    M    M 14.7 31 220   M    M   6 13     44 230
11  68  44  56 -12   9   0    T    M    M 15.9 28 210   M    M   4        32 210
12  81  39  60  -8   5   0 0.00    M    M  9.1 25 210   M    M   2        36 360
13  77  44  61  -7   4   0 0.00    M    M  6.6 16 150   M    M   1        23 170
14  85  40  63  -5   2   0 0.00    M    M  5.6 15 140   M    M   0        20 140
15  91  43  67  -1   0   2 0.00    M    M  7.3 22 200   M    M   1        26 200
16  84  52  68  -1   0   3 0.00    M    M 15.6 31 220   M    M   1 8      38 220
17  91  39  65  -4   0   0 0.00    M    M  5.1 14 210   M    M   2        20 220
18  92  48  70   1   0   5 0.00    M    M  8.0 21 230   M    M   1        25 230
19  92  48  70   1   0   5 0.00    M    M  7.4 21 220   M    M   1 8      25 210
20  91  49  70   1   0   5 0.00    M    M  9.1 24 210   M    M   1        29 230
21  96  44  70   1   0   5 0.00    M    M  5.4 14 230   M    M   1        18 220
22  93  57  75   6   0  10 0.00    M    M 12.9 25 230   M    M   2        35 220
================================================================================
SM 1871 1052        32  67  0.19    M    226.1          M       38
================================================================================
AV 85.0 47.8                              10.3 FASTST   M    M   2    MAX(MPH)
                                 MISC ---->  # 31 210               # 44  230
================================================================================
NOTES:
# LAST OF SEVERAL OCCURRENCES
PRECIPITATION SUSPECT DURING FREEZING/FROZEN EVENTS

COLUMN 17 PEAK WIND IN M.P.H.

PRELIMINARY LOCAL CLIMATOLOGICAL DATA (WS FORM: F-6) , PAGE 2

                                          STATION:  IDAHO FALLS ID
                                          MONTH:    JULY
                                          YEAR:     2016
                                          LATITUDE:   43 31 N
                                          LONGITUDE: 112  4 W

[TEMPERATURE DATA]      [PRECIPITATION DATA]       SYMBOLS USED IN COLUMN 16

AVERAGE MONTHLY: 66.4   TOTAL FOR MONTH:   0.19    1 = FOG OR MIST
DPTR FM NORMAL:  -1.2   DPTR FM NORMAL:   -0.17    2 = FOG REDUCING VISIBILITY
HIGHEST:    96 ON 21    GRTST 24HR  0.19 ON  9-10      TO 1/4 MILE OR LESS
LOWEST:     39 ON 17,12                            3 = THUNDER
                        SNOW, ICE PELLETS, HAIL    4 = ICE PELLETS
                        TOTAL MONTH:    M          5 = HAIL
                        GRTST 24HR    M  ON   M    6 = FREEZING RAIN OR DRIZZLE
                        GRTST DEPTH:  M  ON   M    7 = DUSTSTORM OR SANDSTORM:
                                                       VSBY 1/2 MILE OR LESS
                                                   8 = SMOKE OR HAZE
[NO. OF DAYS WITH]      [WEATHER - DAYS WITH]      9 = BLOWING SNOW
                                                   X = TORNADO
MAX 32 OR BELOW:   0    0.01 INCH OR MORE:   1
MAX 90 OR ABOVE:   9    0.10 INCH OR MORE:   1
MIN 32 OR BELOW:   0    0.50 INCH OR MORE:   0
MIN  0 OR BELOW:   0    1.00 INCH OR MORE:   0

[HDD (BASE 65) ]
TOTAL THIS MO.    32    CLEAR  (SCALE 0-3)  19
DPTR FM NORMAL     7    PTCLDY (SCALE 4-7)   3
TOTAL FM JUL 1    32    CLOUDY (SCALE 8-10)  0
DPTR FM NORMAL     7

[CDD (BASE 65) ]
TOTAL THIS MO.    67
DPTR FM NORMAL   -16    [PRESSURE DATA]
TOTAL FM JAN 1   127    HIGHEST SLP M ON M
DPTR FM NORMAL    12    LOWEST  SLP 25.51 ON 22

[REMARKS]
