000
CXUS53 KUNR 280945
CF6IEN
PRELIMINARY LOCAL CLIMATOLOGICAL DATA (WS FORM: F-6)

                                          STATION:   PINE RIDGE SD
                                          MONTH:     FEBRUARY
                                          YEAR:      2015
                                          LATITUDE:   43  1 N
                                          LONGITUDE: 102 31 W

  TEMPERATURE IN F:       :PCPN:    SNOW:  WIND      :SUNSHINE: SKY     :PK WND
================================================================================
1   2   3   4   5  6A  6B    7    8   9   10  11  12  13   14  15   16   17  18
                                     12Z  AVG MX 2MIN
DY MAX MIN AVG DEP HDD CDD  WTR  SNW DPTH SPD SPD DIR MIN PSBL S-S WX    SPD DR
================================================================================

 1  14   1   8 -16  57   0    T    M    M  9.0 20 330   M    M   5 8      28 360
 2  46  13  30   6  35   0 0.00    M    M  9.4 22 300   M    M   3        29 310
 3  51  22  37  13  28   0 0.02    M    M  9.5 28 180   M    M   5 1      35 180
 4  22  11  17  -8  48   0 0.02    M    M 10.4 22 200   M    M   5 1      30 200
 5  50  13  32   7  33   0 0.00    M    M  6.6 21 210   M    M   1        27 200
 6  66  30  48  23  17   0 0.00    M    M  6.7 16 230   M    M   0 8      21 230
 7  71  31  51  26  14   0    T    M    M  9.8 39 270   M    M   1        49 270
 8  64  24  44  19  21   0 0.00    M    M  6.1 18 300   M    M   1        23 290
 9  68  21  45  20  20   0    T    M    M  8.6 21 190   M    M   1        27 200
10  60  28  44  19  21   0 0.02    M    M  9.3 22 290   M    M   5        29 290
11  47  20  34   8  31   0 0.00    M    M  9.2 17  20   M    M   8        22  40
12  54  19  37  11  28   0 0.00    M    M  9.2 22 210   M    M   6        29 210
13  61  23  42  16  23   0 0.00    M    M  5.8 21 290   M    M   1 8      27 290
14  29  21  25  -1  40   0 0.00    M    M 10.4 21  80   M    M   7 1      25 200
15  42  18  30   4  35   0    T    M    M  4.6 16 340   M    M   7 1      21 350
16  37  22  30   3  35   0 0.14    M    M  6.8 31 360   M    M   8 128    38 360
17  26   1  14 -13  51   0 0.02    M    M  7.9 22 340   M    M   4 18     32 310
18  27  -1  13 -14  52   0 0.00    M    M  2.4 12 360   M    M   7 8      16 350
19  57  26  42  15  23   0 0.00    M    M  4.8 15 280   M    M   3        19 280
20  45  28  37   9  28   0 0.05    M    M  5.6 15 310   M    M   9 1      20 310
21  32  13  23  -5  42   0    T    M    M 11.6 22  20   M    M   9 1      27  30
22  20   2  11 -17  54   0    T    M    M  4.5 12  70   M    M   3 8      17  10
23  34   2  18 -11  47   0 0.00    M    M 10.5 25 240   M    M   0        32 250
24  53  19  36   7  29   0 0.00    M    M  7.0 15 290   M    M   3        19 270
25  42   6  24  -5  41   0    T    M    M 14.2 33  10   M    M   9 1      41 360
26  14  -6   4 -26  61   0    T    M    M  5.8 15 350   M    M   5 18     24 350
27  27  -8  10 -20  55   0 0.00    M    M 12.1 28 200   M    M   4        33 180
================================================================================
SM 1159  399       969   0  0.27    M    217.8          M      120
================================================================================
AV 42.9 14.8                               8.1 FASTST   M    M   4    MAX(MPH)
                                 MISC ---->  # 39 270               # 49  270
================================================================================
NOTES:
# LAST OF SEVERAL OCCURRENCES

COLUMN 17 PEAK WIND IN M.P.H.

PRELIMINARY LOCAL CLIMATOLOGICAL DATA (WS FORM: F-6) , PAGE 2

                                          STATION:  PINE RIDGE SD
                                          MONTH:    FEBRUARY
                                          YEAR:     2015
                                          LATITUDE:   43  1 N
                                          LONGITUDE: 102 31 W

[TEMPERATURE DATA]      [PRECIPITATION DATA]       SYMBOLS USED IN COLUMN 16

AVERAGE MONTHLY: 28.9   TOTAL FOR MONTH:   0.27    1 = FOG OR MIST
DPTR FM NORMAL:   2.3   DPTR FM NORMAL:   -0.18    2 = FOG REDUCING VISIBILITY
HIGHEST:    71 ON  7    GRTST 24HR  0.15 ON 16-17      TO 1/4 MILE OR LESS
LOWEST:     -8 ON 27                               3 = THUNDER
                        SNOW, ICE PELLETS, HAIL    4 = ICE PELLETS
                        TOTAL MONTH:    M          5 = HAIL
                        GRTST 24HR    M  ON   M    6 = FREEZING RAIN OR DRIZZLE
                        GRTST DEPTH:  M  ON   M    7 = DUSTSTORM OR SANDSTORM:
                                                       VSBY 1/2 MILE OR LESS
                                                   8 = SMOKE OR HAZE
[NO. OF DAYS WITH]      [WEATHER - DAYS WITH]      9 = BLOWING SNOW
                                                   X = TORNADO
MAX 32 OR BELOW:   9    0.01 INCH OR MORE:   6
MAX 90 OR ABOVE:   0    0.10 INCH OR MORE:   1
MIN 32 OR BELOW:  27    0.50 INCH OR MORE:   0
MIN  0 OR BELOW:   3    1.00 INCH OR MORE:   0

[HDD (BASE 65) ]
TOTAL THIS MO.   969    CLEAR  (SCALE 0-3)  11
DPTR FM NORMAL   -70    PTCLDY (SCALE 4-7)  11
TOTAL FM JUL 1  5165    CLOUDY (SCALE 8-10)  5
DPTR FM NORMAL  -151

[CDD (BASE 65) ]
TOTAL THIS MO.     0
DPTR FM NORMAL     0    [PRESSURE DATA]
TOTAL FM JAN 1     0    HIGHEST SLP M ON M
DPTR FM NORMAL     0    LOWEST  SLP 29.50 ON  7

[REMARKS]
