000
CXUS54 KFWD 170730
CF6ILE
PRELIMINARY LOCAL CLIMATOLOGICAL DATA (WS FORM: F-6)

                                          STATION:   KILLEEN SKYLARK
                                          MONTH:     JANUARY
                                          YEAR:      2017
                                          LATITUDE:   31  4 N
                                          LONGITUDE:  97 41 W

  TEMPERATURE IN F:       :PCPN:    SNOW:  WIND      :SUNSHINE: SKY     :PK WND
================================================================================
1   2   3   4   5  6A  6B    7    8   9   10  11  12  13   14  15   16   17  18
                                     12Z  AVG MX 2MIN
DY MAX MIN AVG DEP HDD CDD  WTR  SNW DPTH SPD SPD DIR MIN PSBL S-S WX    SPD DR
================================================================================

 1  73  45  59  12   6   0 0.00  0.0    0  6.2 13 150   M    M   1         M  M
 2  73  53  63  16   2   0 0.40  0.0    0  8.9 14 280   M    M   3 13     22 280
 3  69  40  55   8  10   0 0.00  0.0    0  9.1 15 360   M    M   0        21 320
 4  43  33  38  -9  27   0 0.00  0.0    0  7.9 15 350   M    M   2        17 350
 5  53  30  42  -5  23   0 0.00  0.0    0  9.5 20 360   M    M   3        27  10
 6  31  20  26 -21  39   0 0.00  0.0    0 14.8 20 360   M    M   7        29 360
 7  41  15  28 -19  37   0 0.00  0.0    0  5.6 12 340   M    M   0         M  M
 8  50  16  33 -14  32   0 0.00  0.0    0  7.8 18 180   M    M   0        28 180
 9  69  33  51   4  14   0 0.00  0.0    0 12.0 23 180   M    M   2        37 190
10  80  55  68  21   0   3 0.00  0.0    0 13.1 22 190   M    M   0        30 190
11  79  60  70  23   0   5 0.00  0.0    0 16.7 24 180   M    M   1        36 180
12  80  67  74  27   0   9 0.00  0.0    0 14.7 27 190   M    M  10        32 190
13  69  45  57  10   8   0 0.42  0.0    0  8.7 12  10   M    M  10 1       M  M
14  46  41  44  -3  21   0 0.03  0.0    0  7.4 12  10   M    M  10 12      M  M
15   M   M   M   M   M   M    M  0.0    0  4.3  7 340   M    M  10 1       M  M
16  71  48  60  13   5   0 0.01    M    M  4.8  7 300   M    M   6 8       M  M
================================================================================
SM  927  601       224  17  0.86     0.0 151.5          M       65
================================================================================
AV 61.8 40.1                               9.5 FASTST   M    M   4    MAX(MPH)
                                 MISC ---->  # 27 190                 37    M
================================================================================
NOTES:
# LAST OF SEVERAL OCCURRENCES

COLUMN 17 PEAK WIND IN M.P.H.

PRELIMINARY LOCAL CLIMATOLOGICAL DATA (WS FORM: F-6) , PAGE 2

                                          STATION:  KILLEEN SKYLARK
                                          MONTH:    JANUARY
                                          YEAR:     2017
                                          LATITUDE:   31  4 N
                                          LONGITUDE:  97 41 W

[TEMPERATURE DATA]      [PRECIPITATION DATA]       SYMBOLS USED IN COLUMN 16

AVERAGE MONTHLY: 50.9   TOTAL FOR MONTH:   0.86    1 = FOG OR MIST
DPTR FM NORMAL:   3.9   DPTR FM NORMAL:   -0.06    2 = FOG REDUCING VISIBILITY
HIGHEST:    80 ON 12,10 GRTST 24HR  0.42 ON 13-13      TO 1/4 MILE OR LESS
LOWEST:     15 ON  7                               3 = THUNDER
                        SNOW, ICE PELLETS, HAIL    4 = ICE PELLETS
                        TOTAL MONTH:   0.0 INCH    5 = HAIL
                        GRTST 24HR     0.0         6 = FREEZING RAIN OR DRIZZLE
                        GRTST DEPTH:   0           7 = DUSTSTORM OR SANDSTORM:
                                                       VSBY 1/2 MILE OR LESS
                                                   8 = SMOKE OR HAZE
[NO. OF DAYS WITH]      [WEATHER - DAYS WITH]      9 = BLOWING SNOW
                                                   X = TORNADO
MAX 32 OR BELOW:   1    0.01 INCH OR MORE:   4
MAX 90 OR ABOVE:   0    0.10 INCH OR MORE:   2
MIN 32 OR BELOW:   4    0.50 INCH OR MORE:   0
MIN  0 OR BELOW:   0    1.00 INCH OR MORE:   0

[HDD (BASE 65) ]
TOTAL THIS MO.   224    CLEAR  (SCALE 0-3)  10
DPTR FM NORMAL   -64    PTCLDY (SCALE 4-7)   2
TOTAL FM JUL 1   759    CLOUDY (SCALE 8-10)  4
DPTR FM NORMAL  -380

[CDD (BASE 65) ]
TOTAL THIS MO.    17
DPTR FM NORMAL    17    [PRESSURE DATA]
TOTAL FM JAN 1    17    HIGHEST SLP M ON M
DPTR FM NORMAL    17    LOWEST  SLP M ON M

[REMARKS]
