000
CXUS54 KFWD 280730
CF6ILE
PRELIMINARY LOCAL CLIMATOLOGICAL DATA (WS FORM: F-6)

                                          STATION:   KILLEEN SKYLARK
                                          MONTH:     JUNE
                                          YEAR:      2017
                                          LATITUDE:   31  4 N
                                          LONGITUDE:  97 41 W

  TEMPERATURE IN F:       :PCPN:    SNOW:  WIND      :SUNSHINE: SKY     :PK WND
================================================================================
1   2   3   4   5  6A  6B    7    8   9   10  11  12  13   14  15   16   17  18
                                     12Z  AVG MX 2MIN
DY MAX MIN AVG DEP HDD CDD  WTR  SNW DPTH SPD SPD DIR MIN PSBL S-S WX    SPD DR
================================================================================

 1  88  67  78   1   0  13    M  0.0    0  6.7 13 120   M    M   3        16 110
 2  91  72  82   4   0  17    M  0.0    0  8.5 12  50   M    M   8        18 160
 3  82  69  76  -2   0  11 0.79  0.0    0  4.6 10 130   M    M   3 13     30 100
 4  88  69  79   1   0  14 0.03  0.0    0  4.7 10 290   M    M   4 3       M  M
 5  86  67  77  -1   0  12 0.05  0.0    0  5.6 13  50   M    M   4 123     M  M
 6  90  69  80   1   0  15 0.00  0.0    0 10.0 20  20   M    M   3        25  20
 7  91  67  79   0   0  14 0.00  0.0    0  6.9 13  30   M    M   1        16 360
 8  90  69  80   1   0  15 0.00  0.0    0  5.8 10 130   M    M   1 8       M  M
 9  87  71  79   0   0  14 0.00  0.0    0 10.5 17 150   M    M   4 1      22 150
10  89  69  79   0   0  14 0.00  0.0    0 11.8 16 150   M    M   1        23 160
11  91  72  82   2   0  17 0.00  0.0    0 12.1 15 150   M    M   4        23 140
12  93  73  83   3   0  18 0.00  0.0    0 10.3 15 150   M    M   3        22 150
13  95  74  85   5   0  20 0.00  0.0    0 13.5 20 140   M    M   4        24 150
14  93  76  85   5   0  20 0.00  0.0    0 12.7 21 200   M    M   7        27 200
15  96  76  86   6   0  21 0.00  0.0    0 11.4 16 190   M    M   3        21 200
16  96  76  86   6   0  21 0.00  0.0    0 12.3 18 190   M    M   1        23 160
17  96  75  86   6   0  21 0.00  0.0    0 12.8 20 160   M    M   1        23 190
18  97  75  86   5   0  21 0.00  0.0    0 12.8 16 160   M    M   3        28 180
19  86  73  80  -1   0  15 0.05  0.0    0  6.3 13 160   M    M   3 13     18 250
20  92  72  82   1   0  17 0.00  0.0    0  7.2 14  30   M    M   2        17  30
21  91  71  81   0   0  16 0.00  0.0    0  7.7 14  20   M    M   1        20  20
22  94  72  83   2   0  18 0.00  0.0    0  6.4 12 130   M    M   3         M  M
23 100  75  88   7   0  23 0.00  0.0    0  9.6 14 190   M    M   0        20 190
24  83  70  77  -4   0  12 0.24  0.0    0  9.3 17 140   M    M   5 13     24 140
25  85  72  79  -2   0  14 0.07  0.0    0  7.1 13  10   M    M   8 13      M  M
26  88  71  80  -2   0  15 0.03  0.0    0  5.6  9 340   M    M   7 3       M  M
27  91  70  81  -1   0  16 0.18  0.0    0  5.5 15 120   M    M   3        24 120
================================================================================
SM 2449 1932         0 444  1.44     0.0 237.7          M       90
================================================================================
AV 90.7 71.6                               8.8 FASTST   M    M   3    MAX(MPH)
                                 MISC ---->    21   M                 30    M
================================================================================
NOTES:
# LAST OF SEVERAL OCCURRENCES

COLUMN 17 PEAK WIND IN M.P.H.

PRELIMINARY LOCAL CLIMATOLOGICAL DATA (WS FORM: F-6) , PAGE 2

                                          STATION:  KILLEEN SKYLARK
                                          MONTH:    JUNE
                                          YEAR:     2017
                                          LATITUDE:   31  4 N
                                          LONGITUDE:  97 41 W

[TEMPERATURE DATA]      [PRECIPITATION DATA]       SYMBOLS USED IN COLUMN 16

AVERAGE MONTHLY: 81.1   TOTAL FOR MONTH:   1.44    1 = FOG OR MIST
DPTR FM NORMAL:   1.3   DPTR FM NORMAL:   -2.41    2 = FOG REDUCING VISIBILITY
HIGHEST:   100 ON 23    GRTST 24HR  0.79 ON  3- 3      TO 1/4 MILE OR LESS
LOWEST:     67 ON  7, 5                            3 = THUNDER
                        SNOW, ICE PELLETS, HAIL    4 = ICE PELLETS
                        TOTAL MONTH:   0.0 INCH    5 = HAIL
                        GRTST 24HR     0.0         6 = FREEZING RAIN OR DRIZZLE
                        GRTST DEPTH:   0           7 = DUSTSTORM OR SANDSTORM:
                                                       VSBY 1/2 MILE OR LESS
                                                   8 = SMOKE OR HAZE
[NO. OF DAYS WITH]      [WEATHER - DAYS WITH]      9 = BLOWING SNOW
                                                   X = TORNADO
MAX 32 OR BELOW:   0    0.01 INCH OR MORE:   8
MAX 90 OR ABOVE:  17    0.10 INCH OR MORE:   3
MIN 32 OR BELOW:   0    0.50 INCH OR MORE:   1
MIN  0 OR BELOW:   0    1.00 INCH OR MORE:   0

[HDD (BASE 65) ]
TOTAL THIS MO.     0    CLEAR  (SCALE 0-3)  14
DPTR FM NORMAL     0    PTCLDY (SCALE 4-7)  12
TOTAL FM JUL 1  1168    CLOUDY (SCALE 8-10)  1
DPTR FM NORMAL  -998

[CDD (BASE 65) ]
TOTAL THIS MO.   444
DPTR FM NORMAL    42    [PRESSURE DATA]
TOTAL FM JAN 1  1062    HIGHEST SLP M ON M
DPTR FM NORMAL   270    LOWEST  SLP M ON M

[REMARKS]
