000
CXUS52 KILM 311000
CF6ILM
PRELIMINARY LOCAL CLIMATOLOGICAL DATA (WS FORM: F-6)

                                          STATION:   WILMINGTON NC
                                          MONTH:     MAY
                                          YEAR:      2016
                                          LATITUDE:   34 16 N
                                          LONGITUDE:  77 55 W

  TEMPERATURE IN F:       :PCPN:    SNOW:  WIND      :SUNSHINE: SKY     :PK WND
================================================================================
1   2   3   4   5  6A  6B    7    8   9   10  11  12  13   14  15   16   17  18
                                     12Z  AVG MX 2MIN
DY MAX MIN AVG DEP HDD CDD  WTR  SNW DPTH SPD SPD DIR MIN PSBL S-S WX    SPD DR
================================================================================

 1  80  64  72   5   0   7 0.17  0.0    0  6.8 17 170   M    M   5 13     21 170
 2  86  65  76   9   0  11    T  0.0    0  9.4 22 180   M    M   2 3      28 170
 3  76  65  71   4   0   6 1.49  0.0    0  8.0 24 330   M    M   5 13     29 320
 4  81  63  72   5   0   7 0.39  0.0    0  7.9 17 240   M    M   5 13     23 210
 5  71  52  62  -6   3   0 0.49  0.0    0  7.4 17 330   0    0   0 3      31 320
 6  68  48  58 -10   7   0 0.00  0.0    0  9.1 17 290   M    M   5        22 300
 7  78  52  65  -3   0   0 0.00  0.0    0  8.7 22 280   M    M   1        28 260
 8  89  63  76   8   0  11 0.00  0.0    0  9.0 20 290   M    M   1        24 270
 9  91  63  77   8   0  12 0.00  0.0    0  6.4 16 260   M    M   0        20 250
10  84  67  76   7   0  11 0.00  0.0    0  7.6 17 230   M    M   0        23 230
11  87  64  76   7   0  11 0.00  0.0    0  7.7 16 240   M    M   1        20 270
12  88  67  78   9   0  13 0.56  0.0    0  6.9 21 360   M    M   5 13     27  10
13  82  65  74   4   0   9 0.24  0.0    0  5.9 20 240   M    M   4 13     25 220
14  83  62  73   3   0   8 0.00  0.0    0  7.9 21 210   M    M   3 12     26 190
15  72  52  62  -8   3   0 0.00  0.0    0  7.5 18 330   M    M   0        24  10
16  73  49  61  -9   4   0 0.00  0.0    0  6.4 16  20   M    M   1        18  30
17  78  60  69  -2   0   4 0.05  0.0    0  6.1 16 160   M    M   6 1      20 160
18  70  62  66  -5   0   1 0.32  0.0    0 10.4 18  20   M    M  10 1      23  10
19  73  57  65  -6   0   0    T  0.0    0  6.5 15  30   M    M   6        18  20
20  72  58  65  -6   0   0 0.15  0.0    0  9.1 13  60   M    M  10 1       M  M
21  82  66  74   2   0   9 0.07  0.0    0  7.4 18 280   M    M   6 123    24 280
22  75  58  67  -5   0   2 0.57  0.0    0  6.5 23 320   M    M   7 13     28 320
23  71  54  63  -9   2   0 0.00  0.0    0  7.4 18 320   M    M   4        22 330
24  82  52  67  -5   0   2 0.00  0.0    0  6.5 17 180   M    M   1        22 170
25  86  60  73   0   0   8 0.00  0.0    0  6.2 18 200   M    M   1        23 190
26  85  65  75   2   0  10 0.00  0.0    0  6.7 16 190   M    M   4        21 170
27  81  63  72  -1   0   7 0.00  0.0    0  5.1 15 110   M    M   1        23 110
28  82  63  73   0   0   8 0.10  0.0    0 10.3 20  90   M    M   2 1      25 100
29  82  72  77   3   0  12 0.71  0.0    0  8.9 22 120   M    M   6 18     31 120
30  82  70  76   2   0  11 0.33  0.0    0  6.4 16 120   M    M   6 18     22 170
================================================================================
SM 2390 1821        19 180  5.64     0.0 226.1            0    108
================================================================================
AV 79.7 60.7                               7.5 FASTST    0   0   4    MAX(MPH)
                                 MISC ---->  # 24 330                 31    M
================================================================================
NOTES:
# LAST OF SEVERAL OCCURRENCES

COLUMN 17 PEAK WIND IN M.P.H.

PRELIMINARY LOCAL CLIMATOLOGICAL DATA (WS FORM: F-6) , PAGE 2

                                          STATION:  WILMINGTON NC
                                          MONTH:    MAY
                                          YEAR:     2016
                                          LATITUDE:   34 16 N
                                          LONGITUDE:  77 55 W

[TEMPERATURE DATA]      [PRECIPITATION DATA]       SYMBOLS USED IN COLUMN 16

AVERAGE MONTHLY: 70.2   TOTAL FOR MONTH:   5.64    1 = FOG OR MIST
DPTR FM NORMAL:  -0.1   DPTR FM NORMAL:    1.32    2 = FOG REDUCING VISIBILITY
HIGHEST:    91 ON  9    GRTST 24HR  1.62 ON  3- 4      TO 1/4 MILE OR LESS
LOWEST:     48 ON  6                               3 = THUNDER
                        SNOW, ICE PELLETS, HAIL    4 = ICE PELLETS
                        TOTAL MONTH:   0.0 INCH    5 = HAIL
                        GRTST 24HR     0.0         6 = FREEZING RAIN OR DRIZZLE
                        GRTST DEPTH:   0           7 = DUSTSTORM OR SANDSTORM:
                                                       VSBY 1/2 MILE OR LESS
                                                   8 = SMOKE OR HAZE
[NO. OF DAYS WITH]      [WEATHER - DAYS WITH]      9 = BLOWING SNOW
                                                   X = TORNADO
MAX 32 OR BELOW:   0    0.01 INCH OR MORE:  14
MAX 90 OR ABOVE:   1    0.10 INCH OR MORE:  12
MIN 32 OR BELOW:   0    0.50 INCH OR MORE:   4
MIN  0 OR BELOW:   0    1.00 INCH OR MORE:   1

[HDD (BASE 65) ]
TOTAL THIS MO.    19    CLEAR  (SCALE 0-3)  14
DPTR FM NORMAL    -6    PTCLDY (SCALE 4-7)  14
TOTAL FM JUL 1  1806    CLOUDY (SCALE 8-10)  2
DPTR FM NORMAL  -601

[CDD (BASE 65) ]
TOTAL THIS MO.   180
DPTR FM NORMAL    -4    [PRESSURE DATA]
TOTAL FM JAN 1   326    HIGHEST SLP  0.00 ON  5
DPTR FM NORMAL    54    LOWEST  SLP  0.00 ON  5

[REMARKS]
