000
CXUS52 KILM 291000
CF6ILM
PRELIMINARY LOCAL CLIMATOLOGICAL DATA (WS FORM: F-6)

                                          STATION:   WILMINGTON NC
                                          MONTH:     MAY
                                          YEAR:      2015
                                          LATITUDE:   34 16 N
                                          LONGITUDE:  77 55 W

  TEMPERATURE IN F:       :PCPN:    SNOW:  WIND      :SUNSHINE: SKY     :PK WND
================================================================================
1   2   3   4   5  6A  6B    7    8   9   10  11  12  13   14  15   16   17  18
                                     12Z  AVG MX 2MIN
DY MAX MIN AVG DEP HDD CDD  WTR  SNW DPTH SPD SPD DIR MIN PSBL S-S WX    SPD DR
================================================================================

 1  68  49  59  -8   6   0 0.18  0.0    0  8.9 24  20   M    M   5 13     32  20
 2  76  47  62  -5   3   0 0.00  0.0    0  5.1 20 330   M    M   2 1      23 320
 3  78  49  64  -3   1   0 0.00  0.0    0  3.8 15 170   M    M   0 18     20 130
 4  80  51  66  -1   0   1 0.00  0.0    0  4.5 17 170   M    M   0        26 160
 5  77  52  65  -3   0   0 0.00  0.0    0  4.9 16  90   M    M   0        22 100
 6  75  55  65  -3   0   0 0.00  0.0    0  7.7 17  80   M    M   0        24  70
 7  77  63  70   2   0   5 0.04  0.0    0 14.7 29  60   M    M   7 1      37  60
 8  81  65  73   5   0   8 0.33  0.0    0 14.9 23  50   M    M   8 18     31  60
 9  79  65  72   3   0   7 0.65  0.0    0 18.1 29  60   M    M   8 1      40  50
10  74  68  71   2   0   6 2.95  0.0    0 16.6 29 170   M    M   9 1      41 170
11  81  70  76   7   0  11 0.16  0.0    0 11.0 21 230   M    M   5 13     26 230
12  86  74  80  11   0  15 0.00  0.0    0 13.0 20 200   M    M   4        27 210
13  83  64  74   4   0   9 0.00  0.0    0  7.6 18  10   M    M   1        27  10
14  75  59  67  -3   0   2 0.00  0.0    0  9.0 17  30   M    M   3 8      24  40
15  78  55  67  -3   0   2 0.00  0.0    0  4.4 13  10   M    M   1        15  40
16  79  57  68  -2   0   3 0.00  0.0    0  3.3 14 160   M    M   2        18 170
17  85  60  73   2   0   8 0.00  0.0    0  6.0 17 180   M    M   2        22 170
18  89  69  79   8   0  14 0.00  0.0    0  8.6 16 210   M    M   0        20 210
19  92  70  81  10   0  16 0.62  0.0    0  7.2 17 260   M    M   4 13     21 260
20  90  69  80   9   0  15    T  0.0    0  4.2 15 230   M    M   3 12     19 230
21  87  64  76   4   0  11 0.73  0.0    0  7.9 25 250   M    M   4 123    32 250
22  76  59  68  -4   0   3 0.00  0.0    0  5.6 17  40   M    M   6        23  10
23  79  54  67  -5   0   2 0.00  0.0    0  5.4 16 100   M    M   0        21 110
24  79  60  70  -2   0   5 0.00  0.0    0  4.7 15 110   M    M   1        21 130
25  80  59  70  -3   0   5 0.00  0.0    0  5.3 14 130   M    M   1        18 130
26  83  64  74   1   0   9 0.00  0.0    0  8.5 17 150   M    M   6        27 160
27  83  70  77   4   0  12    T  0.0    0  7.7 16 170   M    M   4        22 170
28  82  64  73   0   0   8 0.00  0.0    0  4.2 13 120   M    M   0        17 200
================================================================================
SM 2252 1705        10 177  5.66     0.0 222.8          M       86
================================================================================
AV 80.4 60.9                               8.0 FASTST   M    M   3    MAX(MPH)
                                 MISC ---->  # 29  60               # 41  170
================================================================================
NOTES:
# LAST OF SEVERAL OCCURRENCES

COLUMN 17 PEAK WIND IN M.P.H.

PRELIMINARY LOCAL CLIMATOLOGICAL DATA (WS FORM: F-6) , PAGE 2

                                          STATION:  WILMINGTON NC
                                          MONTH:    MAY
                                          YEAR:     2015
                                          LATITUDE:   34 16 N
                                          LONGITUDE:  77 55 W

[TEMPERATURE DATA]      [PRECIPITATION DATA]       SYMBOLS USED IN COLUMN 16

AVERAGE MONTHLY: 70.7   TOTAL FOR MONTH:   5.66    1 = FOG OR MIST
DPTR FM NORMAL:   0.7   DPTR FM NORMAL:    1.68    2 = FOG REDUCING VISIBILITY
HIGHEST:    92 ON 19    GRTST 24HR  3.06 ON  9-10      TO 1/4 MILE OR LESS
LOWEST:     47 ON  2                               3 = THUNDER
                        SNOW, ICE PELLETS, HAIL    4 = ICE PELLETS
                        TOTAL MONTH:   0.0 INCH    5 = HAIL
                        GRTST 24HR     0.0         6 = FREEZING RAIN OR DRIZZLE
                        GRTST DEPTH:   0           7 = DUSTSTORM OR SANDSTORM:
                                                       VSBY 1/2 MILE OR LESS
                                                   8 = SMOKE OR HAZE
[NO. OF DAYS WITH]      [WEATHER - DAYS WITH]      9 = BLOWING SNOW
                                                   X = TORNADO
MAX 32 OR BELOW:   0    0.01 INCH OR MORE:   8
MAX 90 OR ABOVE:   2    0.10 INCH OR MORE:   7
MIN 32 OR BELOW:   0    0.50 INCH OR MORE:   4
MIN  0 OR BELOW:   0    1.00 INCH OR MORE:   1

[HDD (BASE 65) ]
TOTAL THIS MO.    10    CLEAR  (SCALE 0-3)  15
DPTR FM NORMAL   -15    PTCLDY (SCALE 4-7)  12
TOTAL FM JUL 1  2597    CLOUDY (SCALE 8-10)  1
DPTR FM NORMAL   190

[CDD (BASE 65) ]
TOTAL THIS MO.   177
DPTR FM NORMAL    11    [PRESSURE DATA]
TOTAL FM JAN 1   266    HIGHEST SLP M ON M
DPTR FM NORMAL    12    LOWEST  SLP 29.72 ON M

[REMARKS]
