000
CXUS55 KPSR 241005
CF6IPL
PRELIMINARY LOCAL CLIMATOLOGICAL DATA (WS FORM: F-6)

                                          STATION:   IMPERIAL CA
                                          MONTH:     NOVEMBER
                                          YEAR:      2017
                                          LATITUDE:   32 50 N
                                          LONGITUDE: 115 35 W

  TEMPERATURE IN F:       :PCPN:    SNOW:  WIND      :SUNSHINE: SKY     :PK WND
================================================================================
1   2   3   4   5  6A  6B    7    8   9   10  11  12  13   14  15   16   17  18
                                     12Z  AVG MX 2MIN
DY MAX MIN AVG DEP HDD CDD  WTR  SNW DPTH SPD SPD DIR MIN PSBL S-S WX    SPD DR
================================================================================

 1  82  65  74   6   0   9    T  0.0    0  4.1 12 290   M    M   0 8      13  80
 2  79  62  71   3   0   6 0.00  0.0    0  7.7 18 260   M    M   2        23 250
 3  75  57  66  -2   0   1 0.00  0.0    0  3.6 12 290   M    M   0        14 320
 4  84  56  70   3   0   5 0.00  0.0    0  5.2 15 250   M    M   0        19 250
 5  83  61  72   5   0   7 0.00  0.0    0  8.4 15 250   M    M   0        18 240
 6  84  57  71   4   0   6 0.00  0.0    0  2.9 12 250   M    M   0        15 270
 7  80  62  71   5   0   6    T  0.0    0  4.9 16 160   M    M   1 8      20 170
 8  81  57  69   3   0   4 0.00  0.0    0  3.0 10 220   M    M   0        12 230
 9  84  57  71   6   0   6 0.00  0.0    0  2.9  9 360   M    M   0        11 360
10  83  52  68   3   0   3 0.00  0.0    0  2.9  8 280   M    M   0        11 130
11  82  52  67   3   0   2 0.00  0.0    0  2.6  8 250   M    M   0         9 270
12  84  57  71   7   0   6 0.00  0.0    0  3.7  7 350   M    M   0        10 350
13  81  58  70   6   0   5 0.00  0.0    0  2.3  6 260   M    M   0         M  M
14  87  54  71   8   0   6 0.00  0.0    0  2.5  6 360   M    M   0         M  M
15  81  55  68   5   0   3 0.00  0.0    0  3.1  8 360   M    M   0         9 320
16  89  56  73  11   0   8 0.00  0.0    0  4.3 14 330   M    M   0        17 330
17  82  65  74  12   0   9 0.00  0.0    0  8.7 17 280   M    M   0        21 280
18  79  49  64   2   1   0 0.00  0.0    0  4.2 12  30   M    M   0        13  20
19  78  44  61   0   4   0 0.00  0.0    0  4.6  8 350   M    M   0         M  M
20  78  45  62   1   3   0 0.00  0.0    0  3.8  8 260   M    M   0         M  M
21  83  49  66   6   0   1 0.00  0.0    0  3.1  9 260   M    M   0        10 260
22  90  54  72  12   0   7 0.00  0.0    0  4.0  9 270   M    M   0 8      11 350
23  91  56  74  14   0   9 0.00  0.0    0  3.2  9 250   M    M   0        10 250
================================================================================
SM 1900 1280         8 109    T      0.0  95.7          M        3
================================================================================
AV 82.6 55.7                               4.2 FASTST   M    M   0    MAX(MPH)
                                 MISC ---->  # 18 260               # 23  250
================================================================================
NOTES:
# LAST OF SEVERAL OCCURRENCES

COLUMN 17 PEAK WIND IN M.P.H.

PRELIMINARY LOCAL CLIMATOLOGICAL DATA (WS FORM: F-6) , PAGE 2

                                          STATION:  IMPERIAL CA
                                          MONTH:    NOVEMBER
                                          YEAR:     2017
                                          LATITUDE:   32 50 N
                                          LONGITUDE: 115 35 W

[TEMPERATURE DATA]      [PRECIPITATION DATA]       SYMBOLS USED IN COLUMN 16

AVERAGE MONTHLY: 69.1   TOTAL FOR MONTH:      T    1 = FOG OR MIST
DPTR FM NORMAL:   5.1   DPTR FM NORMAL:   -0.13    2 = FOG REDUCING VISIBILITY
HIGHEST:    91 ON 23    GRTST 24HR    T  ON  7- 7      TO 1/4 MILE OR LESS
LOWEST:     44 ON 19                               3 = THUNDER
                        SNOW, ICE PELLETS, HAIL    4 = ICE PELLETS
                        TOTAL MONTH:   0.0 INCH    5 = HAIL
                        GRTST 24HR     0.0         6 = FREEZING RAIN OR DRIZZLE
                        GRTST DEPTH:   0           7 = DUSTSTORM OR SANDSTORM:
                                                       VSBY 1/2 MILE OR LESS
                                                   8 = SMOKE OR HAZE
[NO. OF DAYS WITH]      [WEATHER - DAYS WITH]      9 = BLOWING SNOW
                                                   X = TORNADO
MAX 32 OR BELOW:   0    0.01 INCH OR MORE:   0
MAX 90 OR ABOVE:   2    0.10 INCH OR MORE:   0
MIN 32 OR BELOW:   0    0.50 INCH OR MORE:   0
MIN  0 OR BELOW:   0    1.00 INCH OR MORE:   0

[HDD (BASE 65) ]
TOTAL THIS MO.     8    CLEAR  (SCALE 0-3)  23
DPTR FM NORMAL   -61    PTCLDY (SCALE 4-7)   0
TOTAL FM JUL 1     8    CLOUDY (SCALE 8-10)  0
DPTR FM NORMAL   -68

[CDD (BASE 65) ]
TOTAL THIS MO.   109
DPTR FM NORMAL    62    [PRESSURE DATA]
TOTAL FM JAN 1  4680    HIGHEST SLP M ON M
DPTR FM NORMAL   706    LOWEST  SLP 29.77 ON  1

[REMARKS]
