000
CXUS55 KEAX 280736
CF6IRK
PRELIMINARY LOCAL CLIMATOLOGICAL DATA (WS FORM: F-6)

                                          STATION:   KIRKSVILLE MO
                                          MONTH:     MAY
                                          YEAR:      2017
                                          LATITUDE:   40  5 N
                                          LONGITUDE:  92 33 W

  TEMPERATURE IN F:       :PCPN:    SNOW:  WIND      :SUNSHINE: SKY     :PK WND
================================================================================
1   2   3   4   5  6A  6B    7    8   9   10  11  12  13   14  15   16   17  18
                                     12Z  AVG MX 2MIN
DY MAX MIN AVG DEP HDD CDD  WTR  SNW DPTH SPD SPD DIR MIN PSBL S-S WX    SPD DR
================================================================================

 1  49  44  47 -10  18   0 0.10    M    M 12.4 25 300   M    M   9 8      34 260
 2  66  41  54  -3  11   0 0.00    M    M  8.0 23 280   M    M   1        28 280
 3  51  43  47 -11  18   0 0.00    M    M  7.5 13 130   M    M   6        17 110
 4  67  41  54  -4  11   0 0.00    M    M 13.3 26  10   M    M   2        39  20
 5  72  45  59   1   6   0 0.00    M    M  9.9 20 350   M    M   0        32 320
 6  70  44  57  -1   8   0 0.00    M    M  8.7 21  10   M    M   0        26  20
 7  77  39  58  -1   7   0 0.00    M    M  3.3 12 250   M    M   0        16 200
 8  82  52  67   8   0   2 0.02    M    M  7.2 17 220   M    M   1        24 220
 9  84  62  73  13   0   8 0.00    M    M  7.3 15 280   M    M   1        22 240
10  82  61  72  12   0   7 0.23    M    M  5.4 26 320   M    M   5 13     36 330
11  68  53  61   1   4   0 0.00    M    M  7.3 18  50   M    M   8 1      22  30
12  74  47  61   0   4   0 0.00    M    M  7.9 16  30   M    M   1 1      19  30
13  79  43  61   0   4   0 0.00    M    M  5.6 12 190   M    M   0        16 210
14  81  52  67   6   0   2 0.00    M    M 10.7 22 180   M    M   0 8      27 190
15  87  62  75  13   0  10 0.00    M    M 11.3 20 180   M    M   0        26 170
16  86  63  75  13   0  10 0.00    M    M 14.0 29 180   M    M   0        34 170
17  82  69  76  14   0  11    T    M    M 16.4 35 180   M    M   6 3      50 210
18  82  59  71   8   0   6 0.00    M    M  9.2 22  40   M    M   1        30 240
19  61  50  56  -7   9   0 0.63    M    M 12.1 23  40   M    M   9 13     29  60
20  74  50  62  -1   3   0 0.09    M    M 10.1 21 210   M    M   7 1      27 210
21  65  45  55  -9  10   0 0.00    M    M  9.2 21 280   M    M   5        27 280
22  69  41  55  -9  10   0 0.41    M    M  7.4 22 250   M    M   6 13     39 260
23  66  44  55  -9  10   0 0.01    M    M  7.2 18 310   M    M   7 1      23 330
24  64  44  54 -11  11   0 0.19    M    M  7.4 21 350   M    M   5 12     28 340
25  72  41  57  -8   8   0 0.00    M    M  5.0 17 120   M    M   0 12     20 120
26  83  58  71   6   0   6 0.11    M    M  6.9 21  90   M    M   4 13     24 100
27  79  56  68   2   0   3 0.00    M    M  5.9 16 110   M    M   1 1      22 120
================================================================================
SM 1972 1349       152  65  1.79    M    236.6          M       85
================================================================================
AV 73.0 50.0                               8.8 FASTST   M    M   3    MAX(MPH)
                                 MISC ---->  # 35 180               # 50  210
================================================================================
NOTES:
# LAST OF SEVERAL OCCURRENCES

COLUMN 17 PEAK WIND IN M.P.H.

PRELIMINARY LOCAL CLIMATOLOGICAL DATA (WS FORM: F-6) , PAGE 2

                                          STATION:  KIRKSVILLE MO
                                          MONTH:    MAY
                                          YEAR:     2017
                                          LATITUDE:   40  5 N
                                          LONGITUDE:  92 33 W

[TEMPERATURE DATA]      [PRECIPITATION DATA]       SYMBOLS USED IN COLUMN 16

AVERAGE MONTHLY: 61.5   TOTAL FOR MONTH:   1.79    1 = FOG OR MIST
DPTR FM NORMAL:   0.2   DPTR FM NORMAL:   -2.51    2 = FOG REDUCING VISIBILITY
HIGHEST:    87 ON 15    GRTST 24HR  0.99 ON 30- 1      TO 1/4 MILE OR LESS
LOWEST:     39 ON  7                               3 = THUNDER
                        SNOW, ICE PELLETS, HAIL    4 = ICE PELLETS
                        TOTAL MONTH:    M          5 = HAIL
                        GRTST 24HR    M  ON   M    6 = FREEZING RAIN OR DRIZZLE
                        GRTST DEPTH:  M  ON   M    7 = DUSTSTORM OR SANDSTORM:
                                                       VSBY 1/2 MILE OR LESS
                                                   8 = SMOKE OR HAZE
[NO. OF DAYS WITH]      [WEATHER - DAYS WITH]      9 = BLOWING SNOW
                                                   X = TORNADO
MAX 32 OR BELOW:   0    0.01 INCH OR MORE:   9
MAX 90 OR ABOVE:   0    0.10 INCH OR MORE:   6
MIN 32 OR BELOW:   0    0.50 INCH OR MORE:   1
MIN  0 OR BELOW:   0    1.00 INCH OR MORE:   0

[HDD (BASE 65) ]
TOTAL THIS MO.   152    CLEAR  (SCALE 0-3)  15
DPTR FM NORMAL     9    PTCLDY (SCALE 4-7)  10
TOTAL FM JUL 1  4609    CLOUDY (SCALE 8-10)  2
DPTR FM NORMAL -1224

[CDD (BASE 65) ]
TOTAL THIS MO.    65
DPTR FM NORMAL    22    [PRESSURE DATA]
TOTAL FM JAN 1    89    HIGHEST SLP  0.00 ON M
DPTR FM NORMAL    39    LOWEST  SLP  0.00 ON M

[REMARKS]
