000
CXUS53 KGRB 290736
CF6ISW
PRELIMINARY LOCAL CLIMATOLOGICAL DATA (WS FORM: F-6)

                                          STATION:   WISCONSIN RAPIDS ASOS
                                          MONTH:     APRIL
                                          YEAR:      2017
                                          LATITUDE:   44 22 N
                                          LONGITUDE:  89 50 W

  TEMPERATURE IN F:       :PCPN:    SNOW:  WIND      :SUNSHINE: SKY     :PK WND
================================================================================
1   2   3   4   5  6A  6B    7    8   9   10  11  12  13   14  15   16   17  18
                                     12Z  AVG MX 2MIN
DY MAX MIN AVG DEP HDD CDD  WTR  SNW DPTH SPD SPD DIR MIN PSBL S-S WX    SPD DR
================================================================================

 1  64  27  46   8  19   0 0.00  0.0    0  3.0 12 360   M    M   0        15 250
 2  56  29  43   4  22   0    T  0.0    0  4.9 15 200   M    M   7        20 210
 3  46  44  45   6  20   0 0.52  0.0    0  6.4 14  60   M    M  10 1      17  60
 4  61  38  50  10  15   0 0.16  0.0    0  8.1 17 340   M    M   5        25  20
 5  50  34  42   2  23   0 0.00  0.0    0  6.2 20  30   M    M   4        24  20
 6  54  30  42   1  23   0 0.00  0.0    0 15.2 28  10   M    M   0        35  20
 7  58  25  42   1  23   0 0.00  0.0    0  4.2 12 280   M    M   0        16 310
 8  73  33  53  11  12   0 0.00  0.0    0 10.0 20 200   M    M   1        28 190
 9  75  54  65  23   0   0 0.00  0.0    0  7.7 15 210   M    M   4        20 180
10  66  35  51   8  14   0 0.27  0.0    0  9.2 21  30   M    M   9 13     26 240
11  43  28  36  -7  29   0 0.01  0.0    0  6.1 17 300   M    M   9 1      20 300
12  57  26  42  -2  23   0 0.06  0.0    0  3.9 12 110   M    M   6 1      16 110
13  54  40  47   3  18   0 0.16  0.0    0  7.1 14 120   M    M   9 1      19 130
14  64  38  51   7  14   0 0.18  0.0    0  8.6 17 120   M    M   5 1      23 110
15  74  52  63  18   2   0 0.71  0.0    0  8.0 20 250   M    M   7 138    27 240
16  67  41  54   9  11   0    T  0.0    0 13.0 29 310   M    M   2 12     43 310
17  65  39  52   6  13   0    T  0.0    0  6.4 16 110   M    M   5        19 110
18  67  36  52   6  13   0    T  0.0    0  9.4 22 220   M    M   3        28 210
19  59  41  50   3  15   0 1.18  0.0    0 10.3 26 100   M    M   7 13     39  80
20  53  37  45  -2  20   0 0.26  0.0    0 11.1 30 100   M    M   9 18     43 100
21  63  34  49   1  16   0 0.00  0.0    0  9.9 20  20   M    M   2        29  10
22  67  28  48   0  17   0 0.00  0.0    0  2.7 10 320   M    M   0        15 340
23  72  38  55   7  10   0 0.00  0.0    0  9.2 17 120   M    M   1        24 120
24  68  33  51   2  14   0 0.00  0.0    0  9.0 18 180   M    M   0        25 180
25  77  54  66  17   0   1 0.01  0.0    0  7.3 17 170   M    M   4        25 170
26  62  41  52   2  13   0 0.20  0.0    0  8.0 15 300   M    M   9 1      19 310
27  42  32  37 -13  28   0    M    M    M  9.8 18 300   M    M  10 1      24 300
28  52  32  42  -8  23   0    T  0.0    0  6.8 15 320   M    M   6 1      22 300
================================================================================
SM 1709 1019       450   1  3.72     0.0 221.5          M      134
================================================================================
AV 61.0 36.4                               7.9 FASTST   M    M   5    MAX(MPH)
                                 MISC ---->  # 30 100               # 43  310
================================================================================
NOTES:
# LAST OF SEVERAL OCCURRENCES

COLUMN 17 PEAK WIND IN M.P.H.

PRELIMINARY LOCAL CLIMATOLOGICAL DATA (WS FORM: F-6) , PAGE 2

                                          STATION:  WISCONSIN RAPIDS ASOS
                                          MONTH:    APRIL
                                          YEAR:     2017
                                          LATITUDE:   44 22 N
                                          LONGITUDE:  89 50 W

[TEMPERATURE DATA]      [PRECIPITATION DATA]       SYMBOLS USED IN COLUMN 16

AVERAGE MONTHLY: 48.7   TOTAL FOR MONTH:   3.72    1 = FOG OR MIST
DPTR FM NORMAL:   4.1   DPTR FM NORMAL:    1.06    2 = FOG REDUCING VISIBILITY
HIGHEST:    77 ON 25    GRTST 24HR  1.18 ON 19-19      TO 1/4 MILE OR LESS
LOWEST:     25 ON  7                               3 = THUNDER
                        SNOW, ICE PELLETS, HAIL    4 = ICE PELLETS
                        TOTAL MONTH:   0.0 INCH    5 = HAIL
                        GRTST 24HR     0.0         6 = FREEZING RAIN OR DRIZZLE
                        GRTST DEPTH:   0           7 = DUSTSTORM OR SANDSTORM:
                                                       VSBY 1/2 MILE OR LESS
                                                   8 = SMOKE OR HAZE
[NO. OF DAYS WITH]      [WEATHER - DAYS WITH]      9 = BLOWING SNOW
                                                   X = TORNADO
MAX 32 OR BELOW:   0    0.01 INCH OR MORE:  12
MAX 90 OR ABOVE:   0    0.10 INCH OR MORE:   9
MIN 32 OR BELOW:   9    0.50 INCH OR MORE:   3
MIN  0 OR BELOW:   0    1.00 INCH OR MORE:   1

[HDD (BASE 65) ]
TOTAL THIS MO.   450    CLEAR  (SCALE 0-3)  10
DPTR FM NORMAL  -125    PTCLDY (SCALE 4-7)  11
TOTAL FM JUL 1  6439    CLOUDY (SCALE 8-10)  7
DPTR FM NORMAL -1154

[CDD (BASE 65) ]
TOTAL THIS MO.     1
DPTR FM NORMAL     1    [PRESSURE DATA]
TOTAL FM JAN 1     1    HIGHEST SLP M ON M
DPTR FM NORMAL     1    LOWEST  SLP 29.29 ON 27

[REMARKS]
