000
CXUS53 KGRB 300750
CF6ISW
PRELIMINARY LOCAL CLIMATOLOGICAL DATA (WS FORM: F-6)

                                          STATION:   WISCONSIN RAPIDS ASOS
                                          MONTH:     SEPTEMBER
                                          YEAR:      2014
                                          LATITUDE:   44 22 N
                                          LONGITUDE:  89 50 W

  TEMPERATURE IN F:       :PCPN:    SNOW:  WIND      :SUNSHINE: SKY     :PK WND
================================================================================
1   2   3   4   5  6A  6B    7    8   9   10  11  12  13   14  15   16   17  18
                                     12Z  AVG MX 2MIN
DY MAX MIN AVG DEP HDD CDD  WTR  SNW DPTH SPD SPD DIR MIN PSBL S-S WX    SPD DR
================================================================================

 1  76  56  66   1   0   1 0.19  0.0    0  8.0 22 230   M    M   3 1      31 230
 2  78  52  65   1   0   0 0.00  0.0    0  4.6 16 240   M    M   2 12     23 290
 3  82  53  68   4   0   3    T  0.0    0  7.4 16 210   M    M   1 1      22 150
 4  82  67  75  11   0  10 0.32  0.0    0  9.1 26 190   M    M   7 138    37 180
 5  77  52  65   2   0   0    T  0.0    0  9.9 20 300   M    M   5        25 280
 6  75  46  61  -2   4   0 0.00  0.0    0  6.0 17 280   M    M   0        23 280
 7  79  49  64   1   1   0 0.00  0.0    0  2.9 13 230   M    M   1 1      16 240
 8  74  53  64   2   1   0    T  0.0    0  5.8 18 210   M    M   3        23 210
 9  82  58  70   8   0   5 0.31  0.0    0  5.0 22 210   M    M   5 13     31 210
10  69  45  57  -4   8   0 0.59  0.0    0 11.4 25 330   M    M  10 1      35 320
11  56  40  48 -13  17   0 0.00  0.0    0  8.7 17 340   M    M   9        24 340
12  48  39  44 -17  21   0 0.14  0.0    0  4.1  8 290   M    M   8 1      10 290
13  58  35  47 -13  18   0 0.00  0.0    0  4.8 10 300   M    M   4        14 300
14  67  44  56  -4   9   0    T  0.0    0  8.8 23 220   M    M   7        29 220
15  60  38  49 -11  16   0 0.15  0.0    0  3.7 13 310   M    M   6 1      16 300
16  66  35  51  -8  14   0 0.00  0.0    0  3.3 14 270   M    M   0 18     18 210
17  71  38  55  -4  10   0 0.00  0.0    0  3.1 15 280   M    M   3 1      18 280
18  62  45  54  -4  11   0 0.00  0.0    0  7.0 14  90   M    M   5 1      19  80
19  73  49  61   3   4   0 0.01  0.0    0 10.7 26 200   M    M   4 18     35 200
20  78  56  67  10   0   2 0.25  0.0    0  8.6 28 270   M    M   4 13     39 270
21  64  39  52  -5  13   0 0.03  0.0    0 10.8 25 340   M    M   5 1      35 320
22  69  37  53  -4  12   0 0.00  0.0    0  3.8 15 250   M    M   1 12     20 240
23  74  41  58   2   7   0 0.00  0.0    0  3.2 13 210   M    M   0 1      16 210
24  70  47  59   3   6   0 0.17  0.0    0  3.9 13 300   M    M   2 1      16 300
25  77  51  64   9   1   0    T  0.0    0  2.3  9 220   M    M   4 1      12 200
26  77  47  62   7   3   0 0.00  0.0    0  3.5 10 160   M    M   0 1      20 130
27  81  52  67  13   0   2 0.00  0.0    0  4.0 12 220   M    M   1        14 220
28  81  51  66  12   0   1 0.00  0.0    0  2.1  9 210   M    M   0 12     12 240
29  64  45  55   1  10   0 0.01  0.0    0  8.3 17  10   M    M   8 128    21 350
================================================================================
SM 2070 1360       186  24  2.17     0.0 174.8          M      108
================================================================================
AV 71.4 46.9                               6.0 FASTST   M    M   4    MAX(MPH)
                                 MISC ---->  # 28 270               # 39  270
================================================================================
NOTES:
# LAST OF SEVERAL OCCURRENCES

COLUMN 17 PEAK WIND IN M.P.H.

PRELIMINARY LOCAL CLIMATOLOGICAL DATA (WS FORM: F-6) , PAGE 2

                                          STATION:  WISCONSIN RAPIDS ASOS
                                          MONTH:    SEPTEMBER
                                          YEAR:     2014
                                          LATITUDE:   44 22 N
                                          LONGITUDE:  89 50 W

[TEMPERATURE DATA]      [PRECIPITATION DATA]       SYMBOLS USED IN COLUMN 16

AVERAGE MONTHLY: 59.1   TOTAL FOR MONTH:   2.17    1 = FOG OR MIST
DPTR FM NORMAL:  -0.2   DPTR FM NORMAL:   -1.56    2 = FOG REDUCING VISIBILITY
HIGHEST:    82 ON  9, 4 GRTST 24HR  0.90 ON  9-10      TO 1/4 MILE OR LESS
LOWEST:     35 ON 16,13                            3 = THUNDER
                        SNOW, ICE PELLETS, HAIL    4 = ICE PELLETS
                        TOTAL MONTH:   0.0 INCH    5 = HAIL
                        GRTST 24HR     0.0         6 = FREEZING RAIN OR DRIZZLE
                        GRTST DEPTH:   0           7 = DUSTSTORM OR SANDSTORM:
                                                       VSBY 1/2 MILE OR LESS
                                                   8 = SMOKE OR HAZE
[NO. OF DAYS WITH]      [WEATHER - DAYS WITH]      9 = BLOWING SNOW
                                                   X = TORNADO
MAX 32 OR BELOW:   0    0.01 INCH OR MORE:  11
MAX 90 OR ABOVE:   0    0.10 INCH OR MORE:   8
MIN 32 OR BELOW:   0    0.50 INCH OR MORE:   1
MIN  0 OR BELOW:   0    1.00 INCH OR MORE:   0

[HDD (BASE 65) ]
TOTAL THIS MO.   186    CLEAR  (SCALE 0-3)  13
DPTR FM NORMAL    -8    PTCLDY (SCALE 4-7)  14
TOTAL FM JUL 1   225    CLOUDY (SCALE 8-10)  2
DPTR FM NORMAL   -16

[CDD (BASE 65) ]
TOTAL THIS MO.    24
DPTR FM NORMAL    -4    [PRESSURE DATA]
TOTAL FM JAN 1   447    HIGHEST SLP M ON M
DPTR FM NORMAL    -7    LOWEST  SLP 29.42 ON 10

[REMARKS]
