000
CXUS55 KGLD 280800
CF6ITR
PRELIMINARY LOCAL CLIMATOLOGICAL DATA (WS FORM: F-6)

                                          STATION:   BURLINGTON CO
                                          MONTH:     FEBRUARY
                                          YEAR:      2015
                                          LATITUDE:   39 15 N
                                          LONGITUDE: 102 17 W

  TEMPERATURE IN F:       :PCPN:    SNOW:  WIND      :SUNSHINE: SKY     :PK WND
================================================================================
1   2   3   4   5  6A  6B    7    8   9   10  11  12  13   14  15   16   17  18
                                     12Z  AVG MX 2MIN
DY MAX MIN AVG DEP HDD CDD  WTR  SNW DPTH SPD SPD DIR MIN PSBL S-S WX    SPD DR
================================================================================

 1  26   9  18 -12  47   0    T    M    M 18.8 30 360   M    M   5        39 360
 2  56  11  34   4  31   0 0.00    M    M 12.1 20 320   M    M   2        24 320
 3  65  29  47  17  18   0 0.00    M    M 11.9 24 320   M    M   0        30 330
 4  35  15  25  -5  40   0    T    T    0 14.3 35  30   M    M   7 12     40  30
 5  60  19  40  10  25   0 0.00  0.0    0 13.5 25 200   M    M   1        30 210
 6  77  34  56  26   9   0 0.00  0.0    0  9.8 15 210   M    M   0        22 240
 7  77  35  56  26   9   0 0.00  0.0    0  8.2 16 330   M    M   0        20 330
 8  69  30  50  20  15   0 0.00    M    M 12.9 30 320   M    M   0 8      38 320
 9  67  29  48  18  17   0 0.00    M    M 13.7 28 200   M    M   0 8      33 190
10  63  29  46  16  19   0 0.00    M    M 13.1 28 330   M    M   1        34 330
11  49  25  37   6  28   0 0.00    M    M 11.6 22  20   M    M   3        27  10
12  56  20  38   7  27   0 0.00    M    M 14.8 28 220   M    M   0        34 210
13  63  27  45  14  20   0 0.00    M    M  8.9 21 310   M    M   1        27 300
14  67  23  45  14  20   0 0.00    M    M 13.9 28 120   M    M   0        34 110
15  31  17  24  -7  41   0 0.07    M    M 10.9 26  20   M    M  10 128    32  20
16  36  15  26  -5  39   0 0.01    M    M  8.5 17  20   M    M   5 128    21  20
17  36  20  28  -4  37   0 0.00    M    M 12.8 29 330   M    M   3        36 350
18  47  21  34   2  31   0 0.00    M    M  8.6 17 190   M    M   5        21 250
19  66  20  43  11  22   0 0.00    M    M 10.0 24 320   M    M   0        30 320
20  53  27  40   8  25   0    T    M    M  9.8 22  40   M    M   3        26  30
21  38  17  28  -5  37   0 0.60    M    M 12.3 31  50   M    M   7 128    36  40
22  17   9  13 -20  52   0 0.16    M    M  8.4 23  30   M    M  10 128    27  20
23  14  -4   5 -28  60   0 0.02    M    M 11.9 20 280   M    M   3 18     24 250
24  38   6  22 -11  43   0 0.00    M    M 12.5 20 310   M    M   0        23 310
25  43  19  31  -3  34   0    T    M    M 16.0 31  30   M    M   5        36  30
26  19  13  16 -18  49   0    T    M    M 10.9 25  30   M    M  10 18     28  20
27  15  10  13 -21  52   0    T    M    M 19.0 28 160   M    M  10 18     32 160
================================================================================
SM 1283  525       847   0  0.86    T    329.1          M       91
================================================================================
AV 47.5 19.4                              12.2 FASTST   M    M   3    MAX(MPH)
                                 MISC ---->  # 35  30               # 40   30
================================================================================
NOTES:
# LAST OF SEVERAL OCCURRENCES

COLUMN 17 PEAK WIND IN M.P.H.

PRELIMINARY LOCAL CLIMATOLOGICAL DATA (WS FORM: F-6) , PAGE 2

                                          STATION:  BURLINGTON CO
                                          MONTH:    FEBRUARY
                                          YEAR:     2015
                                          LATITUDE:   39 15 N
                                          LONGITUDE: 102 17 W

[TEMPERATURE DATA]      [PRECIPITATION DATA]       SYMBOLS USED IN COLUMN 16

AVERAGE MONTHLY: 33.5   TOTAL FOR MONTH:   0.86    1 = FOG OR MIST
DPTR FM NORMAL:   2.1   DPTR FM NORMAL:    0.46    2 = FOG REDUCING VISIBILITY
HIGHEST:    77 ON  7, 6 GRTST 24HR  0.60 ON 21-21      TO 1/4 MILE OR LESS
LOWEST:     -4 ON 23                               3 = THUNDER
                        SNOW, ICE PELLETS, HAIL    4 = ICE PELLETS
                        TOTAL MONTH:    T          5 = HAIL
                        GRTST 24HR    T  ON  4- 4  6 = FREEZING RAIN OR DRIZZLE
                        GRTST DEPTH:   0           7 = DUSTSTORM OR SANDSTORM:
                                                       VSBY 1/2 MILE OR LESS
                                                   8 = SMOKE OR HAZE
[NO. OF DAYS WITH]      [WEATHER - DAYS WITH]      9 = BLOWING SNOW
                                                   X = TORNADO
MAX 32 OR BELOW:   6    0.01 INCH OR MORE:   5
MAX 90 OR ABOVE:   0    0.10 INCH OR MORE:   2
MIN 32 OR BELOW:  25    0.50 INCH OR MORE:   1
MIN  0 OR BELOW:   1    1.00 INCH OR MORE:   0

[HDD (BASE 65) ]
TOTAL THIS MO.   847    CLEAR  (SCALE 0-3)  15
DPTR FM NORMAL   -60    PTCLDY (SCALE 4-7)   8
TOTAL FM JUL 1  4213    CLOUDY (SCALE 8-10)  4
DPTR FM NORMAL  -305

[CDD (BASE 65) ]
TOTAL THIS MO.     0
DPTR FM NORMAL     0    [PRESSURE DATA]
TOTAL FM JAN 1     0    HIGHEST SLP M ON M
DPTR FM NORMAL     0    LOWEST  SLP 29.63 ON  7

[REMARKS]
