000
CXUS52 KJAX 290800
CF6JAX
PRELIMINARY LOCAL CLIMATOLOGICAL DATA (WS FORM: F-6)

                                          STATION:   JACKSONVILLE FL
                                          MONTH:     AUGUST
                                          YEAR:      2014
                                          LATITUDE:   30 30 N
                                          LONGITUDE:  81 42 W

  TEMPERATURE IN F:       :PCPN:    SNOW:  WIND      :SUNSHINE: SKY     :PK WND
================================================================================
1   2   3   4   5  6A  6B    7    8   9   10  11  12  13   14  15   16   17  18
                                     12Z  AVG MX 2MIN
DY MAX MIN AVG DEP HDD CDD  WTR  SNW DPTH SPD SPD DIR MIN PSBL S-S WX    SPD DR
================================================================================

 1  93  74  84   2   0  19 0.00  0.0    0  4.7 15 120   M    M   6        18  70
 2  91  73  82   0   0  17 0.59  0.0    0  3.4 18 270   M    M   6 13     22 270
 3  89  73  81  -1   0  16 0.70  0.0    0 10.2 21  40   M    M   7 13     26  60
 4  85  75  80  -2   0  15 0.01  0.0    0  8.0 20  40   M    M   7 13     24  40
 5  92  74  83   1   0  18 0.00  0.0    0  6.7 14 320   M    M   7        17 320
 6  94  74  84   2   0  19 0.00  0.0    0  6.7 15 210   M    M   5        19 220
 7  95  74  85   3   0  20 0.00  0.0    0  5.5 16 170   M    M   5        19 170
 8  94  74  84   2   0  19    T  0.0    0  2.9 17 220   M    M   5 3      24 210
 9  95  73  84   2   0  19 0.00  0.0    0  5.5 20 220   M    M   6 3      25 220
10  92  74  83   1   0  18    T  0.0    0  4.4 21 250   M    M   8 3      24 250
11  92  72  82   0   0  17 0.70  0.0    0  5.6 22 130   M    M   8 13     25 140
12  89  75  82   0   0  17 0.01  0.0    0  8.8 20 210   M    M   7 1      24 210
13  86  74  80  -2   0  15 0.08  0.0    0  6.9 16 230   M    M   7 13     21 250
14  91  73  82   0   0  17 0.04  0.0    0  5.3 21 320   M    M   7 13     27 320
15  89  73  81  -1   0  16 0.00  0.0    0  3.7 12 220   M    M   8 1      15 230
16  93  73  83   1   0  18 0.00  0.0    0  6.6 13 230   M    M   7        16 240
17  93  73  83   1   0  18 0.25  0.0    0  5.8 29 230   M    M   4 13     35 230
18  93  74  84   2   0  19 0.02  0.0    0  7.0 26 290   M    M   5 13     45 260
19  94  73  84   2   0  19    T  0.0    0  8.1 31 280   M    M   4        48 260
20  95  73  84   2   0  19 0.00  0.0    0  6.6 15 280   M    M   2        20 270
21  97  73  85   3   0  20 0.00  0.0    0  4.4 13 140   M    M   4 1      17 320
22  99  73  86   4   0  21 0.00  0.0    0  4.4 14 160   M    M   2        17 160
23  98  75  87   6   0  22    T  0.0    0  6.0 15 110   M    M   5 13     18 110
24  91  73  82   1   0  17    T  0.0    0 10.5 24  50   M    M   6        31  50
25  86  74  80  -1   0  15 0.49  0.0    0 15.0 25  70   M    M   8 1      33  70
26  85  70  78  -3   0  13 0.14  0.0    0  9.8 29  60   M    M   5 18     33  60
27  88  66  77  -4   0  12 0.00  0.0    0  4.3 16  70   M    M   1        20  80
28  90  64  77  -4   0  12 0.00  0.0    0  3.5 13  90   M    M   1        16  70
================================================================================
SM 2569 2039         0 487  3.03     0.0 180.3          M      153
================================================================================
AV 91.8 72.8                               6.4 FASTST   M    M   5    MAX(MPH)
                                 MISC ---->  # 31 280               # 48  260
================================================================================
NOTES:
# LAST OF SEVERAL OCCURRENCES

COLUMN 17 PEAK WIND IN M.P.H.

PRELIMINARY LOCAL CLIMATOLOGICAL DATA (WS FORM: F-6) , PAGE 2

                                          STATION:  JACKSONVILLE FL
                                          MONTH:    AUGUST
                                          YEAR:     2014
                                          LATITUDE:   30 30 N
                                          LONGITUDE:  81 42 W

[TEMPERATURE DATA]      [PRECIPITATION DATA]       SYMBOLS USED IN COLUMN 16

AVERAGE MONTHLY: 82.3   TOTAL FOR MONTH:   3.03    1 = FOG OR MIST
DPTR FM NORMAL:   0.5   DPTR FM NORMAL:   -3.00    2 = FOG REDUCING VISIBILITY
HIGHEST:    99 ON 22    GRTST 24HR  1.29 ON  2- 3      TO 1/4 MILE OR LESS
LOWEST:     64 ON 28                               3 = THUNDER
                        SNOW, ICE PELLETS, HAIL    4 = ICE PELLETS
                        TOTAL MONTH:   0.0 INCH    5 = HAIL
                        GRTST 24HR     0.0         6 = FREEZING RAIN OR DRIZZLE
                        GRTST DEPTH:   0           7 = DUSTSTORM OR SANDSTORM:
                                                       VSBY 1/2 MILE OR LESS
                                                   8 = SMOKE OR HAZE
[NO. OF DAYS WITH]      [WEATHER - DAYS WITH]      9 = BLOWING SNOW
                                                   X = TORNADO
MAX 32 OR BELOW:   0    0.01 INCH OR MORE:  11
MAX 90 OR ABOVE:  20    0.10 INCH OR MORE:   6
MIN 32 OR BELOW:   0    0.50 INCH OR MORE:   3
MIN  0 OR BELOW:   0    1.00 INCH OR MORE:   0

[HDD (BASE 65) ]
TOTAL THIS MO.     0    CLEAR  (SCALE 0-3)   4
DPTR FM NORMAL     0    PTCLDY (SCALE 4-7)  22
TOTAL FM JUL 1     0    CLOUDY (SCALE 8-10)  2
DPTR FM NORMAL     0

[CDD (BASE 65) ]
TOTAL THIS MO.   487
DPTR FM NORMAL    16    [PRESSURE DATA]
TOTAL FM JAN 1  1939    HIGHEST SLP M ON M
DPTR FM NORMAL    -1    LOWEST  SLP 29.81 ON 24

[REMARKS]
