000
CXUS54 KMEG 280641
CF6JBR
PRELIMINARY LOCAL CLIMATOLOGICAL DATA (WS FORM: F-6)

                                          STATION:   JONESBORO
                                          MONTH:     APRIL
                                          YEAR:      2016
                                          LATITUDE:   35 49 N
                                          LONGITUDE:  90 39 W

  TEMPERATURE IN F:       :PCPN:    SNOW:  WIND      :SUNSHINE: SKY     :PK WND
================================================================================
1   2   3   4   5  6A  6B    7    8   9   10  11  12  13   14  15   16   17  18
                                     12Z  AVG MX 2MIN
DY MAX MIN AVG DEP HDD CDD  WTR  SNW DPTH SPD SPD DIR MIN PSBL S-S WX    SPD DR
================================================================================

 1  60  44  52  -3  13   0 0.00  0.0    0  7.5 18 320   M    M   0        25 310
 2  66  43  55  -1  10   0 0.00  0.0    0 10.1 23 290   M    M   0        32 270
 3  70  42  56   0   9   0 0.00  0.0    0 10.2 22 200   M    M   0        27 210
 4  78  52  65   9   0   0 0.00  0.0    0  8.7 17 260   M    M   0        23 250
 5  63  45  54  -3  11   0 0.00  0.0    0 11.1 22  70   M    M   0        26  80
 6  69  47  58   1   7   0 0.18  0.0    0 12.6 32 220   M    M   2 1      41 220
 7  73  45  59   2   6   0 0.00  0.0    0  7.5 24  30   M    M   1        33  20
 8  66  42  54  -4  11   0 0.00  0.0    0  9.7 24 290   M    M   0        34 310
 9  57  42  50  -8  15   0 0.00  0.0    0  9.4 20  50   M    M   0        23  50
10  80  47  64   6   1   0 0.02  0.0    0 17.3 39 200   M    M   4        50 220
11  70  46  58   0   7   0 0.35  0.0    0 12.8 24 220   M    M   5 13     31 220
12  62  45  54  -5  11   0 0.00  0.0    0 10.9 24  60   M    M   0        29  60
13  63  46  55  -4  10   0 0.06  0.0    0  6.0 12  50   M    M   4         M  M
14  73  52  63   4   2   0 0.00  0.0    0  7.0 15  50   M    M   6        22  80
15  69  57  63   3   2   0 0.00  0.0    0  9.5 18 100   M    M   8 1      32 100
16  75  55  65   5   0   0 0.00  0.0    0  8.1 17 140   M    M   8        21 120
17  81  55  68   8   0   3 0.00  0.0    0  8.1 21 130   M    M   1        26 130
18  81  53  67   6   0   2 0.00  0.0    0  5.5 16 160   M    M   1 8      22 170
19  70  60  65   4   0   0 0.13  0.0    0  4.6 13 210   M    M   8 1      15 200
20  73  62  68   7   0   3 0.12  0.0    0  9.6 23 170   M    M  10 13     28 160
21  77  62  70   8   0   5 0.03  0.0    0  7.3 17 220   M    M   7 18     20 220
22  79  53  66   4   0   1 0.00  0.0    0  5.6 14 360   M    M   1        20  20
23  81  53  67   5   0   2 0.00  0.0    0  3.2 13  60   M    M   1        14  60
24  83  53  68   6   0   3 0.00  0.0    0  9.3 20 210   M    M   0        26 180
25  81  56  69   6   0   4 0.00  0.0    0  9.2 21 210   M    M   3        26 210
26  83  61  72   9   0   7 0.00  0.0    0 10.0 24  60   M    M   6        32  50
27  80  63  72   9   0   7 0.12  0.0    0 11.0 22 210   M    M   3 13     27 210
================================================================================
SM 1963 1381       115  37  1.01     0.0 241.8          M       79
================================================================================
AV 72.7 51.1                               9.0 FASTST   M    M   3    MAX(MPH)
                                 MISC ---->  # 39 200               # 50  220
================================================================================
NOTES:
# LAST OF SEVERAL OCCURRENCES

COLUMN 17 PEAK WIND IN M.P.H.

PRELIMINARY LOCAL CLIMATOLOGICAL DATA (WS FORM: F-6) , PAGE 2

                                          STATION:  JONESBORO
                                          MONTH:    APRIL
                                          YEAR:     2016
                                          LATITUDE:   35 49 N
                                          LONGITUDE:  90 39 W

[TEMPERATURE DATA]      [PRECIPITATION DATA]       SYMBOLS USED IN COLUMN 16

AVERAGE MONTHLY: 61.9   TOTAL FOR MONTH:   1.01    1 = FOG OR MIST
DPTR FM NORMAL:   2.6   DPTR FM NORMAL:   -3.43    2 = FOG REDUCING VISIBILITY
HIGHEST:    83 ON 26,24 GRTST 24HR  0.35 ON 11-11      TO 1/4 MILE OR LESS
LOWEST:     42 ON  9, 8                            3 = THUNDER
                        SNOW, ICE PELLETS, HAIL    4 = ICE PELLETS
                        TOTAL MONTH:   0.0 INCH    5 = HAIL
                        GRTST 24HR     0.0         6 = FREEZING RAIN OR DRIZZLE
                        GRTST DEPTH:   0           7 = DUSTSTORM OR SANDSTORM:
                                                       VSBY 1/2 MILE OR LESS
                                                   8 = SMOKE OR HAZE
[NO. OF DAYS WITH]      [WEATHER - DAYS WITH]      9 = BLOWING SNOW
                                                   X = TORNADO
MAX 32 OR BELOW:   0    0.01 INCH OR MORE:   8
MAX 90 OR ABOVE:   0    0.10 INCH OR MORE:   5
MIN 32 OR BELOW:   0    0.50 INCH OR MORE:   0
MIN  0 OR BELOW:   0    1.00 INCH OR MORE:   0

[HDD (BASE 65) ]
TOTAL THIS MO.   115    CLEAR  (SCALE 0-3)  16
DPTR FM NORMAL   -72    PTCLDY (SCALE 4-7)   9
TOTAL FM JUL 1  2950    CLOUDY (SCALE 8-10)  2
DPTR FM NORMAL  -657

[CDD (BASE 65) ]
TOTAL THIS MO.    37
DPTR FM NORMAL     2    [PRESSURE DATA]
TOTAL FM JAN 1    41    HIGHEST SLP M ON M
DPTR FM NORMAL     0    LOWEST  SLP 29.62 ON 27

[REMARKS]
