000
CXUS55 KGGW 300800
CF6JDN
PRELIMINARY LOCAL CLIMATOLOGICAL DATA (WS FORM: F-6)

                                          STATION:   JORDAN  ASOS MT
                                          MONTH:     MARCH
                                          YEAR:      2017
                                          LATITUDE:   47 19 N
                                          LONGITUDE: 106 50 W

  TEMPERATURE IN F:       :PCPN:    SNOW:  WIND      :SUNSHINE: SKY     :PK WND
================================================================================
1   2   3   4   5  6A  6B    7    8   9   10  11  12  13   14  15   16   17  18
                                     12Z  AVG MX 2MIN
DY MAX MIN AVG DEP HDD CDD  WTR  SNW DPTH SPD SPD DIR MIN PSBL S-S WX    SPD DR
================================================================================

 1  39  15  27   0  38   0 0.02    M    0  8.4 24 300   M    M   0        29 280
 2  36  20  28   0  37   0 0.00  0.0    0  6.2 15 180   M    M   0        19 180
 3  54  30  42  14  23   0 0.00  0.0    0  8.0 24 300   M    M   0        30 280
 4  60  29  45  17  20   0 0.00  0.0    0  6.3 14 340   M    M   0        18 300
 5  66  26  46  17  19   0 0.00  0.0    0 13.4 28 300   M    M   0        34 290
 6  38  22  30   1  35   0 0.03    M    0 17.5 29 310   M    M   0        35 310
 7  36  16  26  -4  39   0 0.00  0.0    0 17.0 38 300   M    M   0        44 310
 8  27  16  22  -8  43   0 0.08    M    0  8.1 17 130   M    M   0        20 130
 9  20  10  15 -15  50   0 0.05    M    0  9.0 17  90   M    M   0        20 100
10  17   7  12 -19  53   0 0.27    M    0 11.1 18  90   M    M   0        22  90
11  19   4  12 -19  53   0 0.01    M    0  7.5 16 120   M    M   0        19 120
12  20  11  16 -16  49   0 0.05    M    0 10.1 21 350   M    M   0        24 350
13  31  10  21 -11  44   0 0.01    M    0  6.9 15 150   M    M   0        19 150
14  43  17  30  -2  35   0 0.00  0.0    0  3.7 13  10   M    M   0        15  10
15  66  28  47  14  18   0 0.00  0.0    0  3.0 15 270   M    M   0        17 270
16  63  31  47  14  18   0 0.05    M    0 12.3 30 330   M    M   0        39 330
17  47  25  36   2  29   0 0.00  0.0    0  7.4 16 120   M    M   0        19 120
18  72  31  52  18  13   0 0.00  0.0    0  8.3 22 200   M    M   0        28 200
19  58  37  48  14  17   0 0.00  0.0    0  7.0 18 330   M    M   0        23 340
20  48  27  38   3  27   0 0.00  0.0    0 10.1 22 350   M    M   0        30  10
21  39  30  35   0  30   0 0.00  0.0    0 15.9 26 130   M    M   0        32 130
22  67  33  50  14  15   0 0.00  0.0    0  7.2 22 150   M    M   0        27 140
23  63  32  48  12  17   0 0.00  0.0    0  8.0 20 320   M    M   0        27 310
24  65  25  45   9  20   0 0.00  0.0    0  9.0 24 180   M    M   0        30 170
25  62  37  50  13  15   0 0.00  0.0    0  5.5 24 300   M    M   0        31 280
26  59  29  44   7  21   0 0.00  0.0    0  4.7 16 330   M    M   0        20 360
27  61  32  47   9  18   0 0.00  0.0    0  6.1 18 360   M    M   0        23  10
28  60  32  46   8  19   0 0.00  0.0    0  4.2 15 270   M    M   0        17 270
29  60  30  45   7  20   0 0.00  0.0    0  7.4 18 270   M    M   0        25 280
================================================================================
SM 1396  692       835   0  0.57     0.0 249.3          M        0
================================================================================
AV 48.1 23.9                               8.6 FASTST   M    M   0    MAX(MPH)
                                 MISC ---->  # 38 300               # 44  310
================================================================================
NOTES:
# LAST OF SEVERAL OCCURRENCES

COLUMN 17 PEAK WIND IN M.P.H.

PRELIMINARY LOCAL CLIMATOLOGICAL DATA (WS FORM: F-6) , PAGE 2

                                          STATION:  JORDAN  ASOS MT
                                          MONTH:    MARCH
                                          YEAR:     2017
                                          LATITUDE:   47 19 N
                                          LONGITUDE: 106 50 W

[TEMPERATURE DATA]      [PRECIPITATION DATA]       SYMBOLS USED IN COLUMN 16

AVERAGE MONTHLY: 36.0   TOTAL FOR MONTH:   0.57    1 = FOG OR MIST
DPTR FM NORMAL:   3.2   DPTR FM NORMAL:    0.09    2 = FOG REDUCING VISIBILITY
HIGHEST:    72 ON 18    GRTST 24HR  0.27 ON 10-10      TO 1/4 MILE OR LESS
LOWEST:      4 ON 11                               3 = THUNDER
                        SNOW, ICE PELLETS, HAIL    4 = ICE PELLETS
                        TOTAL MONTH:   0.0 INCH    5 = HAIL
                        GRTST 24HR     0.0         6 = FREEZING RAIN OR DRIZZLE
                        GRTST DEPTH:   0           7 = DUSTSTORM OR SANDSTORM:
                                                       VSBY 1/2 MILE OR LESS
                                                   8 = SMOKE OR HAZE
[NO. OF DAYS WITH]      [WEATHER - DAYS WITH]      9 = BLOWING SNOW
                                                   X = TORNADO
MAX 32 OR BELOW:   6    0.01 INCH OR MORE:   9
MAX 90 OR ABOVE:   0    0.10 INCH OR MORE:   1
MIN 32 OR BELOW:  26    0.50 INCH OR MORE:   0
MIN  0 OR BELOW:   0    1.00 INCH OR MORE:   0

[HDD (BASE 65) ]
TOTAL THIS MO.   835    CLEAR  (SCALE 0-3)  29
DPTR FM NORMAL   -97    PTCLDY (SCALE 4-7)   0
TOTAL FM JUL 1  6581    CLOUDY (SCALE 8-10)  0
DPTR FM NORMAL  -469

[CDD (BASE 65) ]
TOTAL THIS MO.     0
DPTR FM NORMAL     0    [PRESSURE DATA]
TOTAL FM JAN 1     0    HIGHEST SLP M ON M
DPTR FM NORMAL     0    LOWEST  SLP 29.34 ON  5

[REMARKS]
