000
CXUS53 KLSX 161600
CF6JEF
PRELIMINARY LOCAL CLIMATOLOGICAL DATA (WS FORM: F-6)

                                          STATION:   JEFFERSON CITY
                                          MONTH:     OCTOBER
                                          YEAR:      2017
                                          LATITUDE:   38 35 N
                                          LONGITUDE:  92 10 W

  TEMPERATURE IN F:       :PCPN:    SNOW:  WIND      :SUNSHINE: SKY     :PK WND
================================================================================
1   2   3   4   5  6A  6B    7    8   9   10  11  12  13   14  15   16   17  18
                                     12Z  AVG MX 2MIN
DY MAX MIN AVG DEP HDD CDD  WTR  SNW DPTH SPD SPD DIR MIN PSBL S-S WX    SPD DR
================================================================================

 1  81  53  67   5   0   2 0.00  0.0    0  6.2 12 150   M    M   0        17 140
 2  87  65  76  14   0  11 0.00  0.0    0 10.0 17 160   M    M   1        23 170
 3  79  70  75  13   0  10 1.39  0.0    0  8.4 18 170   M    M   9 138    25 160
 4  76  70  73  12   0   8 1.72  0.0    0  2.4 12 210   M    M  10 1      16 210
 5  77  69  73  12   0   8    T  0.0    0  2.9 10 230   M    M   9 12     12 180
 6  78  69  74  13   0   9 0.03  0.0    0  6.0 16 160   M    M   6 18     22 160
 7  76  57  67   7   0   2 0.21  0.0    0  9.5 24 270   M    M   3        33 280
 8  82  52  67   7   0   2 0.00  0.0    0  2.3  9 150   M    M   0        14 170
 9  85  56  71  11   0   6 0.00  0.0    0  2.5 10 360   M    M   2 12     13 360
10  69  49  59  -1   6   0 0.81  0.0    0  9.2 21 280   M    M   8 138    27 280
11  56  49  53  -6  12   0 0.00  0.0    0  6.0 14 280   M    M  10 1      17 280
12  68  53  61   2   4   0 0.00  0.0    0  4.8 10 110   M    M   6 1      14 120
13  85  55  70  12   0   5 0.00  0.0    0  6.6 14 160   M    M   2        19 180
14  87  68  78  20   0  13 0.54  0.0    0  7.6 32 290   M    M   4 13     43 300
15  68  44  56  -2   9   0 0.47  0.0    0  9.1 23 310   M    M   3 13     34 290
================================================================================
SM 1154  879        31  76  5.17     0.0  93.5          M       73
================================================================================
AV 76.9 58.6                               6.2 FASTST   M    M   5    MAX(MPH)
                                 MISC ---->  # 32 290               # 43  300
================================================================================
NOTES:
# LAST OF SEVERAL OCCURRENCES

COLUMN 17 PEAK WIND IN M.P.H.

PRELIMINARY LOCAL CLIMATOLOGICAL DATA (WS FORM: F-6) , PAGE 2

                                          STATION:  JEFFERSON CITY
                                          MONTH:    OCTOBER
                                          YEAR:     2017
                                          LATITUDE:   38 35 N
                                          LONGITUDE:  92 10 W

[TEMPERATURE DATA]      [PRECIPITATION DATA]       SYMBOLS USED IN COLUMN 16

AVERAGE MONTHLY: 67.8   TOTAL FOR MONTH:   5.17    1 = FOG OR MIST
DPTR FM NORMAL:   7.7   DPTR FM NORMAL:    3.39    2 = FOG REDUCING VISIBILITY
HIGHEST:    87 ON 14, 2 GRTST 24HR  1.72 ON  4- 4      TO 1/4 MILE OR LESS
LOWEST:     44 ON 15                               3 = THUNDER
                        SNOW, ICE PELLETS, HAIL    4 = ICE PELLETS
                        TOTAL MONTH:   0.0 INCH    5 = HAIL
                        GRTST 24HR     0.0         6 = FREEZING RAIN OR DRIZZLE
                        GRTST DEPTH:   0           7 = DUSTSTORM OR SANDSTORM:
                                                       VSBY 1/2 MILE OR LESS
                                                   8 = SMOKE OR HAZE
[NO. OF DAYS WITH]      [WEATHER - DAYS WITH]      9 = BLOWING SNOW
                                                   X = TORNADO
MAX 32 OR BELOW:   0    0.01 INCH OR MORE:   7
MAX 90 OR ABOVE:   0    0.10 INCH OR MORE:   6
MIN 32 OR BELOW:   0    0.50 INCH OR MORE:   4
MIN  0 OR BELOW:   0    1.00 INCH OR MORE:   2

[HDD (BASE 65) ]
TOTAL THIS MO.    31    CLEAR  (SCALE 0-3)   5
DPTR FM NORMAL   -64    PTCLDY (SCALE 4-7)   6
TOTAL FM JUL 1    45    CLOUDY (SCALE 8-10)  4
DPTR FM NORMAL  -100

[CDD (BASE 65) ]
TOTAL THIS MO.    76
DPTR FM NORMAL    53    [PRESSURE DATA]
TOTAL FM JAN 1  1545    HIGHEST SLP M ON M
DPTR FM NORMAL   198    LOWEST  SLP 29.61 ON  7

[REMARKS]
