000
CXUS55 KBOI 241002
CF6JER
PRELIMINARY LOCAL CLIMATOLOGICAL DATA (WS FORM: F-6)

                                          STATION:   JEROME ID
                                          MONTH:     FEBRUARY
                                          YEAR:      2018
                                          LATITUDE:   42 43 N
                                          LONGITUDE: 114 27 W

  TEMPERATURE IN F:       :PCPN:    SNOW:  WIND      :SUNSHINE: SKY     :PK WND
================================================================================
1   2   3   4   5  6A  6B    7    8   9   10  11  12  13   14  15   16   17  18
                                     12Z  AVG MX 2MIN
DY MAX MIN AVG DEP HDD CDD  WTR  SNW DPTH SPD SPD DIR MIN PSBL S-S WX    SPD DR
================================================================================

 1  45  32  39  11  26   0 0.00    M    M  5.3 13 240   M    M   7        16 260
 2  57  36  47  19  18   0    T    M    M 11.8 26 250   M    M   5        35 250
 3  56  41  49  21  16   0 0.00    M    M 18.1 33 250   M    M   1        42 250
 4  57  42  50  22  15   0    T    M    M 15.8 28 260   M    M   5        35 260
 5  53  34  44  16  21   0 0.00    M    M 15.0 31 240   M    M   1        36 240
 6  48  31  40  12  25   0 0.00    M    M 16.9 28 250   M    M   2        35 240
 7  54  33  44  16  21   0 0.00    M    M 11.1 26 240   M    M   1        31 240
 8  60  38  49  20  16   0 0.00    M    M  7.5 21 240   M    M   0        26 250
 9  51  33  42  13  23   0 0.00    M    M 18.0 31 250   M    M   0        38 260
10  43  25  34   5  31   0    T    M    M 13.9 25 240   M    M   3        30 240
11  44  24  34   5  31   0 0.00    M    M  9.6 16  30   M    M   0         M  M
12  30  25  28  -2  37   0 0.03    M    M  5.1 12 260   M    M  10 1      18 270
13  35  17  26  -4  39   0 0.00    M    M  3.9 10  70   M    M   1        11  70
14  45  24  35   5  30   0 0.02    M    M 10.7 29 260   M    M   4 12     36 250
15  37  25  31   1  34   0 0.00    M    M 18.5 30 240   M    M   5 12     38 240
16  39  21  30  -1  35   0 0.00    M    M  7.4 18 250   M    M   5        21 250
17  51  29  40   9  25   0    T    M    M  8.8 24 210   M    M   6        32 210
18  46  25  36   5  29   0 0.07    M    M 14.2 29 270   M    M   7 1      38 250
19  32  14  23  -9  42   0 0.00    M    M 17.5 32 260   M    M   2        41 260
20  24   9  17 -15  48   0 0.00    M    M 13.4 24 240   M    M   1        31 240
21  34  13  24  -8  41   0 0.00    M    M  9.8 17  40   M    M   2        20  40
22  30  17  24  -9  41   0    T    M    M  9.2 18 240   M    M   6 18     22 240
23  28  13  21 -12  44   0    T    M    M 13.3 25 240   M    M   5 1      30 240
================================================================================
SM  999  601       688   0  0.12    M    274.8          M       79
================================================================================
AV 43.4 26.1                              11.9 FASTST   M    M   3    MAX(MPH)
                                 MISC ---->  # 33 250               # 42  250
================================================================================
NOTES:
# LAST OF SEVERAL OCCURRENCES

COLUMN 17 PEAK WIND IN M.P.H.

PRELIMINARY LOCAL CLIMATOLOGICAL DATA (WS FORM: F-6) , PAGE 2

                                          STATION:  JEROME ID
                                          MONTH:    FEBRUARY
                                          YEAR:     2018
                                          LATITUDE:   42 43 N
                                          LONGITUDE: 114 27 W

[TEMPERATURE DATA]      [PRECIPITATION DATA]       SYMBOLS USED IN COLUMN 16

AVERAGE MONTHLY: 34.8   TOTAL FOR MONTH:   0.12    1 = FOG OR MIST
DPTR FM NORMAL:   4.9   DPTR FM NORMAL:   -0.58    2 = FOG REDUCING VISIBILITY
HIGHEST:    60 ON  8    GRTST 24HR  0.07 ON 18-18      TO 1/4 MILE OR LESS
LOWEST:      9 ON 20                               3 = THUNDER
                        SNOW, ICE PELLETS, HAIL    4 = ICE PELLETS
                        TOTAL MONTH:    M          5 = HAIL
                        GRTST 24HR    M  ON   M    6 = FREEZING RAIN OR DRIZZLE
                        GRTST DEPTH:  M  ON   M    7 = DUSTSTORM OR SANDSTORM:
                                                       VSBY 1/2 MILE OR LESS
                                                   8 = SMOKE OR HAZE
[NO. OF DAYS WITH]      [WEATHER - DAYS WITH]      9 = BLOWING SNOW
                                                   X = TORNADO
MAX 32 OR BELOW:   5    0.01 INCH OR MORE:   3
MAX 90 OR ABOVE:   0    0.10 INCH OR MORE:   0
MIN 32 OR BELOW:  16    0.50 INCH OR MORE:   0
MIN  0 OR BELOW:   0    1.00 INCH OR MORE:   0

[HDD (BASE 65) ]
TOTAL THIS MO.   688    CLEAR  (SCALE 0-3)  12
DPTR FM NORMAL  -119    PTCLDY (SCALE 4-7)  10
TOTAL FM JUL 1  4210    CLOUDY (SCALE 8-10)  1
DPTR FM NORMAL  -522

[CDD (BASE 65) ]
TOTAL THIS MO.     0
DPTR FM NORMAL     0    [PRESSURE DATA]
TOTAL FM JAN 1     0    HIGHEST SLP M ON M
DPTR FM NORMAL     0    LOWEST  SLP 29.58 ON 18

[REMARKS]
