000
CXUS51 KOKX 200701
CF6JFK
PRELIMINARY LOCAL CLIMATOLOGICAL DATA (WS FORM: F-6)

                                          STATION:   KENNEDY NY
                                          MONTH:     AUGUST
                                          YEAR:      2014
                                          LATITUDE:   40 39 N
                                          LONGITUDE:  73 47 W

  TEMPERATURE IN F:       :PCPN:    SNOW:  WIND      :SUNSHINE: SKY     :PK WND
================================================================================
1   2   3   4   5  6A  6B    7    8   9   10  11  12  13   14  15   16   17  18
                                     12Z  AVG MX 2MIN
DY MAX MIN AVG DEP HDD CDD  WTR  SNW DPTH SPD SPD DIR MIN PSBL S-S WX    SPD DR
================================================================================

 1  82  71  77   1   0  12    T  0.0    0  8.1 18 160   M    M   8        23 150
 2  76  65  71  -5   0   6 0.40  0.0    0  8.3 18  20   M    M   9 1      24  30
 3  78  66  72  -4   0   7 0.09  0.0    0  4.6 10 140   M    M   8 1      13 140
 4  81  70  76   0   0  11 0.00  0.0    0  9.9 21 180   M    M   8        24 190
 5  85  70  78   2   0  13 0.00  0.0    0  8.4 18 350   M    M   5        22 350
 6  85  71  78   2   0  13    T  0.0    0  9.0 24 360   M    M   6        30 360
 7  86  67  77   1   0  12 0.00  0.0    0 11.0 24 350   M    M   2        31 340
 8  84  65  75  -1   0  10 0.00  0.0    0  6.4 16 350   M    M   5        21 360
 9  86  66  76   0   0  11 0.00  0.0    0  7.3 15 210   M    M   4        18 210
10  87  68  78   2   0  13 0.00  0.0    0  7.2 14 190   M    M   4        16 200
11  84  67  76   0   0  11 0.00  0.0    0  7.9 14 160   M    M   6        17 160
12  80  72  76   1   0  11 0.34  0.0    0 15.2 32 120   M    M   9 1      40 120
13  85  68  77   2   0  12 2.92  0.0    0 14.0 35 130   M    M   8 1      41 130
14  80  65  73  -2   0   8 0.00  0.0    0 12.7 21 240   M    M   4        25 250
15  76  62  69  -6   0   4 0.00  0.0    0 10.7 20 260   M    M   6        23 250
16  77  63  70  -5   0   5 0.00  0.0    0 10.3 17 190   M    M   7        21 190
17  85  66  76   1   0  11    T  0.0    0 11.4 18 330   M    M   6        25 310
18  82  63  73  -2   0   8 0.00  0.0    0  8.0 17 300   M    M   4        23 290
19  80  64  72  -3   0   7 0.00  0.0    0  7.3 14 150   M    M   6        17 140
================================================================================
SM 1559 1269         0 185  3.75     0.0 177.7          M      115
================================================================================
AV 82.1 66.8                               9.4 FASTST   M    M   6    MAX(MPH)
                                 MISC ---->  # 35 130               # 41  130
================================================================================
NOTES:
# LAST OF SEVERAL OCCURRENCES

COLUMN 17 PEAK WIND IN M.P.H.

PRELIMINARY LOCAL CLIMATOLOGICAL DATA (WS FORM: F-6) , PAGE 2

                                          STATION:  KENNEDY NY
                                          MONTH:    AUGUST
                                          YEAR:     2014
                                          LATITUDE:   40 39 N
                                          LONGITUDE:  73 47 W

[TEMPERATURE DATA]      [PRECIPITATION DATA]       SYMBOLS USED IN COLUMN 16

AVERAGE MONTHLY: 74.4   TOTAL FOR MONTH:   3.75    1 = FOG OR MIST
DPTR FM NORMAL:  -1.2   DPTR FM NORMAL:    1.38    2 = FOG REDUCING VISIBILITY
HIGHEST:    87 ON 10    GRTST 24HR  3.26 ON 12-13      TO 1/4 MILE OR LESS
LOWEST:     62 ON 15                               3 = THUNDER
                        SNOW, ICE PELLETS, HAIL    4 = ICE PELLETS
                        TOTAL MONTH:   0.0 INCH    5 = HAIL
                        GRTST 24HR     0.0         6 = FREEZING RAIN OR DRIZZLE
                        GRTST DEPTH:   0           7 = DUSTSTORM OR SANDSTORM:
                                                       VSBY 1/2 MILE OR LESS
                                                   8 = SMOKE OR HAZE
[NO. OF DAYS WITH]      [WEATHER - DAYS WITH]      9 = BLOWING SNOW
                                                   X = TORNADO
MAX 32 OR BELOW:   0    0.01 INCH OR MORE:   4
MAX 90 OR ABOVE:   0    0.10 INCH OR MORE:   3
MIN 32 OR BELOW:   0    0.50 INCH OR MORE:   1
MIN  0 OR BELOW:   0    1.00 INCH OR MORE:   1

[HDD (BASE 65) ]
TOTAL THIS MO.     0    CLEAR  (SCALE 0-3)   1
DPTR FM NORMAL     0    PTCLDY (SCALE 4-7)  14
TOTAL FM JUL 1     0    CLOUDY (SCALE 8-10)  4
DPTR FM NORMAL     0

[CDD (BASE 65) ]
TOTAL THIS MO.   185
DPTR FM NORMAL   -16    [PRESSURE DATA]
TOTAL FM JAN 1   758    HIGHEST SLP M ON M
DPTR FM NORMAL     2    LOWEST  SLP 29.65 ON 13

[REMARKS]
