000
CXUS55 KJKL 301000
CF6JKL
PRELIMINARY LOCAL CLIMATOLOGICAL DATA (WS FORM: F-6)

                                          STATION:   JACKSON KY
                                          MONTH:     AUGUST
                                          YEAR:      2015
                                          LATITUDE:   37 35 N
                                          LONGITUDE:  83 19 W

  TEMPERATURE IN F:       :PCPN:    SNOW:  WIND      :SUNSHINE: SKY     :PK WND
================================================================================
1   2   3   4   5  6A  6B    7    8   9   10  11  12  13   14  15   16   17  18
                                     12Z  AVG MX 2MIN
DY MAX MIN AVG DEP HDD CDD  WTR  SNW DPTH SPD SPD DIR MIN PSBL S-S WX    SPD DR
================================================================================

 1  85  63  74  -1   0   9 0.00  0.0    0  1.9  9 320   M    M   1        14 310
 2  85  60  73  -2   0   8 0.00  0.0    0  0.4  7 160   M    M   0         9 160
 3  87  62  75   0   0  10 1.22  0.0    0  2.3 21 340   M    M   1 13     32 330
 4  85  64  75   0   0  10 0.45  0.0    0  1.8 15 310   M    M   3 1238   25 330
 5  86  66  76   1   0  11 0.36  0.0    0  0.4 14 250   M    M   5 123    27 260
 6  76  66  71  -4   0   6 0.29  0.0    0  0.3  9 260   M    M  10 123    15 250
 7  77  67  72  -3   0   7 0.01  0.0    0  1.2  8 320   M    M   9 128    10 320
 8  83  66  75   0   0  10 0.00  0.0    0  1.1  7 310   M    M   6 12     11 320
 9  84  67  76   1   0  11 0.00  0.0    0  0.6  6 300   M    M   1 1       7 310
10  84  70  77   2   0  12 0.54  0.0    0  1.6  9 320   M    M   5 123    19 250
11  83  69  76   1   0  11 0.01  0.0    0  4.2 13 310   M    M   6 128    17 300
12  81  64  73  -2   0   8 0.00  0.0    0  2.3 10 320   M    M   1        15 330
13  80  59  70  -5   0   5 0.00  0.0    0  0.4  6 270   M    M   1        11 150
14  84  62  73  -2   0   8 0.00  0.0    0  0.4  7 300   M    M   0        10 300
15  85  64  75   0   0  10 0.25  0.0    0  1.1  7 300   M    M   2 123    11 150
16  86  65  76   1   0  11 0.00  0.0    0  0.6  7 310   M    M   0 1      11 310
17  84  68  76   1   0  11 0.87  0.0    0  0.6  9 290   M    M   4 123    14 270
18  82  68  75   0   0  10 0.71  0.0    0  0.5  6 160   M    M   6 12     11 150
19  83  70  77   2   0  12 0.10  0.0    0  0.8  9 160   M    M   6 138    14 140
20  79  63  71  -4   0   6 0.17  0.0    0  3.1 12 300   M    M   6 1      18 270
21  78  58  68  -6   0   3 0.00  0.0    0  0.9  6  60   M    M   2         9  80
22  82  59  71  -3   0   6 0.00  0.0    0  0.9  6 280   M    M   0         9 140
23  85  65  75   1   0  10 0.03  0.0    0  1.3  8 310   M    M   5 1      12 300
24  80  62  71  -3   0   6 0.01  0.0    0  3.1 10 300   M    M   4        13 260
25  76  56  66  -8   0   1 0.00  0.0    0  2.3  9 320   M    M   4        14 300
26  75  57  66  -8   0   1 0.00  0.0    0  0.5  6 320   M    M   5        10  40
27  75  56  66  -8   0   1 0.00  0.0    0  0.5  7 130   M    M   1        10  70
28  83  58  71  -3   0   6 0.00  0.0    0  1.0  6 310   M    M   1         9 270
29  84  65  75   2   0  10 0.00  0.0    0  1.6  7 160   M    M   1        11 160
================================================================================
SM 2377 1839         0 230  5.02     0.0  37.7          M       96
================================================================================
AV 82.0 63.4                               1.3 FASTST   M    M   3    MAX(MPH)
                                 MISC ---->  # 21 340               # 32  330
================================================================================
NOTES:
# LAST OF SEVERAL OCCURRENCES

COLUMN 17 PEAK WIND IN M.P.H.

PRELIMINARY LOCAL CLIMATOLOGICAL DATA (WS FORM: F-6) , PAGE 2

                                          STATION:  JACKSON KY
                                          MONTH:    AUGUST
                                          YEAR:     2015
                                          LATITUDE:   37 35 N
                                          LONGITUDE:  83 19 W

[TEMPERATURE DATA]      [PRECIPITATION DATA]       SYMBOLS USED IN COLUMN 16

AVERAGE MONTHLY: 72.7   TOTAL FOR MONTH:   5.02    1 = FOG OR MIST
DPTR FM NORMAL:  -2.0   DPTR FM NORMAL:    1.53    2 = FOG REDUCING VISIBILITY
HIGHEST:    87 ON  3    GRTST 24HR  1.67 ON  3- 4      TO 1/4 MILE OR LESS
LOWEST:     56 ON 27,25                            3 = THUNDER
                        SNOW, ICE PELLETS, HAIL    4 = ICE PELLETS
                        TOTAL MONTH:   0.0 INCH    5 = HAIL
                        GRTST 24HR     0.0         6 = FREEZING RAIN OR DRIZZLE
                        GRTST DEPTH:   0           7 = DUSTSTORM OR SANDSTORM:
                                                       VSBY 1/2 MILE OR LESS
                                                   8 = SMOKE OR HAZE
[NO. OF DAYS WITH]      [WEATHER - DAYS WITH]      9 = BLOWING SNOW
                                                   X = TORNADO
MAX 32 OR BELOW:   0    0.01 INCH OR MORE:  14
MAX 90 OR ABOVE:   0    0.10 INCH OR MORE:  10
MIN 32 OR BELOW:   0    0.50 INCH OR MORE:   4
MIN  0 OR BELOW:   0    1.00 INCH OR MORE:   1

[HDD (BASE 65) ]
TOTAL THIS MO.     0    CLEAR  (SCALE 0-3)  15
DPTR FM NORMAL     0    PTCLDY (SCALE 4-7)  12
TOTAL FM JUL 1     0    CLOUDY (SCALE 8-10)  2
DPTR FM NORMAL     0

[CDD (BASE 65) ]
TOTAL THIS MO.   230
DPTR FM NORMAL   -51    [PRESSURE DATA]
TOTAL FM JAN 1  1033    HIGHEST SLP M ON M
DPTR FM NORMAL    72    LOWEST  SLP 29.80 ON M

[REMARKS]
