000
CXUS53 KBIS 220729
CF6JMS
PRELIMINARY LOCAL CLIMATOLOGICAL DATA (WS FORM: F-6)

                                          STATION:   JAMESTOWN ND
                                          MONTH:     MAY
                                          YEAR:      2015
                                          LATITUDE:   46 55 N
                                          LONGITUDE:  98 40 W

  TEMPERATURE IN F:       :PCPN:    SNOW:  WIND      :SUNSHINE: SKY     :PK WND
================================================================================
1   2   3   4   5  6A  6B    7    8   9   10  11  12  13   14  15   16   17  18
                                     12Z  AVG MX 2MIN
DY MAX MIN AVG DEP HDD CDD  WTR  SNW DPTH SPD SPD DIR MIN PSBL S-S WX    SPD DR
================================================================================

 1  76  40  58   8   7   0 0.00    M    M  6.3 18 210   M    M   0        24 240
 2  86  40  63  13   2   0    T    M    M 12.7 39 240   M    M   0 3      50 250
 3  68  40  54   3  11   0    T    M    M 16.5 31 350   M    M   3 8      39 340
 4  69  31  50  -1  15   0 0.00    M    M  5.4 13 130   M    M   0 8      18 140
 5  78  43  61  10   4   0 0.00    M    M 15.3 26 150   M    M   2        35 150
 6  63  56  60   8   5   0 0.33    M    M 14.1 22 130   M    M   9 13     28 120
 7  59  44  52   0  13   0 0.23    M    M 16.0 31 330   M    M  10 1      39 320
 8  46  36  41 -11  24   0 0.00    M    M 10.5 18  10   M    M   9 1      22  10
 9  47  33  40 -13  25   0 0.11    M    M 12.4 21  50   M    M   9        27  40
10  41  33  37 -16  28   0 0.95    M    M 21.6 33  40   M    M  10 1      42  40
11  46  33  40 -14  25   0 0.51    M    M 20.8 38 360   M    M   7 1      46 360
12  56  31  44 -10  21   0 0.03    M    M  8.7 18  80   M    M   3 18     24  80
13  60  44  52  -2  13   0 0.03    M    M 18.1 28 110   M    M   6        37 120
14  56  47  52  -3  13   0 0.68    M    M 12.8 35 170   M    M  10 1      44 170
15  62  45  54  -1  11   0 0.00    M    M  8.3 16 330   M    M   8 1      19 340
16  64  52  58   3   7   0 2.82    M    M 14.6 33 180   M    M  10 13     61 190
17  62  33  48  -8  17   0 2.60    M    M 22.9 39 340   M    M  10 123    48 330
18  43  32  38 -18  27   0    T    M    M 22.4 37 340   M    M  10 1      45 340
19  55  28  42 -14  23   0 0.00    M    M  4.9 13 360   M    M   0        16  20
20  69  36  53  -4  12   0 0.00    M    M  8.8 18 300   M    M   1        26 320
21  71  42  57   0   8   0 0.00    M    M  6.6 15 300   M    M   1        19 280
================================================================================
SM 1277  819       311   0  8.29    M    279.7          M      118
================================================================================
AV 60.8 39.0                              13.3 FASTST   M    M   6    MAX(MPH)
                                 MISC ---->  # 39 240               # 61  190
================================================================================
NOTES:
# LAST OF SEVERAL OCCURRENCES

COLUMN 17 PEAK WIND IN M.P.H.

PRELIMINARY LOCAL CLIMATOLOGICAL DATA (WS FORM: F-6) , PAGE 2

                                          STATION:  JAMESTOWN ND
                                          MONTH:    MAY
                                          YEAR:     2015
                                          LATITUDE:   46 55 N
                                          LONGITUDE:  98 40 W

[TEMPERATURE DATA]      [PRECIPITATION DATA]       SYMBOLS USED IN COLUMN 16

AVERAGE MONTHLY: 49.9   TOTAL FOR MONTH:   8.29    1 = FOG OR MIST
DPTR FM NORMAL:  -3.6   DPTR FM NORMAL:    6.55    2 = FOG REDUCING VISIBILITY
HIGHEST:    86 ON  2    GRTST 24HR  5.25 ON 16-17      TO 1/4 MILE OR LESS
LOWEST:     28 ON 19                               3 = THUNDER
                        SNOW, ICE PELLETS, HAIL    4 = ICE PELLETS
                        TOTAL MONTH:    M          5 = HAIL
                        GRTST 24HR    M  ON   M    6 = FREEZING RAIN OR DRIZZLE
                        GRTST DEPTH:  M  ON   M    7 = DUSTSTORM OR SANDSTORM:
                                                       VSBY 1/2 MILE OR LESS
                                                   8 = SMOKE OR HAZE
[NO. OF DAYS WITH]      [WEATHER - DAYS WITH]      9 = BLOWING SNOW
                                                   X = TORNADO
MAX 32 OR BELOW:   0    0.01 INCH OR MORE:  10
MAX 90 OR ABOVE:   0    0.10 INCH OR MORE:   8
MIN 32 OR BELOW:   4    0.50 INCH OR MORE:   5
MIN  0 OR BELOW:   0    1.00 INCH OR MORE:   2

[HDD (BASE 65) ]
TOTAL THIS MO.   311    CLEAR  (SCALE 0-3)   8
DPTR FM NORMAL    59    PTCLDY (SCALE 4-7)   4
TOTAL FM JUL 1  8635    CLOUDY (SCALE 8-10)  9
DPTR FM NORMAL  -211

[CDD (BASE 65) ]
TOTAL THIS MO.     0
DPTR FM NORMAL   -10    [PRESSURE DATA]
TOTAL FM JAN 1     0    HIGHEST SLP M ON M
DPTR FM NORMAL   -12    LOWEST  SLP 29.56 ON 16

[REMARKS]
