000
CXUS55 KCTP 231131
CF6JST
PRELIMINARY LOCAL CLIMATOLOGICAL DATA (WS FORM: F-6)

                                          STATION:   JOHNSTOWN
                                          MONTH:     APRIL
                                          YEAR:      2014
                                          LATITUDE:   40 18 N
                                          LONGITUDE:  78 50 W

  TEMPERATURE IN F:       :PCPN:    SNOW:  WIND      :SUNSHINE: SKY     :PK WND
================================================================================
1   2   3   4   5  6A  6B    7    8   9   10  11  12  13   14  15   16   17  18
                                     12Z  AVG MX 2MIN
DY MAX MIN AVG DEP HDD CDD  WTR  SNW DPTH SPD SPD DIR MIN PSBL S-S WX    SPD DR
================================================================================

 1  69  36  53  11  12   0 0.00    M    M 10.0 26 250   M    M   1        37 250
 2  58  41  50   8  15   0 0.46    M    M  7.1 17 290   M    M   7 1      27 270
 3  55  41  48   6  17   0 0.48    M    0  6.4 16 160   M    M   8 1      21 160
 4  50  42  46   3  19   0 0.44    M    M 11.0 28 270   M    M  10 13     41 280
 5  42  29  36  -7  29   0    T    M    0 16.6 32 280   M    M   8        41 280
 6  51  26  39  -5  26   0 0.00  0.0    0  5.8 14 160   M    M   0        19 120
 7  42  34  38  -6  27   0 0.09    M    0 11.6 21 150   M    M   7 1      30 130
 8  50  39  45   1  20   0    T    M    0 15.6 33 250   M    M   7 12     45 260
 9  53  36  45   0  20   0 0.00  0.0    0 10.8 25 290   M    M   3        30 330
10  65  36  51   6  14   0 0.00  0.0    0 12.1 24 190   M    M   1        32 190
11  62  46  54   8  11   0 0.19    M    0 11.1 33 260   M    M   9 1      43 280
12  67  39  53   7  12   0 0.00  0.0    0  9.3 18 150   M    M   1 1      26 180
13  79  58  69  23   0   4 0.00  0.0    0 13.5 23 230   M    M   1        32 220
14  71  57  64  17   1   0 0.08  0.0    0 12.9 31 270   M    M   5        42 270
15  60  22  41  -6  24   0 0.20    M    0 19.3 29 310   M    M  10 1      41 300
16  39  18  29 -19  36   0 0.00  0.0    0  8.4 20 330   M    M   1        27 350
17  51  28  40  -8  25   0 0.00  0.0    0 11.5 20 170   M    M   0        29 170
18  61  30  46  -2  19   0 0.00  0.0    0  5.9 14 150   M    M   0        17 150
19  59  41  50   1  15   0 0.00    M    M  6.3 15 360   M    M   0        20  10
20  63  38  51   2  14   0 0.00    M    M  9.2 15 150   M    M   0        20 140
21  75  41  58   9   7   0 0.00    M    M  5.9 13 270   M    M   0        17 270
22  62  40  51   1  14   0 0.44    M    0 11.7 28 300   M    M   5 1238   37 280
================================================================================
SM 1284  818       377   4  2.38     0.0 232.0          M       84
================================================================================
AV 58.4 37.2                              10.5 FASTST   M    M   4    MAX(MPH)
                                 MISC ---->  # 33 250               # 45  260
================================================================================
NOTES:
# LAST OF SEVERAL OCCURRENCES

COLUMN 17 PEAK WIND IN M.P.H.

PRELIMINARY LOCAL CLIMATOLOGICAL DATA (WS FORM: F-6) , PAGE 2

                                          STATION:  JOHNSTOWN
                                          MONTH:    APRIL
                                          YEAR:     2014
                                          LATITUDE:   40 18 N
                                          LONGITUDE:  78 50 W

[TEMPERATURE DATA]      [PRECIPITATION DATA]       SYMBOLS USED IN COLUMN 16

AVERAGE MONTHLY: 47.8   TOTAL FOR MONTH:   2.38    1 = FOG OR MIST
DPTR FM NORMAL:   2.0   DPTR FM NORMAL:   -0.33    2 = FOG REDUCING VISIBILITY
HIGHEST:    79 ON 13    GRTST 24HR  0.69 ON  3- 4      TO 1/4 MILE OR LESS
LOWEST:     18 ON 16                               3 = THUNDER
                        SNOW, ICE PELLETS, HAIL    4 = ICE PELLETS
                        TOTAL MONTH:   0.0 INCH    5 = HAIL
                        GRTST 24HR     0.0         6 = FREEZING RAIN OR DRIZZLE
                        GRTST DEPTH:   0           7 = DUSTSTORM OR SANDSTORM:
                                                       VSBY 1/2 MILE OR LESS
                                                   8 = SMOKE OR HAZE
[NO. OF DAYS WITH]      [WEATHER - DAYS WITH]      9 = BLOWING SNOW
                                                   X = TORNADO
MAX 32 OR BELOW:   0    0.01 INCH OR MORE:   8
MAX 90 OR ABOVE:   0    0.10 INCH OR MORE:   6
MIN 32 OR BELOW:   6    0.50 INCH OR MORE:   0
MIN  0 OR BELOW:   0    1.00 INCH OR MORE:   0

[HDD (BASE 65) ]
TOTAL THIS MO.   377    CLEAR  (SCALE 0-3)  12
DPTR FM NORMAL   -50    PTCLDY (SCALE 4-7)   6
TOTAL FM JUL 1  6801    CLOUDY (SCALE 8-10)  4
DPTR FM NORMAL   582

[CDD (BASE 65) ]
TOTAL THIS MO.     4
DPTR FM NORMAL     4    [PRESSURE DATA]
TOTAL FM JAN 1     4    HIGHEST SLP M ON M
DPTR FM NORMAL     4    LOWEST  SLP 29.40 ON  8

[REMARKS]
