000
CXUS53 KGRR 311017
CF6JXN
PRELIMINARY LOCAL CLIMATOLOGICAL DATA (WS FORM: F-6)

                                          STATION:   JACKSON MI
                                          MONTH:     MAY
                                          YEAR:      2016
                                          LATITUDE:   42 16 N
                                          LONGITUDE:  84 28 W

  TEMPERATURE IN F:       :PCPN:    SNOW:  WIND      :SUNSHINE: SKY     :PK WND
================================================================================
1   2   3   4   5  6A  6B    7    8   9   10  11  12  13   14  15   16   17  18
                                     12Z  AVG MX 2MIN
DY MAX MIN AVG DEP HDD CDD  WTR  SNW DPTH SPD SPD DIR MIN PSBL S-S WX    SPD DR
================================================================================

 1  51  44  48  -5  17   0 0.12    M    M  8.1 16  60   M    M  10 1      20  40
 2  52  43  48  -6  17   0 0.10    M    M  5.0 13  40   M    M  10 18     16  50
 3  65  41  53  -1  12   0 0.01    M    M  5.2 14 270   M    M   5 12     17 270
 4  54  42  48  -6  17   0 0.10    M    M  8.3 18 270   M    M   9 1      25 290
 5  66  44  55   1  10   0 0.01    M    M  9.5 20  30   M    M   4 1      26  20
 6  72  39  56   1   9   0 0.00    M    M  3.7 12 290   M    M   0        15 250
 7  73  47  60   5   5   0    T    M    M  8.9 20 340   M    M   1        25 320
 8  67  39  53  -2  12   0 0.00    M    M  7.0 21 270   M    M   2        28 260
 9  61  38  50  -6  15   0    T    M    M  7.8 16 140   M    M   5        20 130
10  54  47  51  -5  14   0 0.25    M    M 11.4 23 110   M    M   9 1      33 110
11  66  50  58   2   7   0 0.00    M    M  6.3 13  80   M    M   8 1      16  80
12  76  56  66  10   0   1 0.39    M    M  8.1 21 280   M    M   5 13     28 300
13  64  50  57   0   8   0 0.17    M    M 10.3 20 250   M    M   5 1      27 280
14  53  39  46 -11  19   0 0.49    M    M 14.0 31 300   M    M  10 1      41 320
15  48  34  41 -16  24   0    T    M    M 10.9 24 300   M    M   7        31 280
16  67  37  52  -6  13   0    T    M    M 12.4 25 210   M    M   3        33 230
17  64  50  57  -1   8   0 0.02    M    M  4.9 13 140   M    M   8        16 170
18  65  40  53  -5  12   0 0.00    M    M  4.9 14  60   M    M   1        19  50
19  71  39  55  -4  10   0 0.00    M    M  3.7 10 320   M    M   1        13 320
20  70  44  57  -2   8   0 0.00    M    M  5.3 15 100   M    M   0        19 100
21  73  51  62   3   3   0 0.00    M    M  6.7 16  30   M    M   3        22  30
22  71  49  60   0   5   0 0.00    M    M  6.2 18  10   M    M   3        24  10
23  77  39  58  -2   7   0    T    M    M  2.6 12 150   M    M   0        17 200
24  84  46  65   5   0   0 0.00    M    M  6.2 16 200   M    M   0 8      21 190
25  84  63  74  14   0   9 0.00    M    M  8.7 18 170   M    M   1 8      23 180
26  84  63  74  13   0   9 0.01    M    M  8.4 16 200   M    M   2        21 190
27  82  61  72  11   0   7 0.00    M    M  5.9 16 190   M    M   0        22 200
28  85  67  76  14   0  11 0.02    M    M 10.2 20 190   M    M   3 1      29 190
29  85  60  73  11   0   8 0.02    M    M 10.1 23 230   M    M   1        31 220
30  82  58  70   8   0   5 0.00    M    M  5.0 15 310   M    M   1        19 290
================================================================================
SM 2066 1420       252  50  1.71    M    225.7          M      117
================================================================================
AV 68.9 47.3                               7.5 FASTST   M    M   4    MAX(MPH)
                                 MISC ---->  # 31 300               # 41  320
================================================================================
NOTES:
# LAST OF SEVERAL OCCURRENCES

COLUMN 17 PEAK WIND IN M.P.H.

PRELIMINARY LOCAL CLIMATOLOGICAL DATA (WS FORM: F-6) , PAGE 2

                                          STATION:  JACKSON MI
                                          MONTH:    MAY
                                          YEAR:     2016
                                          LATITUDE:   42 16 N
                                          LONGITUDE:  84 28 W

[TEMPERATURE DATA]      [PRECIPITATION DATA]       SYMBOLS USED IN COLUMN 16

AVERAGE MONTHLY: 58.1   TOTAL FOR MONTH:   1.71    1 = FOG OR MIST
DPTR FM NORMAL:   0.5   DPTR FM NORMAL:   -1.49    2 = FOG REDUCING VISIBILITY
HIGHEST:    85 ON 29,28 GRTST 24HR  0.92 ON 30- 1      TO 1/4 MILE OR LESS
LOWEST:     34 ON 15                               3 = THUNDER
                        SNOW, ICE PELLETS, HAIL    4 = ICE PELLETS
                        TOTAL MONTH:    M          5 = HAIL
                        GRTST 24HR    M  ON   M    6 = FREEZING RAIN OR DRIZZLE
                        GRTST DEPTH:  M  ON   M    7 = DUSTSTORM OR SANDSTORM:
                                                       VSBY 1/2 MILE OR LESS
                                                   8 = SMOKE OR HAZE
[NO. OF DAYS WITH]      [WEATHER - DAYS WITH]      9 = BLOWING SNOW
                                                   X = TORNADO
MAX 32 OR BELOW:   0    0.01 INCH OR MORE:  13
MAX 90 OR ABOVE:   0    0.10 INCH OR MORE:   7
MIN 32 OR BELOW:   0    0.50 INCH OR MORE:   0
MIN  0 OR BELOW:   0    1.00 INCH OR MORE:   0

[HDD (BASE 65) ]
TOTAL THIS MO.   252    CLEAR  (SCALE 0-3)  15
DPTR FM NORMAL    -1    PTCLDY (SCALE 4-7)   9
TOTAL FM JUL 1  5640    CLOUDY (SCALE 8-10)  6
DPTR FM NORMAL  -959

[CDD (BASE 65) ]
TOTAL THIS MO.    50
DPTR FM NORMAL    20    [PRESSURE DATA]
TOTAL FM JAN 1    50    HIGHEST SLP M ON M
DPTR FM NORMAL    14    LOWEST  SLP 29.56 ON  4

[REMARKS]
