000
CXUS53 KGID 280730
CF6K82
PRELIMINARY LOCAL CLIMATOLOGICAL DATA (WS FORM: F-6)

                                          STATION:   SMITH CENTER
                                          MONTH:     SEPTEMBER
                                          YEAR:      2014
                                          LATITUDE:   39 45 N
                                          LONGITUDE:  98 48 W

  TEMPERATURE IN F:       :PCPN:    SNOW:  WIND      :SUNSHINE: SKY     :PK WND
================================================================================
1   2   3   4   5  6A  6B    7    8   9   10  11  12  13   14  15   16   17  18
                                     12Z  AVG MX 2MIN
DY MAX MIN AVG DEP HDD CDD  WTR  SNW DPTH SPD SPD DIR MIN PSBL S-S WX    SPD DR
================================================================================

 1   M   M   M   M   M   M    M    M    M   M   M   M   M    M   M 4       M  M
 2   M   M   M   M   M   M    M    M    M   M   M   M   M    M   M 4       M  M
 3  93  64  79   6   0  14    M    M    M   M   M   M   M    M   M         M  M
 4  97  68  83  10   0  18    M    M    M   M   M   M   M    M   M         M  M
 5  68  52  60 -13   5   0    M    M    M   M   M   M   M    M   M         M  M
 6  72  46  59 -13   6   0    M    M    M   M   M   M   M    M   M         M  M
 7  79  48  64  -8   1   0    M    M    M   M   M   M   M    M   M         M  M
 8  91  57  74   2   0   9    M    M    M   M   M   M   M    M   M         M  M
 9  95  66  81  10   0  16    M    M    M   M   M   M   M    M   M         M  M
10  70  50  60 -11   5   0    M    M    M   M   M   M   M    M   M         M  M
11  54  46  50 -20  15   0    M    M    M   M   M   M   M    M   M         M  M
12  52  36  44 -26  21   0    M    M    M 12.7 13 350   M    M  10        18 350
13  59  32  46 -24  19   0    M    M    M  4.6  5 100   M    M   0         M  M
14  72  41  57 -12   8   0    M    M    M 17.3 17 140   M    M   0         M  M
15  70  46  58 -11   7   0    M    M    M 12.7 16  20   M    M   0        24  20
16  72  41  57 -11   8   0    M    M    M   M   M   M   M    M   M         M  M
17  82  52  67  -1   0   2    M    M    M   M   M   M   M    M   M         M  M
18  84  60  72   5   0   7    M    M    M   M   M   M   M    M   M         M  M
19  91  61  76   9   0  11    M    M    M   M   M   M   M    M   M         M  M
20  88  61  75   9   0  10    M    M    M   M   M   M   M    M   M         M  M
21  79  48  64  -2   1   0    M    M    M  6.9  8  60   M    M   0         M  M
22  77  46  62  -4   3   0    M    M    M 11.1 15 130   M    M   2 1      17 150
23  73  54  64  -1   1   0    M    M    M 13.0 18 110   M    M   7        27 110
24   M  55   M   M   M   M    M    M    M 11.1 14 170   M    M   0         M  M
25  88   M   M   M   M   M    M    M    M  5.5  7 140   M    M   0         M  M
26   M   M   M   M   M   M    M    M    M   M   M   M   M    M   M         M  M
27  84  55  70   7   0   5    M    M    M   M   M   M   M    M   M         M  M
================================================================================
SM 1790 1185       100  92    M     M     94.9          M       19
================================================================================
AV 77.8 51.5                              10.5 FASTST   M    M   2    MAX(MPH)
                                 MISC ---->    18   M               # 27  110
================================================================================
NOTES:
# LAST OF SEVERAL OCCURRENCES

COLUMN 17 PEAK WIND IN M.P.H.

PRELIMINARY LOCAL CLIMATOLOGICAL DATA (WS FORM: F-6) , PAGE 2

                                          STATION:  SMITH CENTER
                                          MONTH:    SEPTEMBER
                                          YEAR:     2014
                                          LATITUDE:   39 45 N
                                          LONGITUDE:  98 48 W

[TEMPERATURE DATA]      [PRECIPITATION DATA]       SYMBOLS USED IN COLUMN 16

AVERAGE MONTHLY: 64.7   TOTAL FOR MONTH:      M    1 = FOG OR MIST
DPTR FM NORMAL:  -4.3   DPTR FM NORMAL:       M    2 = FOG REDUCING VISIBILITY
HIGHEST:    97 ON  4    GRTST 24HR    M  ON   M        TO 1/4 MILE OR LESS
LOWEST:     32 ON 13                               3 = THUNDER
                        SNOW, ICE PELLETS, HAIL    4 = ICE PELLETS
                        TOTAL MONTH:    M          5 = HAIL
                        GRTST 24HR    M  ON   M    6 = FREEZING RAIN OR DRIZZLE
                        GRTST DEPTH:  M  ON   M    7 = DUSTSTORM OR SANDSTORM:
                                                       VSBY 1/2 MILE OR LESS
                                                   8 = SMOKE OR HAZE
[NO. OF DAYS WITH]      [WEATHER - DAYS WITH]      9 = BLOWING SNOW
                                                   X = TORNADO
MAX 32 OR BELOW:   0    0.01 INCH OR MORE:   0
MAX 90 OR ABOVE:   5    0.10 INCH OR MORE:   0
MIN 32 OR BELOW:   1    0.50 INCH OR MORE:   0
MIN  0 OR BELOW:   0    1.00 INCH OR MORE:   0

[HDD (BASE 65) ]
TOTAL THIS MO.   100    CLEAR  (SCALE 0-3)   7
DPTR FM NORMAL    48    PTCLDY (SCALE 4-7)   1
TOTAL FM JUL 1   104    CLOUDY (SCALE 8-10)  1
DPTR FM NORMAL    49

[CDD (BASE 65) ]
TOTAL THIS MO.    92
DPTR FM NORMAL   -67    [PRESSURE DATA]
TOTAL FM JAN 1  1008    HIGHEST SLP M ON M
DPTR FM NORMAL  -366    LOWEST  SLP M ON M

[REMARKS]
