000
CXUS53 KIND 180730
CF6LAF
PRELIMINARY LOCAL CLIMATOLOGICAL DATA (WS FORM: F-6)

                                          STATION:   LAFAYETTE IN
                                          MONTH:     AUGUST
                                          YEAR:      2017
                                          LATITUDE:   40 25 N
                                          LONGITUDE:  86 56 W

  TEMPERATURE IN F:       :PCPN:    SNOW:  WIND      :SUNSHINE: SKY     :PK WND
================================================================================
1   2   3   4   5  6A  6B    7    8   9   10  11  12  13   14  15   16   17  18
                                     12Z  AVG MX 2MIN
DY MAX MIN AVG DEP HDD CDD  WTR  SNW DPTH SPD SPD DIR MIN PSBL S-S WX    SPD DR
================================================================================

 1  84  65  75   1   0  10 0.08    M    M  2.3 14 300   M    M   3 13     17 290
 2  84  61  73  -1   0   8 0.00    M    M  2.7  9 260   M    M   1 1      11 260
 3  84  63  74   0   0   9 0.50    M    M  5.7 29 310   M    M   2 138    48 320
 4  68  55  62 -12   3   0 0.21    M    M  9.9 20 280   M    M   6 13     29 280
 5  77  52  65  -9   0   0 0.00    M    M  4.2 12 240   M    M   1 1      14 280
 6  70  57  64 -10   1   0    T    M    M  3.7  9 110   M    M   7        11 110
 7  76  60  68  -6   0   3 0.00    M    M  5.3 12  60   M    M   5        16  40
 8  79  50  65  -9   0   0 0.00    M    M  2.3 10 360   M    M   1        13  30
 9  80  54  67  -7   0   2 0.00    M    M  1.9 10 120   M    M   2 12     15 110
10  83  55  69  -5   0   4 0.00    M    M  3.0 12 230   M    M   1        13 230
11  81  61  71  -3   0   6 0.00    M    M  5.3 14 270   M    M   3        18 220
12  77  55  66  -8   0   1 0.00    M    M  5.4 15 340   M    M   2 1      19 320
13  79  51  65  -9   0   0 0.00    M    M  2.0  9 150   M    M   1 12     17 180
14  83  58  71  -3   0   6 0.00    M    M  2.3 12 190   M    M   3 1      14 190
15  86  62  74   0   0   9 0.00    M    M  2.6 10 290   M    M   3 1      15 280
16  87  64  76   2   0  11 0.00    M    M  4.0 13 180   M    M   2 1      17 150
17  84  68  76   2   0  11 0.10    M    M  7.9 18 260   M    M   6 1      27 260
================================================================================
SM 1362  991         4  80  0.89    M     70.5          M       49
================================================================================
AV 80.1 58.3                               4.1 FASTST   M    M   3    MAX(MPH)
                                 MISC ---->  # 29 310               # 48  320
================================================================================
NOTES:
# LAST OF SEVERAL OCCURRENCES

COLUMN 17 PEAK WIND IN M.P.H.

PRELIMINARY LOCAL CLIMATOLOGICAL DATA (WS FORM: F-6) , PAGE 2

                                          STATION:  LAFAYETTE IN
                                          MONTH:    AUGUST
                                          YEAR:     2017
                                          LATITUDE:   40 25 N
                                          LONGITUDE:  86 56 W

[TEMPERATURE DATA]      [PRECIPITATION DATA]       SYMBOLS USED IN COLUMN 16

AVERAGE MONTHLY: 69.2   TOTAL FOR MONTH:   0.89    1 = FOG OR MIST
DPTR FM NORMAL:  -4.8   DPTR FM NORMAL:   -0.97    2 = FOG REDUCING VISIBILITY
HIGHEST:    87 ON 16    GRTST 24HR  0.50 ON  3- 3      TO 1/4 MILE OR LESS
LOWEST:     50 ON  8                               3 = THUNDER
                        SNOW, ICE PELLETS, HAIL    4 = ICE PELLETS
                        TOTAL MONTH:    M          5 = HAIL
                        GRTST 24HR    M  ON   M    6 = FREEZING RAIN OR DRIZZLE
                        GRTST DEPTH:  M  ON   M    7 = DUSTSTORM OR SANDSTORM:
                                                       VSBY 1/2 MILE OR LESS
                                                   8 = SMOKE OR HAZE
[NO. OF DAYS WITH]      [WEATHER - DAYS WITH]      9 = BLOWING SNOW
                                                   X = TORNADO
MAX 32 OR BELOW:   0    0.01 INCH OR MORE:   4
MAX 90 OR ABOVE:   0    0.10 INCH OR MORE:   3
MIN 32 OR BELOW:   0    0.50 INCH OR MORE:   1
MIN  0 OR BELOW:   0    1.00 INCH OR MORE:   0

[HDD (BASE 65) ]
TOTAL THIS MO.     4    CLEAR  (SCALE 0-3)  12
DPTR FM NORMAL     4    PTCLDY (SCALE 4-7)   5
TOTAL FM JUL 1     4    CLOUDY (SCALE 8-10)  0
DPTR FM NORMAL     3

[CDD (BASE 65) ]
TOTAL THIS MO.    80
DPTR FM NORMAL   -73    [PRESSURE DATA]
TOTAL FM JAN 1   614    HIGHEST SLP M ON M
DPTR FM NORMAL  -130    LOWEST  SLP 29.80 ON 17

[REMARKS]
