000
CXUS55 KTBW 301333
CF6LAL
PRELIMINARY LOCAL CLIMATOLOGICAL DATA (WS FORM: F-6)

                                          STATION:   Lakeland Linder
                                          MONTH:     JUNE
                                          YEAR:      2015
                                          LATITUDE:   28  0 N
                                          LONGITUDE:  82  3 W

  TEMPERATURE IN F:       :PCPN:    SNOW:  WIND      :SUNSHINE: SKY     :PK WND
================================================================================
1   2   3   4   5  6A  6B    7    8   9   10  11  12  13   14  15   16   17  18
                                     12Z  AVG MX 2MIN
DY MAX MIN AVG DEP HDD CDD  WTR  SNW DPTH SPD SPD DIR MIN PSBL S-S WX    SPD DR
================================================================================

 1  94  72  83   2   0  18 0.00  0.0    0  5.6 25  40   M    M   5         M  M
 2  93  69  81   0   0  16 5.37  0.0    0  2.8 13 260   M    M   7 13     20 260
 3  89  69  79  -3   0  14 0.12  0.0    0  5.9 10  90   M    M   7 1       M  M
 4  92  70  81  -1   0  16 0.00  0.0    0  4.3 10 110   M    M   2         M  M
 5  92  73  83   1   0  18 0.00  0.0    0  4.4 18 330   M    M   3 3      27 330
 6  86  68  77  -5   0  12    M  0.0    0  2.0 15  40   M    M   5 3       M  M
 7  92  71  82   0   0  17 0.00  0.0    0  4.5 13 100   M    M   2        18 100
 8  93  72  83   1   0  18 0.00  0.0    0  4.5 12 110   M    M   3         M  M
 9  92  72  82   0   0  17 0.00  0.0    0  5.0 13 200   M    M   3         M  M
10  95  71  83   1   0  18 2.01  0.0    0  4.3 18 230   M    M   5 3      24 230
11  87  72  80  -2   0  15 0.07  0.0    0  4.2 10 140   M    M   2         M  M
12  94  73  84   2   0  19 0.00  0.0    0  5.6 29 100   M    M   2        47 100
13  93  76  85   3   0  20 0.04  0.0    0  8.1 13  90   M    M   3        17 120
14  93  76  85   3   0  20 0.00  0.0    0  8.1 15 100   M    M   3        21 100
15  94  76  85   2   0  20 0.00  0.0    0  4.9 12 120   M    M   4        17 120
16  95  76  86   3   0  21 0.00  0.0    0  2.5  8 140   M    M   3         M  M
17  95  76  86   3   0  21 0.00  0.0    0  4.1  8 110   M    M   4         M  M
18  96  77  87   4   0  22 0.00  0.0    0  3.1 14 250   M    M   3 3      22 250
19  96  76  86   3   0  21 0.01  0.0    0  2.5 12 220   M    M   4 3      18 310
20  94  75  85   2   0  20 0.07  0.0    0  1.7 14  20   M    M   4 3      25  20
21  96  74  85   2   0  20    T  0.0    0  2.0 14 240   M    M   3 3      29 240
22  94  78  86   3   0  21 0.20  0.0    0  2.5 16 110   M    M   5 3      21 110
23  96  71  84   1   0  19 1.40  0.0    0  3.7 20  40   M    M   4 3       M  M
24  94  73  84   1   0  19 0.10  0.0    0  2.6 15 220   M    M   4 3      23 220
25  95  74  85   2   0  20 1.14  0.0    0  3.2 12 180   M    M   4 3      23  90
26  92  72  82  -1   0  17 0.00  0.0    0  2.3  9 340   M    M   2         M  M
27  96  77  87   4   0  22 0.01  0.0    0  5.2 13 260   M    M   3 3      18 210
28  93  75  84   1   0  19 0.04  0.0    0  5.4 15 270   M    M   3        21 270
29  93  74  84   1   0  19 0.32  0.0    0  3.6 18 310   M    M   2 3      37 310
================================================================================
SM 2704 2128         0 539 10.90     0.0 118.6          M      104
================================================================================
AV 93.2 73.4                               4.1 FASTST   M    M   4    MAX(MPH)
                                 MISC ---->    29   M                 47    M
================================================================================
NOTES:
# LAST OF SEVERAL OCCURRENCES

COLUMN 17 PEAK WIND IN M.P.H.

PRELIMINARY LOCAL CLIMATOLOGICAL DATA (WS FORM: F-6) , PAGE 2

                                          STATION:  Lakeland Linder
                                          MONTH:    JUNE
                                          YEAR:     2015
                                          LATITUDE:   28  0 N
                                          LONGITUDE:  82  3 W

[TEMPERATURE DATA]      [PRECIPITATION DATA]       SYMBOLS USED IN COLUMN 16

AVERAGE MONTHLY: 83.3   TOTAL FOR MONTH:  10.90    1 = FOG OR MIST
DPTR FM NORMAL:   0.9   DPTR FM NORMAL:    2.50    2 = FOG REDUCING VISIBILITY
HIGHEST:    96 ON 27,23 GRTST 24HR  5.37 ON  2- 2      TO 1/4 MILE OR LESS
LOWEST:     68 ON  6                               3 = THUNDER
                        SNOW, ICE PELLETS, HAIL    4 = ICE PELLETS
                        TOTAL MONTH:   0.0 INCH    5 = HAIL
                        GRTST 24HR     0.0         6 = FREEZING RAIN OR DRIZZLE
                        GRTST DEPTH:   0           7 = DUSTSTORM OR SANDSTORM:
                                                       VSBY 1/2 MILE OR LESS
                                                   8 = SMOKE OR HAZE
[NO. OF DAYS WITH]      [WEATHER - DAYS WITH]      9 = BLOWING SNOW
                                                   X = TORNADO
MAX 32 OR BELOW:   0    0.01 INCH OR MORE:  14
MAX 90 OR ABOVE:  26    0.10 INCH OR MORE:   8
MIN 32 OR BELOW:   0    0.50 INCH OR MORE:   4
MIN  0 OR BELOW:   0    1.00 INCH OR MORE:   4

[HDD (BASE 65) ]
TOTAL THIS MO.     0    CLEAR  (SCALE 0-3)  13
DPTR FM NORMAL     0    PTCLDY (SCALE 4-7)  16
TOTAL FM JUL 1   547    CLOUDY (SCALE 8-10)  0
DPTR FM NORMAL   102

[CDD (BASE 65) ]
TOTAL THIS MO.   539
DPTR FM NORMAL    33    [PRESSURE DATA]
TOTAL FM JAN 1  1687    HIGHEST SLP M ON M
DPTR FM NORMAL   237    LOWEST  SLP M ON M

[REMARKS]
