000
CXUS53 KGRR 231017
CF6LAN
PRELIMINARY LOCAL CLIMATOLOGICAL DATA (WS FORM: F-6)

                                          STATION:   LANSING
                                          MONTH:     MAY
                                          YEAR:      2017
                                          LATITUDE:   42 46 N
                                          LONGITUDE:  84 36 W

  TEMPERATURE IN F:       :PCPN:    SNOW:  WIND      :SUNSHINE: SKY     :PK WND
================================================================================
1   2   3   4   5  6A  6B    7    8   9   10  11  12  13   14  15   16   17  18
                                     12Z  AVG MX 2MIN
DY MAX MIN AVG DEP HDD CDD  WTR  SNW DPTH SPD SPD DIR MIN PSBL S-S WX    SPD DR
================================================================================

 1  67  43  55   2  10   0 0.35  0.0    0 13.8 25 210   M    M   8 1238   33 200
 2  50  39  45  -8  20   0 0.14  0.0    0 17.6 30 260   M    M  10 1      39 260
 3  61  35  48  -6  17   0    T  0.0    0  5.3 12  60   M    M   0        18 360
 4  50  43  47  -7  18   0 0.35  0.0    0  9.8 18  30   M    M   8 1      25  30
 5  58  41  50  -4  15   0 0.00  0.0    0 13.3 29  40   M    M   5        39  30
 6  61  38  50  -4  15   0 0.00  0.0    0 11.5 20 340   M    M   2        28 320
 7  56  33  45 -10  20   0 0.00  0.0    0 11.1 21 310   M    M   0        33 290
 8  59  28  44 -11  21   0 0.00  0.0    0  8.1 18 290   M    M   0        23 290
 9  66  29  48  -8  17   0 0.00  0.0    0  3.1  9 180   M    M   2        12 240
10  70  46  58   2   7   0 0.11  0.0    0  8.8 17 120   M    M   5        20 110
11  66  47  57   1   8   0 0.04  0.0    0  8.2 18  70   M    M   5        22  60
12  69  41  55  -1  10   0 0.00  0.0    0  3.8 15  60   M    M   2        19  60
13  74  47  61   4   4   0 0.00  0.0    0  6.5 18 280   M    M   3        24 280
14  71  50  61   4   4   0 0.00  0.0    0  7.3 15 360   M    M   4        19  10
15  75  45  60   3   5   0 0.00  0.0    0  6.3 18 140   M    M   0        24 150
16  87  53  70  12   0   5 0.02  0.0    0 11.8 25 200   M    M   2 3      35 200
17  87  69  78  20   0  13 0.00  0.0    0 16.4 31 200   M    M   1        40 220
18  84  50  67   9   0   2 0.06  0.0    0 19.0 38 250   M    M   3 8      52 280
19  53  43  48 -11  17   0 0.06  0.0    0 10.3 22  50   M    M   9        27  60
20  65  45  55  -4  10   0 0.34  0.0    0 11.3 22 100   M    M   9 13     26 100
21  75  53  64   5   1   0 0.40  0.0    0 11.5 24 270   M    M   9 13     29 280
22  69  49  59  -1   6   0    T  0.0    0 13.9 28 270   M    M   6        38 260
================================================================================
SM 1473  967       225  20  1.87     0.0 228.7          M       93
================================================================================
AV 67.0 44.0                              10.4 FASTST   M    M   4    MAX(MPH)
                                 MISC ---->  # 38 250               # 52  280
================================================================================
NOTES:
# LAST OF SEVERAL OCCURRENCES

COLUMN 17 PEAK WIND IN M.P.H.

PRELIMINARY LOCAL CLIMATOLOGICAL DATA (WS FORM: F-6) , PAGE 2

                                          STATION:  LANSING
                                          MONTH:    MAY
                                          YEAR:     2017
                                          LATITUDE:   42 46 N
                                          LONGITUDE:  84 36 W

[TEMPERATURE DATA]      [PRECIPITATION DATA]       SYMBOLS USED IN COLUMN 16

AVERAGE MONTHLY: 55.5   TOTAL FOR MONTH:   1.87    1 = FOG OR MIST
DPTR FM NORMAL:  -0.8   DPTR FM NORMAL:   -0.46    2 = FOG REDUCING VISIBILITY
HIGHEST:    87 ON 17,16 GRTST 24HR  0.90 ON 30- 1      TO 1/4 MILE OR LESS
LOWEST:     28 ON  8                               3 = THUNDER
                        SNOW, ICE PELLETS, HAIL    4 = ICE PELLETS
                        TOTAL MONTH:   0.0 INCH    5 = HAIL
                        GRTST 24HR     0.0         6 = FREEZING RAIN OR DRIZZLE
                        GRTST DEPTH:   0           7 = DUSTSTORM OR SANDSTORM:
                                                       VSBY 1/2 MILE OR LESS
                                                   8 = SMOKE OR HAZE
[NO. OF DAYS WITH]      [WEATHER - DAYS WITH]      9 = BLOWING SNOW
                                                   X = TORNADO
MAX 32 OR BELOW:   0    0.01 INCH OR MORE:  10
MAX 90 OR ABOVE:   0    0.10 INCH OR MORE:   6
MIN 32 OR BELOW:   2    0.50 INCH OR MORE:   0
MIN  0 OR BELOW:   0    1.00 INCH OR MORE:   0

[HDD (BASE 65) ]
TOTAL THIS MO.   225    CLEAR  (SCALE 0-3)  11
DPTR FM NORMAL    16    PTCLDY (SCALE 4-7)   6
TOTAL FM JUL 1  5569    CLOUDY (SCALE 8-10)  5
DPTR FM NORMAL -1038

[CDD (BASE 65) ]
TOTAL THIS MO.    20
DPTR FM NORMAL     4    [PRESSURE DATA]
TOTAL FM JAN 1    28    HIGHEST SLP M ON M
DPTR FM NORMAL     5    LOWEST  SLP 29.40 ON  1

[REMARKS]
